{"id":1150,"date":"2018-08-01T22:40:57","date_gmt":"2018-08-02T02:40:57","guid":{"rendered":"http:\/\/m-a-i.qc.ca\/?post_type=rental&#038;p=1150"},"modified":"2025-03-26T12:16:24","modified_gmt":"2025-03-26T16:16:24","slug":"studio-223","status":"publish","type":"rental","link":"https:\/\/m-a-i.qc.ca\/en\/rental\/studio-223\/","title":{"rendered":"studio 223"},"content":{"rendered":"[vc_row][vc_column][vc_column_text]MAI studio 223 is available for short and long term rentals and is suitable for rehearsals, classes or dance workshops.<\/p>\n<p>Only <strong>dance shoes and barefoot are allowed<\/strong>.<\/p>\n<p>Food and drinks (other than water) are strictly <strong>prohibited<\/strong>.<\/p>\n<p>&nbsp;<\/p>\n<p style=\"text-align: center;\"><strong><a class=\"theme_button\" href=\"https:\/\/studio223.youcanbook.me\/\" target=\"_blank\" rel=\"noopener noreferrer\"> Reserve studio 223<\/a><\/strong><\/p>\n<p>&nbsp;<\/p>\n<h2>Usage and booking<\/h2>\n<p>To learn about <strong>MAI Studios Use Policy<\/strong> or to make an <strong>online reservation<\/strong>, <a href=\"http:\/\/m-a-i.qc.ca\/en\/studios\/\">click here<\/a>.<\/p>\n<p>To make a reservation by <strong>telephone<\/strong>, dial 514 982-1812 extension 221.<\/p>\n<p>To make a reservation by <strong>email<\/strong>, write to activites@m-a-i.qc.ca<\/p>\n<p>&nbsp;<\/p>\n<h2>2025-2026 Rates<\/h2>\n<p>$15\/ hour (before taxes).<\/p>\n<p>&nbsp;<\/p>\n<h2>Anti-harassment and nondiscrimination policy<\/h2>\n<p><strong>MAI (Montr\u00e9al, arts interculturels)<\/strong> is committed to creating a safe and inclusive environment, promoting relationships built on mutual respect, and ensuring that all employees, artists, clients, tenants, and individuals associated with MAI are free from discrimination, harassment, and fear of discrimination.<\/p>\n<p>When reserving a studio, please make sure to read the\u00a0<strong>MAI&#8217;s Anti-harassment and nondiscrimination policy<\/strong> <a href=\"http:\/\/m-a-i.qc.ca\/en\/studios\/\">through this link<\/a>.[\/vc_column_text][\/vc_column][\/vc_row]\n","protected":false},"author":4,"featured_media":1151,"template":"","meta":{"footnotes":""},"class_list":["post-1150","rental","type-rental","status-publish","has-post-thumbnail","hentry"],"acf":[],"yoast_head":"<!-- This site is optimized with the Yoast SEO plugin v19.13 - https:\/\/yoast.com\/wordpress\/plugins\/seo\/ -->\n<title>studio 223 &mdash; MAI | Montr\u00e9al, arts interculturels<\/title>\n<meta name=\"robots\" content=\"noindex, follow\" \/>\n<meta property=\"og:locale\" content=\"en_US\" \/>\n<meta property=\"og:type\" content=\"article\" \/>\n<meta property=\"og:title\" content=\"studio 223 &mdash; MAI | Montr\u00e9al, arts interculturels\" \/>\n<meta property=\"og:description\" content=\"[vc_row][vc_column][vc_column_text]MAI studio 223 is available for short and long term rentals and is suitable for rehearsals, classes or dance workshops. Only dance shoes and [&hellip;]\" \/>\n<meta property=\"og:url\" content=\"https:\/\/m-a-i.qc.ca\/en\/rental\/studio-223\/\" \/>\n<meta property=\"og:site_name\" content=\"MAI | Montr\u00e9al, arts interculturels\" \/>\n<meta property=\"article:publisher\" content=\"http:\/\/facebook.com\/mtlartsinter\" \/>\n<meta property=\"article:modified_time\" content=\"2025-03-26T16:16:24+00:00\" \/>\n<meta property=\"og:image\" content=\"https:\/\/m-a-i.qc.ca\/wp-content\/uploads\/2018\/08\/223.jpg\" \/>\n\t<meta property=\"og:image:width\" content=\"1170\" \/>\n\t<meta property=\"og:image:height\" content=\"780\" \/>\n\t<meta property=\"og:image:type\" content=\"image\/jpeg\" \/>\n<meta name=\"twitter:card\" content=\"summary_large_image\" \/>\n<meta name=\"twitter:site\" content=\"@mtlartsinter\" \/>\n<meta name=\"twitter:label1\" content=\"Est. reading time\" \/>\n\t<meta name=\"twitter:data1\" content=\"1 minute\" \/>\n<script type=\"application\/ld+json\" class=\"yoast-schema-graph\">{\"@context\":\"https:\/\/schema.org\",\"@graph\":[{\"@type\":\"WebPage\",\"@id\":\"https:\/\/m-a-i.qc.ca\/en\/rental\/studio-223\/\",\"url\":\"https:\/\/m-a-i.qc.ca\/en\/rental\/studio-223\/\",\"name\":\"studio 223 &mdash; MAI | Montr\u00e9al, arts interculturels\",\"isPartOf\":{\"@id\":\"https:\/\/www.m-a-i.qc.ca\/en\/#website\"},\"datePublished\":\"2018-08-02T02:40:57+00:00\",\"dateModified\":\"2025-03-26T16:16:24+00:00\",\"breadcrumb\":{\"@id\":\"https:\/\/m-a-i.qc.ca\/en\/rental\/studio-223\/#breadcrumb\"},\"inLanguage\":\"en-US\",\"potentialAction\":[{\"@type\":\"ReadAction\",\"target\":[\"https:\/\/m-a-i.qc.ca\/en\/rental\/studio-223\/\"]}]},{\"@type\":\"BreadcrumbList\",\"@id\":\"https:\/\/m-a-i.qc.ca\/en\/rental\/studio-223\/#breadcrumb\",\"itemListElement\":[{\"@type\":\"ListItem\",\"position\":1,\"name\":\"Accueil\",\"item\":\"https:\/\/m-a-i.qc.ca\/en\/\"},{\"@type\":\"ListItem\",\"position\":2,\"name\":\"studio 223\"}]},{\"@type\":\"WebSite\",\"@id\":\"https:\/\/www.m-a-i.qc.ca\/en\/#website\",\"url\":\"https:\/\/www.m-a-i.qc.ca\/en\/\",\"name\":\"MAI | Montr\u00e9al, arts interculturels\",\"description\":\"La perle des arts interculturels au c\u0153ur de Montr\u00e9al. Arts visuels, th\u00e9\u00e2tre, danse, musique et arts interdisciplinaires. + de 40 \u00e9v\u00e8nements par an\",\"publisher\":{\"@id\":\"https:\/\/www.m-a-i.qc.ca\/en\/#organization\"},\"potentialAction\":[{\"@type\":\"SearchAction\",\"target\":{\"@type\":\"EntryPoint\",\"urlTemplate\":\"https:\/\/www.m-a-i.qc.ca\/en\/?s={search_term_string}\"},\"query-input\":\"required name=search_term_string\"}],\"inLanguage\":\"en-US\"},{\"@type\":\"Organization\",\"@id\":\"https:\/\/www.m-a-i.qc.ca\/en\/#organization\",\"name\":\"MAI (Montr\u00e9al, arts interculturels)\",\"url\":\"https:\/\/www.m-a-i.qc.ca\/en\/\",\"logo\":{\"@type\":\"ImageObject\",\"inLanguage\":\"en-US\",\"@id\":\"https:\/\/www.m-a-i.qc.ca\/en\/#\/schema\/logo\/image\/\",\"url\":\"https:\/\/m-a-i.qc.ca\/wp-content\/uploads\/2024\/02\/logo_mai_noir-1.png\",\"contentUrl\":\"https:\/\/m-a-i.qc.ca\/wp-content\/uploads\/2024\/02\/logo_mai_noir-1.png\",\"width\":1152,\"height\":1152,\"caption\":\"MAI (Montr\u00e9al, arts interculturels)\"},\"image\":{\"@id\":\"https:\/\/www.m-a-i.qc.ca\/en\/#\/schema\/logo\/image\/\"},\"sameAs\":[\"http:\/\/instagram.com\/mtlartsinter\",\"http:\/\/linkedin.com\/company\/mtlartsinter\",\"https:\/\/fr.wikipedia.org\/wiki\/Montral_arts_interculturels\",\"http:\/\/facebook.com\/mtlartsinter\",\"https:\/\/twitter.com\/mtlartsinter\"]}]}<\/script>\n<!-- \/ Yoast SEO plugin. -->","yoast_head_json":{"title":"studio 223 &mdash; MAI | Montr\u00e9al, arts interculturels","robots":{"index":"noindex","follow":"follow"},"og_locale":"en_US","og_type":"article","og_title":"studio 223 &mdash; MAI | Montr\u00e9al, arts interculturels","og_description":"[vc_row][vc_column][vc_column_text]MAI studio 223 is available for short and long term rentals and is suitable for rehearsals, classes or dance workshops. Only dance shoes and [&hellip;]","og_url":"https:\/\/m-a-i.qc.ca\/en\/rental\/studio-223\/","og_site_name":"MAI | Montr\u00e9al, arts interculturels","article_publisher":"http:\/\/facebook.com\/mtlartsinter","article_modified_time":"2025-03-26T16:16:24+00:00","og_image":[{"width":1170,"height":780,"url":"https:\/\/m-a-i.qc.ca\/wp-content\/uploads\/2018\/08\/223.jpg","type":"image\/jpeg"}],"twitter_card":"summary_large_image","twitter_site":"@mtlartsinter","twitter_misc":{"Est. reading time":"1 minute"},"schema":{"@context":"https:\/\/schema.org","@graph":[{"@type":"WebPage","@id":"https:\/\/m-a-i.qc.ca\/en\/rental\/studio-223\/","url":"https:\/\/m-a-i.qc.ca\/en\/rental\/studio-223\/","name":"studio 223 &mdash; MAI | Montr\u00e9al, arts interculturels","isPartOf":{"@id":"https:\/\/www.m-a-i.qc.ca\/en\/#website"},"datePublished":"2018-08-02T02:40:57+00:00","dateModified":"2025-03-26T16:16:24+00:00","breadcrumb":{"@id":"https:\/\/m-a-i.qc.ca\/en\/rental\/studio-223\/#breadcrumb"},"inLanguage":"en-US","potentialAction":[{"@type":"ReadAction","target":["https:\/\/m-a-i.qc.ca\/en\/rental\/studio-223\/"]}]},{"@type":"BreadcrumbList","@id":"https:\/\/m-a-i.qc.ca\/en\/rental\/studio-223\/#breadcrumb","itemListElement":[{"@type":"ListItem","position":1,"name":"Accueil","item":"https:\/\/m-a-i.qc.ca\/en\/"},{"@type":"ListItem","position":2,"name":"studio 223"}]},{"@type":"WebSite","@id":"https:\/\/www.m-a-i.qc.ca\/en\/#website","url":"https:\/\/www.m-a-i.qc.ca\/en\/","name":"MAI | Montr\u00e9al, arts interculturels","description":"La perle des arts interculturels au c\u0153ur de Montr\u00e9al. Arts visuels, th\u00e9\u00e2tre, danse, musique et arts interdisciplinaires. + de 40 \u00e9v\u00e8nements par an","publisher":{"@id":"https:\/\/www.m-a-i.qc.ca\/en\/#organization"},"potentialAction":[{"@type":"SearchAction","target":{"@type":"EntryPoint","urlTemplate":"https:\/\/www.m-a-i.qc.ca\/en\/?s={search_term_string}"},"query-input":"required name=search_term_string"}],"inLanguage":"en-US"},{"@type":"Organization","@id":"https:\/\/www.m-a-i.qc.ca\/en\/#organization","name":"MAI (Montr\u00e9al, arts interculturels)","url":"https:\/\/www.m-a-i.qc.ca\/en\/","logo":{"@type":"ImageObject","inLanguage":"en-US","@id":"https:\/\/www.m-a-i.qc.ca\/en\/#\/schema\/logo\/image\/","url":"https:\/\/m-a-i.qc.ca\/wp-content\/uploads\/2024\/02\/logo_mai_noir-1.png","contentUrl":"https:\/\/m-a-i.qc.ca\/wp-content\/uploads\/2024\/02\/logo_mai_noir-1.png","width":1152,"height":1152,"caption":"MAI (Montr\u00e9al, arts interculturels)"},"image":{"@id":"https:\/\/www.m-a-i.qc.ca\/en\/#\/schema\/logo\/image\/"},"sameAs":["http:\/\/instagram.com\/mtlartsinter","http:\/\/linkedin.com\/company\/mtlartsinter","https:\/\/fr.wikipedia.org\/wiki\/Montral_arts_interculturels","http:\/\/facebook.com\/mtlartsinter","https:\/\/twitter.com\/mtlartsinter"]}]}},"_links":{"self":[{"href":"https:\/\/m-a-i.qc.ca\/en\/wp-json\/wp\/v2\/rental\/1150","targetHints":{"allow":["GET"]}}],"collection":[{"href":"https:\/\/m-a-i.qc.ca\/en\/wp-json\/wp\/v2\/rental"}],"about":[{"href":"https:\/\/m-a-i.qc.ca\/en\/wp-json\/wp\/v2\/types\/rental"}],"author":[{"embeddable":true,"href":"https:\/\/m-a-i.qc.ca\/en\/wp-json\/wp\/v2\/users\/4"}],"version-history":[{"count":30,"href":"https:\/\/m-a-i.qc.ca\/en\/wp-json\/wp\/v2\/rental\/1150\/revisions"}],"predecessor-version":[{"id":18404,"href":"https:\/\/m-a-i.qc.ca\/en\/wp-json\/wp\/v2\/rental\/1150\/revisions\/18404"}],"wp:featuredmedia":[{"embeddable":true,"href":"https:\/\/m-a-i.qc.ca\/en\/wp-json\/wp\/v2\/media\/1151"}],"wp:attachment":[{"href":"https:\/\/m-a-i.qc.ca\/en\/wp-json\/wp\/v2\/media?parent=1150"}],"curies":[{"name":"wp","href":"https:\/\/api.w.org\/{rel}","templated":true}]}}

[vc_row][vc_column][vc_column_text]MAI studio 223 is available for short and long term rentals and is suitable for rehearsals, classes or dance workshops.</p>
<p>Only <strong>dance shoes and barefoot are allowed</strong>.</p>
<p>Food and drinks (other than water) are strictly <strong>prohibited</strong>.</p>
<p>&nbsp;</p>
<p style="text-align: center;"><strong><a class="theme_button" href="https://studio223.youcanbook.me/" target="_blank" rel="noopener noreferrer"> Reserve studio 223</a></strong></p>
<p>&nbsp;</p>
<h2>Usage and booking</h2>
<p>To learn about <strong>MAI Studios Use Policy</strong> or to make an <strong>online reservation</strong>, <a href="http://m-a-i.qc.ca/en/studios/">click here</a>.</p>
<p>To make a reservation by <strong>telephone</strong>, dial 514 982-1812 extension 221.</p>
<p>To make a reservation by <strong>email</strong>, write to activites@m-a-i.qc.ca</p>
<p>&nbsp;</p>
<h2>2025-2026 Rates</h2>
<p>$15/ hour (before taxes).</p>
<p>&nbsp;</p>
<h2>Anti-harassment and nondiscrimination policy</h2>
<p><strong>MAI (Montréal, arts interculturels)</strong> is committed to creating a safe and inclusive environment, promoting relationships built on mutual respect, and ensuring that all employees, artists, clients, tenants, and individuals associated with MAI are free from discrimination, harassment, and fear of discrimination.</p>
<p>When reserving a studio, please make sure to read the <strong>MAI&#8217;s Anti-harassment and nondiscrimination policy</strong> <a href="http://m-a-i.qc.ca/en/studios/">through this link</a>.[/vc_column_text][/vc_column][/vc_row]

<!-- This site is optimized with the Yoast SEO plugin v19.13 - https://yoast.com/wordpress/plugins/seo/ -->
<title>studio 223 &mdash; MAI | Montréal, arts interculturels</title>
<meta name="robots" content="noindex, follow" />
<meta property="og:locale" content="en_US" />
<meta property="og:type" content="article" />
<meta property="og:title" content="studio 223 &mdash; MAI | Montréal, arts interculturels" />
<meta property="og:description" content="[vc_row][vc_column][vc_column_text]MAI studio 223 is available for short and long term rentals and is suitable for rehearsals, classes or dance workshops. Only dance shoes and [&hellip;]" />
<meta property="og:url" content="https://m-a-i.qc.ca/en/rental/studio-223/" />
<meta property="og:site_name" content="MAI | Montréal, arts interculturels" />
<meta property="article:publisher" content="http://facebook.com/mtlartsinter" />
<meta property="article:modified_time" content="2025-03-26T16:16:24+00:00" />
<meta property="og:image" content="https://m-a-i.qc.ca/wp-content/uploads/2018/08/223.jpg" />
	<meta property="og:image:width" content="1170" />
	<meta property="og:image:height" content="780" />
	<meta property="og:image:type" content="image/jpeg" />
<meta name="twitter:card" content="summary_large_image" />
<meta name="twitter:site" content="@mtlartsinter" />
<meta name="twitter:label1" content="Est. reading time" />
	<meta name="twitter:data1" content="1 minute" />
<script type="application/ld+json" class="yoast-schema-graph">{"@context":"https://schema.org","@graph":[{"@type":"WebPage","@id":"https://m-a-i.qc.ca/en/rental/studio-223/","url":"https://m-a-i.qc.ca/en/rental/studio-223/","name":"studio 223 &mdash; MAI | Montréal, arts interculturels","isPartOf":{"@id":"https://www.m-a-i.qc.ca/en/#website"},"datePublished":"2018-08-02T02:40:57+00:00","dateModified":"2025-03-26T16:16:24+00:00","breadcrumb":{"@id":"https://m-a-i.qc.ca/en/rental/studio-223/#breadcrumb"},"inLanguage":"en-US","potentialAction":[{"@type":"ReadAction","target":["https://m-a-i.qc.ca/en/rental/studio-223/"]}]},{"@type":"BreadcrumbList","@id":"https://m-a-i.qc.ca/en/rental/studio-223/#breadcrumb","itemListElement":[{"@type":"ListItem","position":1,"name":"Accueil","item":"https://m-a-i.qc.ca/en/"},{"@type":"ListItem","position":2,"name":"studio 223"}]},{"@type":"WebSite","@id":"https://www.m-a-i.qc.ca/en/#website","url":"https://www.m-a-i.qc.ca/en/","name":"MAI | Montréal, arts interculturels","description":"La perle des arts interculturels au cœur de Montréal. Arts visuels, théâtre, danse, musique et arts interdisciplinaires. + de 40 évènements par an","publisher":{"@id":"https://www.m-a-i.qc.ca/en/#organization"},"potentialAction":[{"@type":"SearchAction","target":{"@type":"EntryPoint","urlTemplate":"https://www.m-a-i.qc.ca/en/?s={search_term_string}"},"query-input":"required name=search_term_string"}],"inLanguage":"en-US"},{"@type":"Organization","@id":"https://www.m-a-i.qc.ca/en/#organization","name":"MAI (Montréal, arts interculturels)","url":"https://www.m-a-i.qc.ca/en/","logo":{"@type":"ImageObject","inLanguage":"en-US","@id":"https://www.m-a-i.qc.ca/en/#/schema/logo/image/","url":"https://m-a-i.qc.ca/wp-content/uploads/2024/02/logo_mai_noir-1.png","contentUrl":"https://m-a-i.qc.ca/wp-content/uploads/2024/02/logo_mai_noir-1.png","width":1152,"height":1152,"caption":"MAI (Montréal, arts interculturels)"},"image":{"@id":"https://www.m-a-i.qc.ca/en/#/schema/logo/image/"},"sameAs":["http://instagram.com/mtlartsinter","http://linkedin.com/company/mtlartsinter","https://fr.wikipedia.org/wiki/Montral_arts_interculturels","http://facebook.com/mtlartsinter","https://twitter.com/mtlartsinter"]}]}</script>
<!-- / Yoast SEO plugin. -->

studio 223 &mdash; MAI | Montréal, arts interculturels

MAI | Montréal, arts interculturels

La perle des arts interculturels au cœur de Montréal. Arts visuels, théâtre, danse, musique et arts interdisciplinaires. + de 40 évènements par an

MAI (Montréal, arts interculturels)
