{"id":19514,"date":"2026-08-31T21:41:38","date_gmt":"2026-09-01T01:41:38","guid":{"rendered":"https:\/\/m-a-i.qc.ca\/?post_type=event&#038;p=19514"},"modified":"2026-09-01T15:14:42","modified_gmt":"2026-09-01T19:14:42","slug":"les-dauphins-et-les-licornes","status":"publish","type":"event","link":"https:\/\/m-a-i.qc.ca\/en\/event\/les-dauphins-et-les-licornes\/","title":{"rendered":"les dauphins et les licornes"},"content":{"rendered":"<p><span style=\"font-weight: 400;\">Like a journey into Utopia&#8230; that goes off track! On stage, a child, neurotypical dancers and others from the neurodivergent community. Together, they divide the world into two playful and ridiculously arbitrary categories: on one side, dolphins, and on the other, unicorns.<\/span><\/p>\n<p><span style=\"font-weight: 400;\">What follows is a kind of fascinating ritual, like an attempt to create a performance together, collectively, constantly disrupted by the frantic search for the other\u2019s gaze, for their approval. At times, the performers also allow themselves the luxury of being authentically themselves: embracing their flaws, their fragility, turning their skin inside out like a glove to examine its seams and loose threads. These frantic back-and-forths between Self and Other place the dancers in a precarious balance. And we, the spectators nestled in the shadows, become privileged witnesses to their beauty, their humanity, and their monstrosity.<\/span><\/p>\n<p><span style=\"font-weight: 400;\">Once again, <\/span><i><span style=\"font-weight: 400;\">Les dauphins et les licornes<\/span><\/i><span style=\"font-weight: 400;\"> bears the company\u2019s choreographic signature: contemporary dance, jigging, uninhibited spoken word, performative theatricality, all languages necessary for the emergence of a true dramaturgy of diversity. With this new work, choreographer Ma\u00efgwenn Desbois allows herself to be guided by her performers, creating a great punk and kitsch ball where rainbows are sometimes splattered with blood.<\/span><\/p>\n","protected":false},"author":4,"featured_media":19512,"template":"","meta":{"footnotes":""},"class_list":["post-19514","event","type-event","status-publish","has-post-thumbnail","hentry","season-26-27-en","event-category-dance","event-category-performance"],"acf":[],"yoast_head":"<!-- This site is optimized with the Yoast SEO plugin v19.13 - https:\/\/yoast.com\/wordpress\/plugins\/seo\/ -->\n<title>les dauphins et les licornes &mdash; MAI | Montr\u00e9al, arts interculturels<\/title>\n<meta name=\"robots\" content=\"index, follow, max-snippet:-1, max-image-preview:large, max-video-preview:-1\" \/>\n<link rel=\"canonical\" href=\"https:\/\/m-a-i.qc.ca\/en\/event\/les-dauphins-et-les-licornes\/\" \/>\n<meta property=\"og:locale\" content=\"en_US\" \/>\n<meta property=\"og:type\" content=\"article\" \/>\n<meta property=\"og:title\" content=\"les dauphins et les licornes &mdash; MAI | Montr\u00e9al, arts interculturels\" \/>\n<meta property=\"og:description\" content=\"Like a journey into Utopia&#8230; that goes off track! On stage, a child, neurotypical dancers and others from the neurodivergent community. Together, they divide [&hellip;]\" \/>\n<meta property=\"og:url\" content=\"https:\/\/m-a-i.qc.ca\/en\/event\/les-dauphins-et-les-licornes\/\" \/>\n<meta property=\"og:site_name\" content=\"MAI | Montr\u00e9al, arts interculturels\" \/>\n<meta property=\"article:publisher\" content=\"http:\/\/facebook.com\/mtlartsinter\" \/>\n<meta property=\"article:modified_time\" content=\"2026-09-01T19:14:42+00:00\" \/>\n<meta property=\"og:image\" content=\"https:\/\/m-a-i.qc.ca\/wp-content\/uploads\/2026\/08\/Maigwenn-et-les-Orteils-David-Wong-scaled.jpeg\" \/>\n\t<meta property=\"og:image:width\" content=\"2560\" \/>\n\t<meta property=\"og:image:height\" content=\"1483\" \/>\n\t<meta property=\"og:image:type\" content=\"image\/jpeg\" \/>\n<meta name=\"twitter:card\" content=\"summary_large_image\" \/>\n<meta name=\"twitter:site\" content=\"@mtlartsinter\" \/>\n<meta name=\"twitter:label1\" content=\"Est. reading time\" \/>\n\t<meta name=\"twitter:data1\" content=\"2 minutes\" \/>\n<script type=\"application\/ld+json\" class=\"yoast-schema-graph\">{\"@context\":\"https:\/\/schema.org\",\"@graph\":[{\"@type\":\"WebPage\",\"@id\":\"https:\/\/m-a-i.qc.ca\/en\/event\/les-dauphins-et-les-licornes\/\",\"url\":\"https:\/\/m-a-i.qc.ca\/en\/event\/les-dauphins-et-les-licornes\/\",\"name\":\"les dauphins et les licornes &mdash; MAI | Montr\u00e9al, arts interculturels\",\"isPartOf\":{\"@id\":\"https:\/\/www.m-a-i.qc.ca\/en\/#website\"},\"datePublished\":\"2026-09-01T01:41:38+00:00\",\"dateModified\":\"2026-09-01T19:14:42+00:00\",\"breadcrumb\":{\"@id\":\"https:\/\/m-a-i.qc.ca\/en\/event\/les-dauphins-et-les-licornes\/#breadcrumb\"},\"inLanguage\":\"en-US\",\"potentialAction\":[{\"@type\":\"ReadAction\",\"target\":[\"https:\/\/m-a-i.qc.ca\/en\/event\/les-dauphins-et-les-licornes\/\"]}]},{\"@type\":\"BreadcrumbList\",\"@id\":\"https:\/\/m-a-i.qc.ca\/en\/event\/les-dauphins-et-les-licornes\/#breadcrumb\",\"itemListElement\":[{\"@type\":\"ListItem\",\"position\":1,\"name\":\"Accueil\",\"item\":\"https:\/\/m-a-i.qc.ca\/en\/\"},{\"@type\":\"ListItem\",\"position\":2,\"name\":\"les dauphins et les licornes\"}]},{\"@type\":\"WebSite\",\"@id\":\"https:\/\/www.m-a-i.qc.ca\/en\/#website\",\"url\":\"https:\/\/www.m-a-i.qc.ca\/en\/\",\"name\":\"MAI | Montr\u00e9al, arts interculturels\",\"description\":\"La perle des arts interculturels au c\u0153ur de Montr\u00e9al. Arts visuels, th\u00e9\u00e2tre, danse, musique et arts interdisciplinaires. + de 40 \u00e9v\u00e8nements par an\",\"publisher\":{\"@id\":\"https:\/\/www.m-a-i.qc.ca\/en\/#organization\"},\"potentialAction\":[{\"@type\":\"SearchAction\",\"target\":{\"@type\":\"EntryPoint\",\"urlTemplate\":\"https:\/\/www.m-a-i.qc.ca\/en\/?s={search_term_string}\"},\"query-input\":\"required name=search_term_string\"}],\"inLanguage\":\"en-US\"},{\"@type\":\"Organization\",\"@id\":\"https:\/\/www.m-a-i.qc.ca\/en\/#organization\",\"name\":\"MAI (Montr\u00e9al, arts interculturels)\",\"url\":\"https:\/\/www.m-a-i.qc.ca\/en\/\",\"logo\":{\"@type\":\"ImageObject\",\"inLanguage\":\"en-US\",\"@id\":\"https:\/\/www.m-a-i.qc.ca\/en\/#\/schema\/logo\/image\/\",\"url\":\"https:\/\/m-a-i.qc.ca\/wp-content\/uploads\/2024\/02\/logo_mai_noir-1.png\",\"contentUrl\":\"https:\/\/m-a-i.qc.ca\/wp-content\/uploads\/2024\/02\/logo_mai_noir-1.png\",\"width\":1152,\"height\":1152,\"caption\":\"MAI (Montr\u00e9al, arts interculturels)\"},\"image\":{\"@id\":\"https:\/\/www.m-a-i.qc.ca\/en\/#\/schema\/logo\/image\/\"},\"sameAs\":[\"http:\/\/instagram.com\/mtlartsinter\",\"http:\/\/linkedin.com\/company\/mtlartsinter\",\"https:\/\/fr.wikipedia.org\/wiki\/Montral_arts_interculturels\",\"http:\/\/facebook.com\/mtlartsinter\",\"https:\/\/twitter.com\/mtlartsinter\"]}]}<\/script>\n<!-- \/ Yoast SEO plugin. -->","yoast_head_json":{"title":"les dauphins et les licornes &mdash; MAI | Montr\u00e9al, arts interculturels","robots":{"index":"index","follow":"follow","max-snippet":"max-snippet:-1","max-image-preview":"max-image-preview:large","max-video-preview":"max-video-preview:-1"},"canonical":"https:\/\/m-a-i.qc.ca\/en\/event\/les-dauphins-et-les-licornes\/","og_locale":"en_US","og_type":"article","og_title":"les dauphins et les licornes &mdash; MAI | Montr\u00e9al, arts interculturels","og_description":"Like a journey into Utopia&#8230; that goes off track! On stage, a child, neurotypical dancers and others from the neurodivergent community. Together, they divide [&hellip;]","og_url":"https:\/\/m-a-i.qc.ca\/en\/event\/les-dauphins-et-les-licornes\/","og_site_name":"MAI | Montr\u00e9al, arts interculturels","article_publisher":"http:\/\/facebook.com\/mtlartsinter","article_modified_time":"2026-09-01T19:14:42+00:00","og_image":[{"width":2560,"height":1483,"url":"https:\/\/m-a-i.qc.ca\/wp-content\/uploads\/2026\/08\/Maigwenn-et-les-Orteils-David-Wong-scaled.jpeg","type":"image\/jpeg"}],"twitter_card":"summary_large_image","twitter_site":"@mtlartsinter","twitter_misc":{"Est. reading time":"2 minutes"},"schema":{"@context":"https:\/\/schema.org","@graph":[{"@type":"WebPage","@id":"https:\/\/m-a-i.qc.ca\/en\/event\/les-dauphins-et-les-licornes\/","url":"https:\/\/m-a-i.qc.ca\/en\/event\/les-dauphins-et-les-licornes\/","name":"les dauphins et les licornes &mdash; MAI | Montr\u00e9al, arts interculturels","isPartOf":{"@id":"https:\/\/www.m-a-i.qc.ca\/en\/#website"},"datePublished":"2026-09-01T01:41:38+00:00","dateModified":"2026-09-01T19:14:42+00:00","breadcrumb":{"@id":"https:\/\/m-a-i.qc.ca\/en\/event\/les-dauphins-et-les-licornes\/#breadcrumb"},"inLanguage":"en-US","potentialAction":[{"@type":"ReadAction","target":["https:\/\/m-a-i.qc.ca\/en\/event\/les-dauphins-et-les-licornes\/"]}]},{"@type":"BreadcrumbList","@id":"https:\/\/m-a-i.qc.ca\/en\/event\/les-dauphins-et-les-licornes\/#breadcrumb","itemListElement":[{"@type":"ListItem","position":1,"name":"Accueil","item":"https:\/\/m-a-i.qc.ca\/en\/"},{"@type":"ListItem","position":2,"name":"les dauphins et les licornes"}]},{"@type":"WebSite","@id":"https:\/\/www.m-a-i.qc.ca\/en\/#website","url":"https:\/\/www.m-a-i.qc.ca\/en\/","name":"MAI | Montr\u00e9al, arts interculturels","description":"La perle des arts interculturels au c\u0153ur de Montr\u00e9al. Arts visuels, th\u00e9\u00e2tre, danse, musique et arts interdisciplinaires. + de 40 \u00e9v\u00e8nements par an","publisher":{"@id":"https:\/\/www.m-a-i.qc.ca\/en\/#organization"},"potentialAction":[{"@type":"SearchAction","target":{"@type":"EntryPoint","urlTemplate":"https:\/\/www.m-a-i.qc.ca\/en\/?s={search_term_string}"},"query-input":"required name=search_term_string"}],"inLanguage":"en-US"},{"@type":"Organization","@id":"https:\/\/www.m-a-i.qc.ca\/en\/#organization","name":"MAI (Montr\u00e9al, arts interculturels)","url":"https:\/\/www.m-a-i.qc.ca\/en\/","logo":{"@type":"ImageObject","inLanguage":"en-US","@id":"https:\/\/www.m-a-i.qc.ca\/en\/#\/schema\/logo\/image\/","url":"https:\/\/m-a-i.qc.ca\/wp-content\/uploads\/2024\/02\/logo_mai_noir-1.png","contentUrl":"https:\/\/m-a-i.qc.ca\/wp-content\/uploads\/2024\/02\/logo_mai_noir-1.png","width":1152,"height":1152,"caption":"MAI (Montr\u00e9al, arts interculturels)"},"image":{"@id":"https:\/\/www.m-a-i.qc.ca\/en\/#\/schema\/logo\/image\/"},"sameAs":["http:\/\/instagram.com\/mtlartsinter","http:\/\/linkedin.com\/company\/mtlartsinter","https:\/\/fr.wikipedia.org\/wiki\/Montral_arts_interculturels","http:\/\/facebook.com\/mtlartsinter","https:\/\/twitter.com\/mtlartsinter"]}]}},"_links":{"self":[{"href":"https:\/\/m-a-i.qc.ca\/en\/wp-json\/wp\/v2\/event\/19514","targetHints":{"allow":["GET"]}}],"collection":[{"href":"https:\/\/m-a-i.qc.ca\/en\/wp-json\/wp\/v2\/event"}],"about":[{"href":"https:\/\/m-a-i.qc.ca\/en\/wp-json\/wp\/v2\/types\/event"}],"author":[{"embeddable":true,"href":"https:\/\/m-a-i.qc.ca\/en\/wp-json\/wp\/v2\/users\/4"}],"version-history":[{"count":3,"href":"https:\/\/m-a-i.qc.ca\/en\/wp-json\/wp\/v2\/event\/19514\/revisions"}],"predecessor-version":[{"id":19555,"href":"https:\/\/m-a-i.qc.ca\/en\/wp-json\/wp\/v2\/event\/19514\/revisions\/19555"}],"wp:featuredmedia":[{"embeddable":true,"href":"https:\/\/m-a-i.qc.ca\/en\/wp-json\/wp\/v2\/media\/19512"}],"wp:attachment":[{"href":"https:\/\/m-a-i.qc.ca\/en\/wp-json\/wp\/v2\/media?parent=19514"}],"curies":[{"name":"wp","href":"https:\/\/api.w.org\/{rel}","templated":true}]}}

<p><span style="font-weight: 400;">Like a journey into Utopia&#8230; that goes off track! On stage, a child, neurotypical dancers and others from the neurodivergent community. Together, they divide the world into two playful and ridiculously arbitrary categories: on one side, dolphins, and on the other, unicorns.</span></p>
<p><span style="font-weight: 400;">What follows is a kind of fascinating ritual, like an attempt to create a performance together, collectively, constantly disrupted by the frantic search for the other’s gaze, for their approval. At times, the performers also allow themselves the luxury of being authentically themselves: embracing their flaws, their fragility, turning their skin inside out like a glove to examine its seams and loose threads. These frantic back-and-forths between Self and Other place the dancers in a precarious balance. And we, the spectators nestled in the shadows, become privileged witnesses to their beauty, their humanity, and their monstrosity.</span></p>
<p><span style="font-weight: 400;">Once again, </span><i><span style="font-weight: 400;">Les dauphins et les licornes</span></i><span style="font-weight: 400;"> bears the company’s choreographic signature: contemporary dance, jigging, uninhibited spoken word, performative theatricality, all languages necessary for the emergence of a true dramaturgy of diversity. With this new work, choreographer Maïgwenn Desbois allows herself to be guided by her performers, creating a great punk and kitsch ball where rainbows are sometimes splattered with blood.</span></p>

<!-- This site is optimized with the Yoast SEO plugin v19.13 - https://yoast.com/wordpress/plugins/seo/ -->
<title>les dauphins et les licornes &mdash; MAI | Montréal, arts interculturels</title>
<meta name="robots" content="index, follow, max-snippet:-1, max-image-preview:large, max-video-preview:-1" />
<link rel="canonical" href="https://m-a-i.qc.ca/en/event/les-dauphins-et-les-licornes/" />
<meta property="og:locale" content="en_US" />
<meta property="og:type" content="article" />
<meta property="og:title" content="les dauphins et les licornes &mdash; MAI | Montréal, arts interculturels" />
<meta property="og:description" content="Like a journey into Utopia&#8230; that goes off track! On stage, a child, neurotypical dancers and others from the neurodivergent community. Together, they divide [&hellip;]" />
<meta property="og:url" content="https://m-a-i.qc.ca/en/event/les-dauphins-et-les-licornes/" />
<meta property="og:site_name" content="MAI | Montréal, arts interculturels" />
<meta property="article:publisher" content="http://facebook.com/mtlartsinter" />
<meta property="article:modified_time" content="2026-09-01T19:14:42+00:00" />
<meta property="og:image" content="https://m-a-i.qc.ca/wp-content/uploads/2026/08/Maigwenn-et-les-Orteils-David-Wong-scaled.jpeg" />
	<meta property="og:image:width" content="2560" />
	<meta property="og:image:height" content="1483" />
	<meta property="og:image:type" content="image/jpeg" />
<meta name="twitter:card" content="summary_large_image" />
<meta name="twitter:site" content="@mtlartsinter" />
<meta name="twitter:label1" content="Est. reading time" />
	<meta name="twitter:data1" content="2 minutes" />
<script type="application/ld+json" class="yoast-schema-graph">{"@context":"https://schema.org","@graph":[{"@type":"WebPage","@id":"https://m-a-i.qc.ca/en/event/les-dauphins-et-les-licornes/","url":"https://m-a-i.qc.ca/en/event/les-dauphins-et-les-licornes/","name":"les dauphins et les licornes &mdash; MAI | Montréal, arts interculturels","isPartOf":{"@id":"https://www.m-a-i.qc.ca/en/#website"},"datePublished":"2026-09-01T01:41:38+00:00","dateModified":"2026-09-01T19:14:42+00:00","breadcrumb":{"@id":"https://m-a-i.qc.ca/en/event/les-dauphins-et-les-licornes/#breadcrumb"},"inLanguage":"en-US","potentialAction":[{"@type":"ReadAction","target":["https://m-a-i.qc.ca/en/event/les-dauphins-et-les-licornes/"]}]},{"@type":"BreadcrumbList","@id":"https://m-a-i.qc.ca/en/event/les-dauphins-et-les-licornes/#breadcrumb","itemListElement":[{"@type":"ListItem","position":1,"name":"Accueil","item":"https://m-a-i.qc.ca/en/"},{"@type":"ListItem","position":2,"name":"les dauphins et les licornes"}]},{"@type":"WebSite","@id":"https://www.m-a-i.qc.ca/en/#website","url":"https://www.m-a-i.qc.ca/en/","name":"MAI | Montréal, arts interculturels","description":"La perle des arts interculturels au cœur de Montréal. Arts visuels, théâtre, danse, musique et arts interdisciplinaires. + de 40 évènements par an","publisher":{"@id":"https://www.m-a-i.qc.ca/en/#organization"},"potentialAction":[{"@type":"SearchAction","target":{"@type":"EntryPoint","urlTemplate":"https://www.m-a-i.qc.ca/en/?s={search_term_string}"},"query-input":"required name=search_term_string"}],"inLanguage":"en-US"},{"@type":"Organization","@id":"https://www.m-a-i.qc.ca/en/#organization","name":"MAI (Montréal, arts interculturels)","url":"https://www.m-a-i.qc.ca/en/","logo":{"@type":"ImageObject","inLanguage":"en-US","@id":"https://www.m-a-i.qc.ca/en/#/schema/logo/image/","url":"https://m-a-i.qc.ca/wp-content/uploads/2024/02/logo_mai_noir-1.png","contentUrl":"https://m-a-i.qc.ca/wp-content/uploads/2024/02/logo_mai_noir-1.png","width":1152,"height":1152,"caption":"MAI (Montréal, arts interculturels)"},"image":{"@id":"https://www.m-a-i.qc.ca/en/#/schema/logo/image/"},"sameAs":["http://instagram.com/mtlartsinter","http://linkedin.com/company/mtlartsinter","https://fr.wikipedia.org/wiki/Montral_arts_interculturels","http://facebook.com/mtlartsinter","https://twitter.com/mtlartsinter"]}]}</script>
<!-- / Yoast SEO plugin. -->

les dauphins et les licornes &mdash; MAI | Montréal, arts interculturels

MAI | Montréal, arts interculturels

La perle des arts interculturels au cœur de Montréal. Arts visuels, théâtre, danse, musique et arts interdisciplinaires. + de 40 évènements par an

MAI (Montréal, arts interculturels)
