{"id":18623,"date":"2025-08-21T08:01:40","date_gmt":"2025-08-21T12:01:40","guid":{"rendered":"https:\/\/m-a-i.qc.ca\/?post_type=event&#038;p=18623"},"modified":"2026-02-18T16:35:17","modified_gmt":"2026-02-18T21:35:17","slug":"as-i-must-live-it","status":"publish","type":"event","link":"https:\/\/m-a-i.qc.ca\/en\/event\/as-i-must-live-it\/","title":{"rendered":"as i must live it"},"content":{"rendered":"<p>As I Must Live It is a humorous and heartfelt performance from award-winning spoken word artist Luke Reece. Through poetic storytelling touching on everything from antagonistic squirrels to Chris Pratt\u2019s abs, it traces one man\u2019s experience growing up in a mixed-race family with a mentally ill father. Get ready for deft wordplay as Reece brings the page to the stage for an intimate, pun-filled event. With sharp wit and tender reflection, this show navigates memory, masculinity, and the everyday absurdities that shape us.<\/p>\n<p><strong>The February 27th performance will be followed by a talkback with the artist hosted by Adjani Poirier.\u00a0<\/strong><\/p>\n<hr \/>\n<p>All performances of <strong>As I Must Live It<\/strong> are presented in a relaxed environment. To download the Show Guide, <a href=\"https:\/\/m-a-i.qc.ca\/wp-content\/uploads\/2025\/11\/Show-Guide-As-I-Must-Live-It.pdf\">click here<\/a>.<\/p>\n<hr \/>\n<p>&nbsp;<\/p>\n<p>Co-produced by Theatre Passe Muraille and Modern Times Stage Company<\/p>\n<p><img loading=\"lazy\" decoding=\"async\" class=\"alignnone wp-image-18702\" src=\"https:\/\/m-a-i.qc.ca\/wp-content\/uploads\/2025\/08\/TPM_logo_K-scaled.png\" alt=\"\" width=\"72\" height=\"48\" srcset=\"https:\/\/m-a-i.qc.ca\/wp-content\/uploads\/2025\/08\/TPM_logo_K-scaled.png 2560w, https:\/\/m-a-i.qc.ca\/wp-content\/uploads\/2025\/08\/TPM_logo_K-1018x680.png 1018w, https:\/\/m-a-i.qc.ca\/wp-content\/uploads\/2025\/08\/TPM_logo_K-1920x1283.png 1920w, https:\/\/m-a-i.qc.ca\/wp-content\/uploads\/2025\/08\/TPM_logo_K-768x513.png 768w, https:\/\/m-a-i.qc.ca\/wp-content\/uploads\/2025\/08\/TPM_logo_K-1536x1027.png 1536w, https:\/\/m-a-i.qc.ca\/wp-content\/uploads\/2025\/08\/TPM_logo_K-2048x1369.png 2048w, https:\/\/m-a-i.qc.ca\/wp-content\/uploads\/2025\/08\/TPM_logo_K-1170x780.png 1170w, https:\/\/m-a-i.qc.ca\/wp-content\/uploads\/2025\/08\/TPM_logo_K-1167x780.png 1167w, https:\/\/m-a-i.qc.ca\/wp-content\/uploads\/2025\/08\/TPM_logo_K-810x540.png 810w, https:\/\/m-a-i.qc.ca\/wp-content\/uploads\/2025\/08\/TPM_logo_K-420x280.png 420w, https:\/\/m-a-i.qc.ca\/wp-content\/uploads\/2025\/08\/TPM_logo_K-570x380.png 570w\" sizes=\"auto, (max-width: 72px) 100vw, 72px\" \/> <img loading=\"lazy\" decoding=\"async\" class=\"alignnone wp-image-18704\" src=\"https:\/\/m-a-i.qc.ca\/wp-content\/uploads\/2025\/08\/Master-Logo_Modern-Times-black-1.png\" alt=\"\" width=\"74\" height=\"56\" srcset=\"https:\/\/m-a-i.qc.ca\/wp-content\/uploads\/2025\/08\/Master-Logo_Modern-Times-black-1.png 1273w, https:\/\/m-a-i.qc.ca\/wp-content\/uploads\/2025\/08\/Master-Logo_Modern-Times-black-1-902x680.png 902w, https:\/\/m-a-i.qc.ca\/wp-content\/uploads\/2025\/08\/Master-Logo_Modern-Times-black-1-768x579.png 768w, https:\/\/m-a-i.qc.ca\/wp-content\/uploads\/2025\/08\/Master-Logo_Modern-Times-black-1-1034x780.png 1034w\" sizes=\"auto, (max-width: 74px) 100vw, 74px\" \/><\/p>\n<p>Produced by permission of the playwright and Marquis Literary (Colin Rivers) www.MQlit.ca<br \/>\nLuke Reece is a member of the Playwrights Guild of Canada<\/p>\n<p>The show was translated in French thanks to the generous contribution of the Cole Foundation.<br \/>\nTranslation to French by: Sunny Doyle<\/p>\n<p><img loading=\"lazy\" decoding=\"async\" class=\"alignnone wp-image-18700\" src=\"https:\/\/m-a-i.qc.ca\/wp-content\/uploads\/2025\/08\/Cole_Foundation_Logo_Couleur_CMYK-copy.jpg\" alt=\"\" width=\"99\" height=\"52\" srcset=\"https:\/\/m-a-i.qc.ca\/wp-content\/uploads\/2025\/08\/Cole_Foundation_Logo_Couleur_CMYK-copy.jpg 1562w, https:\/\/m-a-i.qc.ca\/wp-content\/uploads\/2025\/08\/Cole_Foundation_Logo_Couleur_CMYK-copy-1170x613.jpg 1170w, https:\/\/m-a-i.qc.ca\/wp-content\/uploads\/2025\/08\/Cole_Foundation_Logo_Couleur_CMYK-copy-768x402.jpg 768w, https:\/\/m-a-i.qc.ca\/wp-content\/uploads\/2025\/08\/Cole_Foundation_Logo_Couleur_CMYK-copy-1536x804.jpg 1536w\" sizes=\"auto, (max-width: 99px) 100vw, 99px\" \/><\/p>\n","protected":false},"author":4,"featured_media":18625,"template":"","meta":{"footnotes":""},"class_list":["post-18623","event","type-event","status-publish","has-post-thumbnail","hentry","season-25-26-en","event-category-interdisciplinary","event-category-theatre","event-program-public-plus"],"acf":[],"yoast_head":"<!-- This site is optimized with the Yoast SEO plugin v19.13 - https:\/\/yoast.com\/wordpress\/plugins\/seo\/ -->\n<title>As I Must Live It &mdash; MAI | Montr\u00e9al, arts interculturels<\/title>\n<meta name=\"robots\" content=\"index, follow, max-snippet:-1, max-image-preview:large, max-video-preview:-1\" \/>\n<link rel=\"canonical\" href=\"https:\/\/m-a-i.qc.ca\/en\/event\/as-i-must-live-it\/\" \/>\n<meta property=\"og:locale\" content=\"en_US\" \/>\n<meta property=\"og:type\" content=\"article\" \/>\n<meta property=\"og:title\" content=\"As I Must Live It &mdash; MAI | Montr\u00e9al, arts interculturels\" \/>\n<meta property=\"og:description\" content=\"As I Must Live It is a humorous and heartfelt performance from award-winning spoken word artist Luke Reece. Through poetic storytelling touching on everything [&hellip;]\" \/>\n<meta property=\"og:url\" content=\"https:\/\/m-a-i.qc.ca\/en\/event\/as-i-must-live-it\/\" \/>\n<meta property=\"og:site_name\" content=\"MAI | Montr\u00e9al, arts interculturels\" \/>\n<meta property=\"article:publisher\" content=\"http:\/\/facebook.com\/mtlartsinter\" \/>\n<meta property=\"article:modified_time\" content=\"2026-02-18T21:35:17+00:00\" \/>\n<meta property=\"og:image\" content=\"https:\/\/m-a-i.qc.ca\/wp-content\/uploads\/2025\/08\/1275-As-I-Must-Live-it-_Pictured-Luke-Reece_Photo-cred-Cesar-Ghisileri-Indrit-Kasapi-scaled.jpg\" \/>\n\t<meta property=\"og:image:width\" content=\"2560\" \/>\n\t<meta property=\"og:image:height\" content=\"1707\" \/>\n\t<meta property=\"og:image:type\" content=\"image\/jpeg\" \/>\n<meta name=\"twitter:card\" content=\"summary_large_image\" \/>\n<meta name=\"twitter:site\" content=\"@mtlartsinter\" \/>\n<meta name=\"twitter:label1\" content=\"Est. reading time\" \/>\n\t<meta name=\"twitter:data1\" content=\"2 minutes\" \/>\n<script type=\"application\/ld+json\" class=\"yoast-schema-graph\">{\"@context\":\"https:\/\/schema.org\",\"@graph\":[{\"@type\":\"WebPage\",\"@id\":\"https:\/\/m-a-i.qc.ca\/en\/event\/as-i-must-live-it\/\",\"url\":\"https:\/\/m-a-i.qc.ca\/en\/event\/as-i-must-live-it\/\",\"name\":\"As I Must Live It &mdash; MAI | Montr\u00e9al, arts interculturels\",\"isPartOf\":{\"@id\":\"https:\/\/www.m-a-i.qc.ca\/en\/#website\"},\"datePublished\":\"2025-08-21T12:01:40+00:00\",\"dateModified\":\"2026-02-18T21:35:17+00:00\",\"breadcrumb\":{\"@id\":\"https:\/\/m-a-i.qc.ca\/en\/event\/as-i-must-live-it\/#breadcrumb\"},\"inLanguage\":\"en-US\",\"potentialAction\":[{\"@type\":\"ReadAction\",\"target\":[\"https:\/\/m-a-i.qc.ca\/en\/event\/as-i-must-live-it\/\"]}]},{\"@type\":\"BreadcrumbList\",\"@id\":\"https:\/\/m-a-i.qc.ca\/en\/event\/as-i-must-live-it\/#breadcrumb\",\"itemListElement\":[{\"@type\":\"ListItem\",\"position\":1,\"name\":\"Accueil\",\"item\":\"https:\/\/m-a-i.qc.ca\/en\/\"},{\"@type\":\"ListItem\",\"position\":2,\"name\":\"as i must live it\"}]},{\"@type\":\"WebSite\",\"@id\":\"https:\/\/www.m-a-i.qc.ca\/en\/#website\",\"url\":\"https:\/\/www.m-a-i.qc.ca\/en\/\",\"name\":\"MAI | Montr\u00e9al, arts interculturels\",\"description\":\"La perle des arts interculturels au c\u0153ur de Montr\u00e9al. Arts visuels, th\u00e9\u00e2tre, danse, musique et arts interdisciplinaires. + de 40 \u00e9v\u00e8nements par an\",\"publisher\":{\"@id\":\"https:\/\/www.m-a-i.qc.ca\/en\/#organization\"},\"potentialAction\":[{\"@type\":\"SearchAction\",\"target\":{\"@type\":\"EntryPoint\",\"urlTemplate\":\"https:\/\/www.m-a-i.qc.ca\/en\/?s={search_term_string}\"},\"query-input\":\"required name=search_term_string\"}],\"inLanguage\":\"en-US\"},{\"@type\":\"Organization\",\"@id\":\"https:\/\/www.m-a-i.qc.ca\/en\/#organization\",\"name\":\"MAI (Montr\u00e9al, arts interculturels)\",\"url\":\"https:\/\/www.m-a-i.qc.ca\/en\/\",\"logo\":{\"@type\":\"ImageObject\",\"inLanguage\":\"en-US\",\"@id\":\"https:\/\/www.m-a-i.qc.ca\/en\/#\/schema\/logo\/image\/\",\"url\":\"https:\/\/m-a-i.qc.ca\/wp-content\/uploads\/2024\/02\/logo_mai_noir-1.png\",\"contentUrl\":\"https:\/\/m-a-i.qc.ca\/wp-content\/uploads\/2024\/02\/logo_mai_noir-1.png\",\"width\":1152,\"height\":1152,\"caption\":\"MAI (Montr\u00e9al, arts interculturels)\"},\"image\":{\"@id\":\"https:\/\/www.m-a-i.qc.ca\/en\/#\/schema\/logo\/image\/\"},\"sameAs\":[\"http:\/\/instagram.com\/mtlartsinter\",\"http:\/\/linkedin.com\/company\/mtlartsinter\",\"https:\/\/fr.wikipedia.org\/wiki\/Montral_arts_interculturels\",\"http:\/\/facebook.com\/mtlartsinter\",\"https:\/\/twitter.com\/mtlartsinter\"]}]}<\/script>\n<!-- \/ Yoast SEO plugin. -->","yoast_head_json":{"title":"As I Must Live It &mdash; MAI | Montr\u00e9al, arts interculturels","robots":{"index":"index","follow":"follow","max-snippet":"max-snippet:-1","max-image-preview":"max-image-preview:large","max-video-preview":"max-video-preview:-1"},"canonical":"https:\/\/m-a-i.qc.ca\/en\/event\/as-i-must-live-it\/","og_locale":"en_US","og_type":"article","og_title":"As I Must Live It &mdash; MAI | Montr\u00e9al, arts interculturels","og_description":"As I Must Live It is a humorous and heartfelt performance from award-winning spoken word artist Luke Reece. Through poetic storytelling touching on everything [&hellip;]","og_url":"https:\/\/m-a-i.qc.ca\/en\/event\/as-i-must-live-it\/","og_site_name":"MAI | Montr\u00e9al, arts interculturels","article_publisher":"http:\/\/facebook.com\/mtlartsinter","article_modified_time":"2026-02-18T21:35:17+00:00","og_image":[{"width":2560,"height":1707,"url":"https:\/\/m-a-i.qc.ca\/wp-content\/uploads\/2025\/08\/1275-As-I-Must-Live-it-_Pictured-Luke-Reece_Photo-cred-Cesar-Ghisileri-Indrit-Kasapi-scaled.jpg","type":"image\/jpeg"}],"twitter_card":"summary_large_image","twitter_site":"@mtlartsinter","twitter_misc":{"Est. reading time":"2 minutes"},"schema":{"@context":"https:\/\/schema.org","@graph":[{"@type":"WebPage","@id":"https:\/\/m-a-i.qc.ca\/en\/event\/as-i-must-live-it\/","url":"https:\/\/m-a-i.qc.ca\/en\/event\/as-i-must-live-it\/","name":"As I Must Live It &mdash; MAI | Montr\u00e9al, arts interculturels","isPartOf":{"@id":"https:\/\/www.m-a-i.qc.ca\/en\/#website"},"datePublished":"2025-08-21T12:01:40+00:00","dateModified":"2026-02-18T21:35:17+00:00","breadcrumb":{"@id":"https:\/\/m-a-i.qc.ca\/en\/event\/as-i-must-live-it\/#breadcrumb"},"inLanguage":"en-US","potentialAction":[{"@type":"ReadAction","target":["https:\/\/m-a-i.qc.ca\/en\/event\/as-i-must-live-it\/"]}]},{"@type":"BreadcrumbList","@id":"https:\/\/m-a-i.qc.ca\/en\/event\/as-i-must-live-it\/#breadcrumb","itemListElement":[{"@type":"ListItem","position":1,"name":"Accueil","item":"https:\/\/m-a-i.qc.ca\/en\/"},{"@type":"ListItem","position":2,"name":"as i must live it"}]},{"@type":"WebSite","@id":"https:\/\/www.m-a-i.qc.ca\/en\/#website","url":"https:\/\/www.m-a-i.qc.ca\/en\/","name":"MAI | Montr\u00e9al, arts interculturels","description":"La perle des arts interculturels au c\u0153ur de Montr\u00e9al. Arts visuels, th\u00e9\u00e2tre, danse, musique et arts interdisciplinaires. + de 40 \u00e9v\u00e8nements par an","publisher":{"@id":"https:\/\/www.m-a-i.qc.ca\/en\/#organization"},"potentialAction":[{"@type":"SearchAction","target":{"@type":"EntryPoint","urlTemplate":"https:\/\/www.m-a-i.qc.ca\/en\/?s={search_term_string}"},"query-input":"required name=search_term_string"}],"inLanguage":"en-US"},{"@type":"Organization","@id":"https:\/\/www.m-a-i.qc.ca\/en\/#organization","name":"MAI (Montr\u00e9al, arts interculturels)","url":"https:\/\/www.m-a-i.qc.ca\/en\/","logo":{"@type":"ImageObject","inLanguage":"en-US","@id":"https:\/\/www.m-a-i.qc.ca\/en\/#\/schema\/logo\/image\/","url":"https:\/\/m-a-i.qc.ca\/wp-content\/uploads\/2024\/02\/logo_mai_noir-1.png","contentUrl":"https:\/\/m-a-i.qc.ca\/wp-content\/uploads\/2024\/02\/logo_mai_noir-1.png","width":1152,"height":1152,"caption":"MAI (Montr\u00e9al, arts interculturels)"},"image":{"@id":"https:\/\/www.m-a-i.qc.ca\/en\/#\/schema\/logo\/image\/"},"sameAs":["http:\/\/instagram.com\/mtlartsinter","http:\/\/linkedin.com\/company\/mtlartsinter","https:\/\/fr.wikipedia.org\/wiki\/Montral_arts_interculturels","http:\/\/facebook.com\/mtlartsinter","https:\/\/twitter.com\/mtlartsinter"]}]}},"_links":{"self":[{"href":"https:\/\/m-a-i.qc.ca\/en\/wp-json\/wp\/v2\/event\/18623","targetHints":{"allow":["GET"]}}],"collection":[{"href":"https:\/\/m-a-i.qc.ca\/en\/wp-json\/wp\/v2\/event"}],"about":[{"href":"https:\/\/m-a-i.qc.ca\/en\/wp-json\/wp\/v2\/types\/event"}],"author":[{"embeddable":true,"href":"https:\/\/m-a-i.qc.ca\/en\/wp-json\/wp\/v2\/users\/4"}],"version-history":[{"count":8,"href":"https:\/\/m-a-i.qc.ca\/en\/wp-json\/wp\/v2\/event\/18623\/revisions"}],"predecessor-version":[{"id":19248,"href":"https:\/\/m-a-i.qc.ca\/en\/wp-json\/wp\/v2\/event\/18623\/revisions\/19248"}],"wp:featuredmedia":[{"embeddable":true,"href":"https:\/\/m-a-i.qc.ca\/en\/wp-json\/wp\/v2\/media\/18625"}],"wp:attachment":[{"href":"https:\/\/m-a-i.qc.ca\/en\/wp-json\/wp\/v2\/media?parent=18623"}],"curies":[{"name":"wp","href":"https:\/\/api.w.org\/{rel}","templated":true}]}}

<!-- This site is optimized with the Yoast SEO plugin v19.13 - https://yoast.com/wordpress/plugins/seo/ -->
<title>As I Must Live It &mdash; MAI | Montréal, arts interculturels</title>
<meta name="robots" content="index, follow, max-snippet:-1, max-image-preview:large, max-video-preview:-1" />
<link rel="canonical" href="https://m-a-i.qc.ca/en/event/as-i-must-live-it/" />
<meta property="og:locale" content="en_US" />
<meta property="og:type" content="article" />
<meta property="og:title" content="As I Must Live It &mdash; MAI | Montréal, arts interculturels" />
<meta property="og:description" content="As I Must Live It is a humorous and heartfelt performance from award-winning spoken word artist Luke Reece. Through poetic storytelling touching on everything [&hellip;]" />
<meta property="og:url" content="https://m-a-i.qc.ca/en/event/as-i-must-live-it/" />
<meta property="og:site_name" content="MAI | Montréal, arts interculturels" />
<meta property="article:publisher" content="http://facebook.com/mtlartsinter" />
<meta property="article:modified_time" content="2026-02-18T21:35:17+00:00" />
<meta property="og:image" content="https://m-a-i.qc.ca/wp-content/uploads/2025/08/1275-As-I-Must-Live-it-_Pictured-Luke-Reece_Photo-cred-Cesar-Ghisileri-Indrit-Kasapi-scaled.jpg" />
	<meta property="og:image:width" content="2560" />
	<meta property="og:image:height" content="1707" />
	<meta property="og:image:type" content="image/jpeg" />
<meta name="twitter:card" content="summary_large_image" />
<meta name="twitter:site" content="@mtlartsinter" />
<meta name="twitter:label1" content="Est. reading time" />
	<meta name="twitter:data1" content="2 minutes" />
<script type="application/ld+json" class="yoast-schema-graph">{"@context":"https://schema.org","@graph":[{"@type":"WebPage","@id":"https://m-a-i.qc.ca/en/event/as-i-must-live-it/","url":"https://m-a-i.qc.ca/en/event/as-i-must-live-it/","name":"As I Must Live It &mdash; MAI | Montréal, arts interculturels","isPartOf":{"@id":"https://www.m-a-i.qc.ca/en/#website"},"datePublished":"2025-08-21T12:01:40+00:00","dateModified":"2026-02-18T21:35:17+00:00","breadcrumb":{"@id":"https://m-a-i.qc.ca/en/event/as-i-must-live-it/#breadcrumb"},"inLanguage":"en-US","potentialAction":[{"@type":"ReadAction","target":["https://m-a-i.qc.ca/en/event/as-i-must-live-it/"]}]},{"@type":"BreadcrumbList","@id":"https://m-a-i.qc.ca/en/event/as-i-must-live-it/#breadcrumb","itemListElement":[{"@type":"ListItem","position":1,"name":"Accueil","item":"https://m-a-i.qc.ca/en/"},{"@type":"ListItem","position":2,"name":"as i must live it"}]},{"@type":"WebSite","@id":"https://www.m-a-i.qc.ca/en/#website","url":"https://www.m-a-i.qc.ca/en/","name":"MAI | Montréal, arts interculturels","description":"La perle des arts interculturels au cœur de Montréal. Arts visuels, théâtre, danse, musique et arts interdisciplinaires. + de 40 évènements par an","publisher":{"@id":"https://www.m-a-i.qc.ca/en/#organization"},"potentialAction":[{"@type":"SearchAction","target":{"@type":"EntryPoint","urlTemplate":"https://www.m-a-i.qc.ca/en/?s={search_term_string}"},"query-input":"required name=search_term_string"}],"inLanguage":"en-US"},{"@type":"Organization","@id":"https://www.m-a-i.qc.ca/en/#organization","name":"MAI (Montréal, arts interculturels)","url":"https://www.m-a-i.qc.ca/en/","logo":{"@type":"ImageObject","inLanguage":"en-US","@id":"https://www.m-a-i.qc.ca/en/#/schema/logo/image/","url":"https://m-a-i.qc.ca/wp-content/uploads/2024/02/logo_mai_noir-1.png","contentUrl":"https://m-a-i.qc.ca/wp-content/uploads/2024/02/logo_mai_noir-1.png","width":1152,"height":1152,"caption":"MAI (Montréal, arts interculturels)"},"image":{"@id":"https://www.m-a-i.qc.ca/en/#/schema/logo/image/"},"sameAs":["http://instagram.com/mtlartsinter","http://linkedin.com/company/mtlartsinter","https://fr.wikipedia.org/wiki/Montral_arts_interculturels","http://facebook.com/mtlartsinter","https://twitter.com/mtlartsinter"]}]}</script>
<!-- / Yoast SEO plugin. -->

As I Must Live It &mdash; MAI | Montréal, arts interculturels

MAI | Montréal, arts interculturels

La perle des arts interculturels au cœur de Montréal. Arts visuels, théâtre, danse, musique et arts interdisciplinaires. + de 40 évènements par an

MAI (Montréal, arts interculturels)
