{"id":18577,"date":"2025-08-15T16:10:21","date_gmt":"2025-08-15T20:10:21","guid":{"rendered":"https:\/\/m-a-i.qc.ca\/?post_type=event&#038;p=18577"},"modified":"2025-09-02T16:45:51","modified_gmt":"2025-09-02T20:45:51","slug":"thelostpaintings","status":"publish","type":"event","link":"https:\/\/m-a-i.qc.ca\/en\/event\/thelostpaintings\/","title":{"rendered":"the lost paintings: a prelude to return"},"content":{"rendered":"<p>This travelling exhibition extends across two venues \u2013 MAI (Montr\u00e9al, arts interculturels) and articule.<\/p>\n<p>Curated by Rula Khoury, Jo\u00eblle Tomb and Haidi Motola, this exhibition gathers 53 artists from Palestine and its diaspora across time and borders to reimagine the missing works of Maroun Tomb, a Palestinian-Lebanese artist, whose 1947 exhibition in Haifa was lost amid the mass displacement and dispossession of the Palestinians during the Nakba. The works resurrect a moment that was nearly erased until it was discovered in archival documents.<\/p>\n<p>Drawing from the minimal information of Tomb&#8217;s last exhibition in Palestine before his forced exile, the contemporary artists\u2019 responses navigate across painting, photography, multi-media, sculpture and video to move between what was and what could be. They do not reconstruct the past, but reclaim it\u2014through fragments, gestures, and stories passed across generations. Bringing together today\u2019s rising artists alongside the trailblazers of Palestinian modern art, this exhibition is a collective act of resistance paired with interrogation of colonial violence and its consequences on multiple generations.<\/p>\n<p>From Haifa to Gaza, landscapes are revisited not as backgrounds, but as living witnesses; still life is rendered unstable, objects and places teetering between presence and disappearance. Archival fragments reemerge as portals, where loss is neither resolved nor concealed but held, examined, and reimagined. Rather than reconstruct the past, the exhibition inhabits the void\u2014where what is absent does not vanish, but stands determined. In this space, memory becomes an act of return, not to what was, but to what still calls.<\/p>\n<hr \/>\n<p><span style=\"text-decoration: underline;\"><strong>Guided Tour of the Exhibition With Curator Jo\u00eblle Tomb \u2192\u00a0<\/strong><\/span><\/p>\n<p><strong>articule \u2014 September 6th, 1pm to 2pm (English)<\/strong><br \/>\n<em>Free entry, no reservation required. Doors open at noon.\u00a0<\/em><\/p>\n<p><strong>MAI (Montr\u00e9al, arts interculturels) \u2014 September 6th, 3pm to 4pm (French)<br \/>\n<\/strong><em>Free entry, no reservation required. Doors open at 2pm.\u00a0<\/em><\/p>\n<hr \/>\n<p>Consult the Arabic version of the artist statement <a href=\"https:\/\/m-a-i.qc.ca\/wp-content\/uploads\/2025\/09\/TLP-INTRO-Arabic-Final.pdf\">here<\/a>.<\/p>\n","protected":false},"author":4,"featured_media":18579,"template":"","meta":{"footnotes":""},"class_list":["post-18577","event","type-event","status-publish","has-post-thumbnail","hentry","season-25-26-en","event-category-visual-arts","event-program-public-plus"],"acf":[],"yoast_head":"<!-- This site is optimized with the Yoast SEO plugin v19.13 - https:\/\/yoast.com\/wordpress\/plugins\/seo\/ -->\n<title>The Lost Paintings: a Prelude to Return &mdash; MAI | Montr\u00e9al, arts interculturels<\/title>\n<meta name=\"robots\" content=\"index, follow, max-snippet:-1, max-image-preview:large, max-video-preview:-1\" \/>\n<link rel=\"canonical\" href=\"https:\/\/m-a-i.qc.ca\/en\/event\/thelostpaintings\/\" \/>\n<meta property=\"og:locale\" content=\"en_US\" \/>\n<meta property=\"og:type\" content=\"article\" \/>\n<meta property=\"og:title\" content=\"The Lost Paintings: a Prelude to Return &mdash; MAI | Montr\u00e9al, arts interculturels\" \/>\n<meta property=\"og:description\" content=\"This travelling exhibition extends across two venues \u2013 MAI (Montr\u00e9al, arts interculturels) and articule. Curated by Rula Khoury, Jo\u00eblle Tomb and Haidi Motola, this [&hellip;]\" \/>\n<meta property=\"og:url\" content=\"https:\/\/m-a-i.qc.ca\/en\/event\/thelostpaintings\/\" \/>\n<meta property=\"og:site_name\" content=\"MAI | Montr\u00e9al, arts interculturels\" \/>\n<meta property=\"article:publisher\" content=\"http:\/\/facebook.com\/mtlartsinter\" \/>\n<meta property=\"article:modified_time\" content=\"2025-09-02T20:45:51+00:00\" \/>\n<meta property=\"og:image\" content=\"https:\/\/m-a-i.qc.ca\/wp-content\/uploads\/2025\/08\/3.-Ola-Alkrenawi_The-Bride_2024-scaled.jpeg\" \/>\n\t<meta property=\"og:image:width\" content=\"2560\" \/>\n\t<meta property=\"og:image:height\" content=\"1707\" \/>\n\t<meta property=\"og:image:type\" content=\"image\/jpeg\" \/>\n<meta name=\"twitter:card\" content=\"summary_large_image\" \/>\n<meta name=\"twitter:site\" content=\"@mtlartsinter\" \/>\n<meta name=\"twitter:label1\" content=\"Est. reading time\" \/>\n\t<meta name=\"twitter:data1\" content=\"2 minutes\" \/>\n<script type=\"application\/ld+json\" class=\"yoast-schema-graph\">{\"@context\":\"https:\/\/schema.org\",\"@graph\":[{\"@type\":\"WebPage\",\"@id\":\"https:\/\/m-a-i.qc.ca\/en\/event\/thelostpaintings\/\",\"url\":\"https:\/\/m-a-i.qc.ca\/en\/event\/thelostpaintings\/\",\"name\":\"The Lost Paintings: a Prelude to Return &mdash; MAI | Montr\u00e9al, arts interculturels\",\"isPartOf\":{\"@id\":\"https:\/\/www.m-a-i.qc.ca\/en\/#website\"},\"datePublished\":\"2025-08-15T20:10:21+00:00\",\"dateModified\":\"2025-09-02T20:45:51+00:00\",\"breadcrumb\":{\"@id\":\"https:\/\/m-a-i.qc.ca\/en\/event\/thelostpaintings\/#breadcrumb\"},\"inLanguage\":\"en-US\",\"potentialAction\":[{\"@type\":\"ReadAction\",\"target\":[\"https:\/\/m-a-i.qc.ca\/en\/event\/thelostpaintings\/\"]}]},{\"@type\":\"BreadcrumbList\",\"@id\":\"https:\/\/m-a-i.qc.ca\/en\/event\/thelostpaintings\/#breadcrumb\",\"itemListElement\":[{\"@type\":\"ListItem\",\"position\":1,\"name\":\"Accueil\",\"item\":\"https:\/\/m-a-i.qc.ca\/en\/\"},{\"@type\":\"ListItem\",\"position\":2,\"name\":\"the lost paintings: a prelude to return\"}]},{\"@type\":\"WebSite\",\"@id\":\"https:\/\/www.m-a-i.qc.ca\/en\/#website\",\"url\":\"https:\/\/www.m-a-i.qc.ca\/en\/\",\"name\":\"MAI | Montr\u00e9al, arts interculturels\",\"description\":\"La perle des arts interculturels au c\u0153ur de Montr\u00e9al. Arts visuels, th\u00e9\u00e2tre, danse, musique et arts interdisciplinaires. + de 40 \u00e9v\u00e8nements par an\",\"publisher\":{\"@id\":\"https:\/\/www.m-a-i.qc.ca\/en\/#organization\"},\"potentialAction\":[{\"@type\":\"SearchAction\",\"target\":{\"@type\":\"EntryPoint\",\"urlTemplate\":\"https:\/\/www.m-a-i.qc.ca\/en\/?s={search_term_string}\"},\"query-input\":\"required name=search_term_string\"}],\"inLanguage\":\"en-US\"},{\"@type\":\"Organization\",\"@id\":\"https:\/\/www.m-a-i.qc.ca\/en\/#organization\",\"name\":\"MAI (Montr\u00e9al, arts interculturels)\",\"url\":\"https:\/\/www.m-a-i.qc.ca\/en\/\",\"logo\":{\"@type\":\"ImageObject\",\"inLanguage\":\"en-US\",\"@id\":\"https:\/\/www.m-a-i.qc.ca\/en\/#\/schema\/logo\/image\/\",\"url\":\"https:\/\/m-a-i.qc.ca\/wp-content\/uploads\/2024\/02\/logo_mai_noir-1.png\",\"contentUrl\":\"https:\/\/m-a-i.qc.ca\/wp-content\/uploads\/2024\/02\/logo_mai_noir-1.png\",\"width\":1152,\"height\":1152,\"caption\":\"MAI (Montr\u00e9al, arts interculturels)\"},\"image\":{\"@id\":\"https:\/\/www.m-a-i.qc.ca\/en\/#\/schema\/logo\/image\/\"},\"sameAs\":[\"http:\/\/instagram.com\/mtlartsinter\",\"http:\/\/linkedin.com\/company\/mtlartsinter\",\"https:\/\/fr.wikipedia.org\/wiki\/Montral_arts_interculturels\",\"http:\/\/facebook.com\/mtlartsinter\",\"https:\/\/twitter.com\/mtlartsinter\"]}]}<\/script>\n<!-- \/ Yoast SEO plugin. -->","yoast_head_json":{"title":"The Lost Paintings: a Prelude to Return &mdash; MAI | Montr\u00e9al, arts interculturels","robots":{"index":"index","follow":"follow","max-snippet":"max-snippet:-1","max-image-preview":"max-image-preview:large","max-video-preview":"max-video-preview:-1"},"canonical":"https:\/\/m-a-i.qc.ca\/en\/event\/thelostpaintings\/","og_locale":"en_US","og_type":"article","og_title":"The Lost Paintings: a Prelude to Return &mdash; MAI | Montr\u00e9al, arts interculturels","og_description":"This travelling exhibition extends across two venues \u2013 MAI (Montr\u00e9al, arts interculturels) and articule. Curated by Rula Khoury, Jo\u00eblle Tomb and Haidi Motola, this [&hellip;]","og_url":"https:\/\/m-a-i.qc.ca\/en\/event\/thelostpaintings\/","og_site_name":"MAI | Montr\u00e9al, arts interculturels","article_publisher":"http:\/\/facebook.com\/mtlartsinter","article_modified_time":"2025-09-02T20:45:51+00:00","og_image":[{"width":2560,"height":1707,"url":"https:\/\/m-a-i.qc.ca\/wp-content\/uploads\/2025\/08\/3.-Ola-Alkrenawi_The-Bride_2024-scaled.jpeg","type":"image\/jpeg"}],"twitter_card":"summary_large_image","twitter_site":"@mtlartsinter","twitter_misc":{"Est. reading time":"2 minutes"},"schema":{"@context":"https:\/\/schema.org","@graph":[{"@type":"WebPage","@id":"https:\/\/m-a-i.qc.ca\/en\/event\/thelostpaintings\/","url":"https:\/\/m-a-i.qc.ca\/en\/event\/thelostpaintings\/","name":"The Lost Paintings: a Prelude to Return &mdash; MAI | Montr\u00e9al, arts interculturels","isPartOf":{"@id":"https:\/\/www.m-a-i.qc.ca\/en\/#website"},"datePublished":"2025-08-15T20:10:21+00:00","dateModified":"2025-09-02T20:45:51+00:00","breadcrumb":{"@id":"https:\/\/m-a-i.qc.ca\/en\/event\/thelostpaintings\/#breadcrumb"},"inLanguage":"en-US","potentialAction":[{"@type":"ReadAction","target":["https:\/\/m-a-i.qc.ca\/en\/event\/thelostpaintings\/"]}]},{"@type":"BreadcrumbList","@id":"https:\/\/m-a-i.qc.ca\/en\/event\/thelostpaintings\/#breadcrumb","itemListElement":[{"@type":"ListItem","position":1,"name":"Accueil","item":"https:\/\/m-a-i.qc.ca\/en\/"},{"@type":"ListItem","position":2,"name":"the lost paintings: a prelude to return"}]},{"@type":"WebSite","@id":"https:\/\/www.m-a-i.qc.ca\/en\/#website","url":"https:\/\/www.m-a-i.qc.ca\/en\/","name":"MAI | Montr\u00e9al, arts interculturels","description":"La perle des arts interculturels au c\u0153ur de Montr\u00e9al. Arts visuels, th\u00e9\u00e2tre, danse, musique et arts interdisciplinaires. + de 40 \u00e9v\u00e8nements par an","publisher":{"@id":"https:\/\/www.m-a-i.qc.ca\/en\/#organization"},"potentialAction":[{"@type":"SearchAction","target":{"@type":"EntryPoint","urlTemplate":"https:\/\/www.m-a-i.qc.ca\/en\/?s={search_term_string}"},"query-input":"required name=search_term_string"}],"inLanguage":"en-US"},{"@type":"Organization","@id":"https:\/\/www.m-a-i.qc.ca\/en\/#organization","name":"MAI (Montr\u00e9al, arts interculturels)","url":"https:\/\/www.m-a-i.qc.ca\/en\/","logo":{"@type":"ImageObject","inLanguage":"en-US","@id":"https:\/\/www.m-a-i.qc.ca\/en\/#\/schema\/logo\/image\/","url":"https:\/\/m-a-i.qc.ca\/wp-content\/uploads\/2024\/02\/logo_mai_noir-1.png","contentUrl":"https:\/\/m-a-i.qc.ca\/wp-content\/uploads\/2024\/02\/logo_mai_noir-1.png","width":1152,"height":1152,"caption":"MAI (Montr\u00e9al, arts interculturels)"},"image":{"@id":"https:\/\/www.m-a-i.qc.ca\/en\/#\/schema\/logo\/image\/"},"sameAs":["http:\/\/instagram.com\/mtlartsinter","http:\/\/linkedin.com\/company\/mtlartsinter","https:\/\/fr.wikipedia.org\/wiki\/Montral_arts_interculturels","http:\/\/facebook.com\/mtlartsinter","https:\/\/twitter.com\/mtlartsinter"]}]}},"_links":{"self":[{"href":"https:\/\/m-a-i.qc.ca\/en\/wp-json\/wp\/v2\/event\/18577","targetHints":{"allow":["GET"]}}],"collection":[{"href":"https:\/\/m-a-i.qc.ca\/en\/wp-json\/wp\/v2\/event"}],"about":[{"href":"https:\/\/m-a-i.qc.ca\/en\/wp-json\/wp\/v2\/types\/event"}],"author":[{"embeddable":true,"href":"https:\/\/m-a-i.qc.ca\/en\/wp-json\/wp\/v2\/users\/4"}],"version-history":[{"count":11,"href":"https:\/\/m-a-i.qc.ca\/en\/wp-json\/wp\/v2\/event\/18577\/revisions"}],"predecessor-version":[{"id":18758,"href":"https:\/\/m-a-i.qc.ca\/en\/wp-json\/wp\/v2\/event\/18577\/revisions\/18758"}],"wp:featuredmedia":[{"embeddable":true,"href":"https:\/\/m-a-i.qc.ca\/en\/wp-json\/wp\/v2\/media\/18579"}],"wp:attachment":[{"href":"https:\/\/m-a-i.qc.ca\/en\/wp-json\/wp\/v2\/media?parent=18577"}],"curies":[{"name":"wp","href":"https:\/\/api.w.org\/{rel}","templated":true}]}}

<p>This travelling exhibition extends across two venues – MAI (Montréal, arts interculturels) and articule.</p>
<p>Curated by Rula Khoury, Joëlle Tomb and Haidi Motola, this exhibition gathers 53 artists from Palestine and its diaspora across time and borders to reimagine the missing works of Maroun Tomb, a Palestinian-Lebanese artist, whose 1947 exhibition in Haifa was lost amid the mass displacement and dispossession of the Palestinians during the Nakba. The works resurrect a moment that was nearly erased until it was discovered in archival documents.</p>
<p>Drawing from the minimal information of Tomb&#8217;s last exhibition in Palestine before his forced exile, the contemporary artists’ responses navigate across painting, photography, multi-media, sculpture and video to move between what was and what could be. They do not reconstruct the past, but reclaim it—through fragments, gestures, and stories passed across generations. Bringing together today’s rising artists alongside the trailblazers of Palestinian modern art, this exhibition is a collective act of resistance paired with interrogation of colonial violence and its consequences on multiple generations.</p>
<p>From Haifa to Gaza, landscapes are revisited not as backgrounds, but as living witnesses; still life is rendered unstable, objects and places teetering between presence and disappearance. Archival fragments reemerge as portals, where loss is neither resolved nor concealed but held, examined, and reimagined. Rather than reconstruct the past, the exhibition inhabits the void—where what is absent does not vanish, but stands determined. In this space, memory becomes an act of return, not to what was, but to what still calls.</p>
<hr />
<p><span style="text-decoration: underline;"><strong>Guided Tour of the Exhibition With Curator Joëlle Tomb → </strong></span></p>
<p><strong>articule — September 6th, 1pm to 2pm (English)</strong><br />
<em>Free entry, no reservation required. Doors open at noon. </em></p>
<p><strong>MAI (Montréal, arts interculturels) — September 6th, 3pm to 4pm (French)<br />
</strong><em>Free entry, no reservation required. Doors open at 2pm. </em></p>
<hr />
<p>Consult the Arabic version of the artist statement <a href="https://m-a-i.qc.ca/wp-content/uploads/2025/09/TLP-INTRO-Arabic-Final.pdf">here</a>.</p>

<!-- This site is optimized with the Yoast SEO plugin v19.13 - https://yoast.com/wordpress/plugins/seo/ -->
<title>The Lost Paintings: a Prelude to Return &mdash; MAI | Montréal, arts interculturels</title>
<meta name="robots" content="index, follow, max-snippet:-1, max-image-preview:large, max-video-preview:-1" />
<link rel="canonical" href="https://m-a-i.qc.ca/en/event/thelostpaintings/" />
<meta property="og:locale" content="en_US" />
<meta property="og:type" content="article" />
<meta property="og:title" content="The Lost Paintings: a Prelude to Return &mdash; MAI | Montréal, arts interculturels" />
<meta property="og:description" content="This travelling exhibition extends across two venues – MAI (Montréal, arts interculturels) and articule. Curated by Rula Khoury, Joëlle Tomb and Haidi Motola, this [&hellip;]" />
<meta property="og:url" content="https://m-a-i.qc.ca/en/event/thelostpaintings/" />
<meta property="og:site_name" content="MAI | Montréal, arts interculturels" />
<meta property="article:publisher" content="http://facebook.com/mtlartsinter" />
<meta property="article:modified_time" content="2025-09-02T20:45:51+00:00" />
<meta property="og:image" content="https://m-a-i.qc.ca/wp-content/uploads/2025/08/3.-Ola-Alkrenawi_The-Bride_2024-scaled.jpeg" />
	<meta property="og:image:width" content="2560" />
	<meta property="og:image:height" content="1707" />
	<meta property="og:image:type" content="image/jpeg" />
<meta name="twitter:card" content="summary_large_image" />
<meta name="twitter:site" content="@mtlartsinter" />
<meta name="twitter:label1" content="Est. reading time" />
	<meta name="twitter:data1" content="2 minutes" />
<script type="application/ld+json" class="yoast-schema-graph">{"@context":"https://schema.org","@graph":[{"@type":"WebPage","@id":"https://m-a-i.qc.ca/en/event/thelostpaintings/","url":"https://m-a-i.qc.ca/en/event/thelostpaintings/","name":"The Lost Paintings: a Prelude to Return &mdash; MAI | Montréal, arts interculturels","isPartOf":{"@id":"https://www.m-a-i.qc.ca/en/#website"},"datePublished":"2025-08-15T20:10:21+00:00","dateModified":"2025-09-02T20:45:51+00:00","breadcrumb":{"@id":"https://m-a-i.qc.ca/en/event/thelostpaintings/#breadcrumb"},"inLanguage":"en-US","potentialAction":[{"@type":"ReadAction","target":["https://m-a-i.qc.ca/en/event/thelostpaintings/"]}]},{"@type":"BreadcrumbList","@id":"https://m-a-i.qc.ca/en/event/thelostpaintings/#breadcrumb","itemListElement":[{"@type":"ListItem","position":1,"name":"Accueil","item":"https://m-a-i.qc.ca/en/"},{"@type":"ListItem","position":2,"name":"the lost paintings: a prelude to return"}]},{"@type":"WebSite","@id":"https://www.m-a-i.qc.ca/en/#website","url":"https://www.m-a-i.qc.ca/en/","name":"MAI | Montréal, arts interculturels","description":"La perle des arts interculturels au cœur de Montréal. Arts visuels, théâtre, danse, musique et arts interdisciplinaires. + de 40 évènements par an","publisher":{"@id":"https://www.m-a-i.qc.ca/en/#organization"},"potentialAction":[{"@type":"SearchAction","target":{"@type":"EntryPoint","urlTemplate":"https://www.m-a-i.qc.ca/en/?s={search_term_string}"},"query-input":"required name=search_term_string"}],"inLanguage":"en-US"},{"@type":"Organization","@id":"https://www.m-a-i.qc.ca/en/#organization","name":"MAI (Montréal, arts interculturels)","url":"https://www.m-a-i.qc.ca/en/","logo":{"@type":"ImageObject","inLanguage":"en-US","@id":"https://www.m-a-i.qc.ca/en/#/schema/logo/image/","url":"https://m-a-i.qc.ca/wp-content/uploads/2024/02/logo_mai_noir-1.png","contentUrl":"https://m-a-i.qc.ca/wp-content/uploads/2024/02/logo_mai_noir-1.png","width":1152,"height":1152,"caption":"MAI (Montréal, arts interculturels)"},"image":{"@id":"https://www.m-a-i.qc.ca/en/#/schema/logo/image/"},"sameAs":["http://instagram.com/mtlartsinter","http://linkedin.com/company/mtlartsinter","https://fr.wikipedia.org/wiki/Montral_arts_interculturels","http://facebook.com/mtlartsinter","https://twitter.com/mtlartsinter"]}]}</script>
<!-- / Yoast SEO plugin. -->

The Lost Paintings: a Prelude to Return &mdash; MAI | Montréal, arts interculturels

This travelling exhibition extends across two venues – MAI (Montréal, arts interculturels) and articule. Curated by Rula Khoury, Joëlle Tomb and Haidi Motola, this [&hellip;]

MAI | Montréal, arts interculturels

La perle des arts interculturels au cœur de Montréal. Arts visuels, théâtre, danse, musique et arts interdisciplinaires. + de 40 évènements par an

MAI (Montréal, arts interculturels)
