{"id":16732,"date":"2024-08-11T22:05:04","date_gmt":"2024-08-12T02:05:04","guid":{"rendered":"https:\/\/m-a-i.qc.ca\/?post_type=event&#038;p=16732"},"modified":"2025-02-01T12:40:51","modified_gmt":"2025-02-01T17:40:51","slug":"anxiety","status":"publish","type":"event","link":"https:\/\/m-a-i.qc.ca\/en\/event\/anxiety\/","title":{"rendered":"anxiety"},"content":{"rendered":"<p style=\"text-align: left;\"><span style=\"color: #e5007d;\"><strong><i>Anxiety<\/i><\/strong><\/span><span style=\"font-weight: 400;\"> delves into the history, personal stories, and current realities of Indigenous and racialized communities. Led by <span style=\"color: #e5007d;\"><strong>Simik Komaksiutiksak<\/strong><\/span>, artists Cheyenne LeGrande, Courtney Taticek, Chrystal Tam, <\/span><span style=\"font-weight: 400;\">and Katie Couchie use dance to draw attention to the transformative power of collaboration\u2014 its capacity for healing through trust and creativity. In doing so, this performance becomes a safe space for reflection and dialogue, ultimately employing improvisational movement as a vehicle to explore intergenerational trauma. Because the body holds onto memory, anxiety can manifest as unique mannerisms. To address it is to forge new paths, offering an opportunity to question, reflect, and engage with important sociological issues.<\/span><\/p>\n<p style=\"text-align: left;\"><strong><span style=\"font-size: 12pt;\">Talkback following the January 31st performance moderated by Camille Lariv\u00e9e<\/span><\/strong><\/p>\n<p><a class=\"theme_button\" href=\"https:\/\/m-a-i.tuxedobillet.com\/main\/anxiety\" target=\"_blank\" rel=\"noopener noreferrer\">box office<\/a><\/p>\n<hr \/>\n<p><em><strong>Content <\/strong><strong>warning<br \/>\n<\/strong><\/em>Colonial violence + High volume<\/p>\n<hr \/>\n<p><strong>PUBLIC+<\/strong><\/p>\n<p>\u2192 <strong><a href=\"https:\/\/m-a-i.qc.ca\/en\/public-plus\/audio-description\/\">Audiodescription for visually impaired and semi-vision-impaired spectators<\/a><br \/>\nFriday, January 31st \u2014 7:30 p.m.<\/strong><br \/>\nAudiodescription involves orally and live describing of the visual and sensory elements of a choreographic work, so that it can be transmitted, shared and experienced.<\/p>\n<p>\u2192 <a href=\"https:\/\/m-a-i.qc.ca\/en\/public-plus\/deaf-spectators\/\"><strong>Pre-show get-togethers in ASL and LSQ<\/strong><\/a><br \/>\n<strong>Friday, January 31st \u2014 6:30 p.m. to 7:30 p.m.<br \/>\n<\/strong>Pre-show get-togethers are offered in ASL and LSQ with MAI\u2019s Deaf cultural mediators, Dominique Ireland and Caroline Hould. The meeting provides an opportunity to discuss the show\u2019s themes, the artists\u2019 backgrounds and the performance\u2019s soundtrack.<\/p>\n<p>\u2192 <b>Anxiety After Party<\/b><br \/>\n<strong>Saturday, February 1st \u2014 Following the 7:30 p.m. performance<br \/>\n<\/strong>Anxiety&#8217;s team warmly invites spectators, friends, family and other members of their communities to join in this evening of celebration with DJ P\u00f8ptrt!<\/p>\n<p>\u2192 <a href=\"https:\/\/m-a-i.qc.ca\/en\/2025\/01\/mumiq-market-anxiety\/\"><strong>Mumiq<\/strong>:<strong>Indigenous Artisans&#8217; Market<\/strong><\/a><br \/>\n<strong>Friday, January 31st + Saturday, February 1st \u2014 12 p.m. to 7 p.m.<br \/>\n<\/strong>MAI gallery<br \/>\nCome and meet Indigenous artisans before attending Anxiety&#8217;s performances on Friday and Saturday!<br \/>\n*Free admission, artwork for sale on site.<\/p>\n","protected":false},"author":17,"featured_media":17572,"template":"","meta":{"footnotes":""},"class_list":["post-16732","event","type-event","status-publish","has-post-thumbnail","hentry","season-24-25-en","event-category-dance","event-category-performance","event-program-public-plus"],"acf":[],"yoast_head":"<!-- This site is optimized with the Yoast SEO plugin v19.13 - https:\/\/yoast.com\/wordpress\/plugins\/seo\/ -->\n<title>Anxiety &mdash; MAI | Montr\u00e9al, arts interculturels<\/title>\n<meta name=\"robots\" content=\"index, follow, max-snippet:-1, max-image-preview:large, max-video-preview:-1\" \/>\n<link rel=\"canonical\" href=\"https:\/\/m-a-i.qc.ca\/en\/event\/anxiety\/\" \/>\n<meta property=\"og:locale\" content=\"en_US\" \/>\n<meta property=\"og:type\" content=\"article\" \/>\n<meta property=\"og:title\" content=\"Anxiety &mdash; MAI | Montr\u00e9al, arts interculturels\" \/>\n<meta property=\"og:description\" content=\"Anxiety delves into the history, personal stories, and current realities of Indigenous and racialized communities. Led by Simik Komaksiutiksak, artists Cheyenne LeGrande, Courtney Taticek, [&hellip;]\" \/>\n<meta property=\"og:url\" content=\"https:\/\/m-a-i.qc.ca\/en\/event\/anxiety\/\" \/>\n<meta property=\"og:site_name\" content=\"MAI | Montr\u00e9al, arts interculturels\" \/>\n<meta property=\"article:publisher\" content=\"http:\/\/facebook.com\/mtlartsinter\" \/>\n<meta property=\"article:modified_time\" content=\"2025-02-01T17:40:51+00:00\" \/>\n<meta property=\"og:image\" content=\"https:\/\/m-a-i.qc.ca\/wp-content\/uploads\/2024\/08\/IMG_2679-scaled.jpeg\" \/>\n\t<meta property=\"og:image:width\" content=\"2560\" \/>\n\t<meta property=\"og:image:height\" content=\"1707\" \/>\n\t<meta property=\"og:image:type\" content=\"image\/jpeg\" \/>\n<meta name=\"twitter:card\" content=\"summary_large_image\" \/>\n<meta name=\"twitter:site\" content=\"@mtlartsinter\" \/>\n<meta name=\"twitter:label1\" content=\"Est. reading time\" \/>\n\t<meta name=\"twitter:data1\" content=\"2 minutes\" \/>\n<script type=\"application\/ld+json\" class=\"yoast-schema-graph\">{\"@context\":\"https:\/\/schema.org\",\"@graph\":[{\"@type\":\"WebPage\",\"@id\":\"https:\/\/m-a-i.qc.ca\/en\/event\/anxiety\/\",\"url\":\"https:\/\/m-a-i.qc.ca\/en\/event\/anxiety\/\",\"name\":\"Anxiety &mdash; MAI | Montr\u00e9al, arts interculturels\",\"isPartOf\":{\"@id\":\"https:\/\/www.m-a-i.qc.ca\/en\/#website\"},\"datePublished\":\"2024-08-12T02:05:04+00:00\",\"dateModified\":\"2025-02-01T17:40:51+00:00\",\"breadcrumb\":{\"@id\":\"https:\/\/m-a-i.qc.ca\/en\/event\/anxiety\/#breadcrumb\"},\"inLanguage\":\"en-US\",\"potentialAction\":[{\"@type\":\"ReadAction\",\"target\":[\"https:\/\/m-a-i.qc.ca\/en\/event\/anxiety\/\"]}]},{\"@type\":\"BreadcrumbList\",\"@id\":\"https:\/\/m-a-i.qc.ca\/en\/event\/anxiety\/#breadcrumb\",\"itemListElement\":[{\"@type\":\"ListItem\",\"position\":1,\"name\":\"Accueil\",\"item\":\"https:\/\/m-a-i.qc.ca\/en\/\"},{\"@type\":\"ListItem\",\"position\":2,\"name\":\"anxiety\"}]},{\"@type\":\"WebSite\",\"@id\":\"https:\/\/www.m-a-i.qc.ca\/en\/#website\",\"url\":\"https:\/\/www.m-a-i.qc.ca\/en\/\",\"name\":\"MAI | Montr\u00e9al, arts interculturels\",\"description\":\"La perle des arts interculturels au c\u0153ur de Montr\u00e9al. Arts visuels, th\u00e9\u00e2tre, danse, musique et arts interdisciplinaires. + de 40 \u00e9v\u00e8nements par an\",\"publisher\":{\"@id\":\"https:\/\/www.m-a-i.qc.ca\/en\/#organization\"},\"potentialAction\":[{\"@type\":\"SearchAction\",\"target\":{\"@type\":\"EntryPoint\",\"urlTemplate\":\"https:\/\/www.m-a-i.qc.ca\/en\/?s={search_term_string}\"},\"query-input\":\"required name=search_term_string\"}],\"inLanguage\":\"en-US\"},{\"@type\":\"Organization\",\"@id\":\"https:\/\/www.m-a-i.qc.ca\/en\/#organization\",\"name\":\"MAI (Montr\u00e9al, arts interculturels)\",\"url\":\"https:\/\/www.m-a-i.qc.ca\/en\/\",\"logo\":{\"@type\":\"ImageObject\",\"inLanguage\":\"en-US\",\"@id\":\"https:\/\/www.m-a-i.qc.ca\/en\/#\/schema\/logo\/image\/\",\"url\":\"https:\/\/m-a-i.qc.ca\/wp-content\/uploads\/2024\/02\/logo_mai_noir-1.png\",\"contentUrl\":\"https:\/\/m-a-i.qc.ca\/wp-content\/uploads\/2024\/02\/logo_mai_noir-1.png\",\"width\":1152,\"height\":1152,\"caption\":\"MAI (Montr\u00e9al, arts interculturels)\"},\"image\":{\"@id\":\"https:\/\/www.m-a-i.qc.ca\/en\/#\/schema\/logo\/image\/\"},\"sameAs\":[\"http:\/\/instagram.com\/mtlartsinter\",\"http:\/\/linkedin.com\/company\/mtlartsinter\",\"https:\/\/fr.wikipedia.org\/wiki\/Montral_arts_interculturels\",\"http:\/\/facebook.com\/mtlartsinter\",\"https:\/\/twitter.com\/mtlartsinter\"]}]}<\/script>\n<!-- \/ Yoast SEO plugin. -->","yoast_head_json":{"title":"Anxiety &mdash; MAI | Montr\u00e9al, arts interculturels","robots":{"index":"index","follow":"follow","max-snippet":"max-snippet:-1","max-image-preview":"max-image-preview:large","max-video-preview":"max-video-preview:-1"},"canonical":"https:\/\/m-a-i.qc.ca\/en\/event\/anxiety\/","og_locale":"en_US","og_type":"article","og_title":"Anxiety &mdash; MAI | Montr\u00e9al, arts interculturels","og_description":"Anxiety delves into the history, personal stories, and current realities of Indigenous and racialized communities. Led by Simik Komaksiutiksak, artists Cheyenne LeGrande, Courtney Taticek, [&hellip;]","og_url":"https:\/\/m-a-i.qc.ca\/en\/event\/anxiety\/","og_site_name":"MAI | Montr\u00e9al, arts interculturels","article_publisher":"http:\/\/facebook.com\/mtlartsinter","article_modified_time":"2025-02-01T17:40:51+00:00","og_image":[{"width":2560,"height":1707,"url":"https:\/\/m-a-i.qc.ca\/wp-content\/uploads\/2024\/08\/IMG_2679-scaled.jpeg","type":"image\/jpeg"}],"twitter_card":"summary_large_image","twitter_site":"@mtlartsinter","twitter_misc":{"Est. reading time":"2 minutes"},"schema":{"@context":"https:\/\/schema.org","@graph":[{"@type":"WebPage","@id":"https:\/\/m-a-i.qc.ca\/en\/event\/anxiety\/","url":"https:\/\/m-a-i.qc.ca\/en\/event\/anxiety\/","name":"Anxiety &mdash; MAI | Montr\u00e9al, arts interculturels","isPartOf":{"@id":"https:\/\/www.m-a-i.qc.ca\/en\/#website"},"datePublished":"2024-08-12T02:05:04+00:00","dateModified":"2025-02-01T17:40:51+00:00","breadcrumb":{"@id":"https:\/\/m-a-i.qc.ca\/en\/event\/anxiety\/#breadcrumb"},"inLanguage":"en-US","potentialAction":[{"@type":"ReadAction","target":["https:\/\/m-a-i.qc.ca\/en\/event\/anxiety\/"]}]},{"@type":"BreadcrumbList","@id":"https:\/\/m-a-i.qc.ca\/en\/event\/anxiety\/#breadcrumb","itemListElement":[{"@type":"ListItem","position":1,"name":"Accueil","item":"https:\/\/m-a-i.qc.ca\/en\/"},{"@type":"ListItem","position":2,"name":"anxiety"}]},{"@type":"WebSite","@id":"https:\/\/www.m-a-i.qc.ca\/en\/#website","url":"https:\/\/www.m-a-i.qc.ca\/en\/","name":"MAI | Montr\u00e9al, arts interculturels","description":"La perle des arts interculturels au c\u0153ur de Montr\u00e9al. Arts visuels, th\u00e9\u00e2tre, danse, musique et arts interdisciplinaires. + de 40 \u00e9v\u00e8nements par an","publisher":{"@id":"https:\/\/www.m-a-i.qc.ca\/en\/#organization"},"potentialAction":[{"@type":"SearchAction","target":{"@type":"EntryPoint","urlTemplate":"https:\/\/www.m-a-i.qc.ca\/en\/?s={search_term_string}"},"query-input":"required name=search_term_string"}],"inLanguage":"en-US"},{"@type":"Organization","@id":"https:\/\/www.m-a-i.qc.ca\/en\/#organization","name":"MAI (Montr\u00e9al, arts interculturels)","url":"https:\/\/www.m-a-i.qc.ca\/en\/","logo":{"@type":"ImageObject","inLanguage":"en-US","@id":"https:\/\/www.m-a-i.qc.ca\/en\/#\/schema\/logo\/image\/","url":"https:\/\/m-a-i.qc.ca\/wp-content\/uploads\/2024\/02\/logo_mai_noir-1.png","contentUrl":"https:\/\/m-a-i.qc.ca\/wp-content\/uploads\/2024\/02\/logo_mai_noir-1.png","width":1152,"height":1152,"caption":"MAI (Montr\u00e9al, arts interculturels)"},"image":{"@id":"https:\/\/www.m-a-i.qc.ca\/en\/#\/schema\/logo\/image\/"},"sameAs":["http:\/\/instagram.com\/mtlartsinter","http:\/\/linkedin.com\/company\/mtlartsinter","https:\/\/fr.wikipedia.org\/wiki\/Montral_arts_interculturels","http:\/\/facebook.com\/mtlartsinter","https:\/\/twitter.com\/mtlartsinter"]}]}},"_links":{"self":[{"href":"https:\/\/m-a-i.qc.ca\/en\/wp-json\/wp\/v2\/event\/16732","targetHints":{"allow":["GET"]}}],"collection":[{"href":"https:\/\/m-a-i.qc.ca\/en\/wp-json\/wp\/v2\/event"}],"about":[{"href":"https:\/\/m-a-i.qc.ca\/en\/wp-json\/wp\/v2\/types\/event"}],"author":[{"embeddable":true,"href":"https:\/\/m-a-i.qc.ca\/en\/wp-json\/wp\/v2\/users\/17"}],"version-history":[{"count":26,"href":"https:\/\/m-a-i.qc.ca\/en\/wp-json\/wp\/v2\/event\/16732\/revisions"}],"predecessor-version":[{"id":18072,"href":"https:\/\/m-a-i.qc.ca\/en\/wp-json\/wp\/v2\/event\/16732\/revisions\/18072"}],"wp:featuredmedia":[{"embeddable":true,"href":"https:\/\/m-a-i.qc.ca\/en\/wp-json\/wp\/v2\/media\/17572"}],"wp:attachment":[{"href":"https:\/\/m-a-i.qc.ca\/en\/wp-json\/wp\/v2\/media?parent=16732"}],"curies":[{"name":"wp","href":"https:\/\/api.w.org\/{rel}","templated":true}]}}

<p style="text-align: left;"><span style="color: #e5007d;"><strong><i>Anxiety</i></strong></span><span style="font-weight: 400;"> delves into the history, personal stories, and current realities of Indigenous and racialized communities. Led by <span style="color: #e5007d;"><strong>Simik Komaksiutiksak</strong></span>, artists Cheyenne LeGrande, Courtney Taticek, Chrystal Tam, </span><span style="font-weight: 400;">and Katie Couchie use dance to draw attention to the transformative power of collaboration— its capacity for healing through trust and creativity. In doing so, this performance becomes a safe space for reflection and dialogue, ultimately employing improvisational movement as a vehicle to explore intergenerational trauma. Because the body holds onto memory, anxiety can manifest as unique mannerisms. To address it is to forge new paths, offering an opportunity to question, reflect, and engage with important sociological issues.</span></p>
<p style="text-align: left;"><strong><span style="font-size: 12pt;">Talkback following the January 31st performance moderated by Camille Larivée</span></strong></p>
<p><a class="theme_button" href="https://m-a-i.tuxedobillet.com/main/anxiety" target="_blank" rel="noopener noreferrer">box office</a></p>
<hr />
<p><em><strong>Content </strong><strong>warning<br />
</strong></em>Colonial violence + High volume</p>
<hr />
<p><strong>PUBLIC+</strong></p>
<p>→ <strong><a href="https://m-a-i.qc.ca/en/public-plus/audio-description/">Audiodescription for visually impaired and semi-vision-impaired spectators</a><br />
Friday, January 31st — 7:30 p.m.</strong><br />
Audiodescription involves orally and live describing of the visual and sensory elements of a choreographic work, so that it can be transmitted, shared and experienced.</p>
<p>→ <a href="https://m-a-i.qc.ca/en/public-plus/deaf-spectators/"><strong>Pre-show get-togethers in ASL and LSQ</strong></a><br />
<strong>Friday, January 31st — 6:30 p.m. to 7:30 p.m.<br />
</strong>Pre-show get-togethers are offered in ASL and LSQ with MAI’s Deaf cultural mediators, Dominique Ireland and Caroline Hould. The meeting provides an opportunity to discuss the show’s themes, the artists’ backgrounds and the performance’s soundtrack.</p>
<p>→ <b>Anxiety After Party</b><br />
<strong>Saturday, February 1st — Following the 7:30 p.m. performance<br />
</strong>Anxiety&#8217;s team warmly invites spectators, friends, family and other members of their communities to join in this evening of celebration with DJ Pøptrt!</p>
<p>→ <a href="https://m-a-i.qc.ca/en/2025/01/mumiq-market-anxiety/"><strong>Mumiq</strong>:<strong>Indigenous Artisans&#8217; Market</strong></a><br />
<strong>Friday, January 31st + Saturday, February 1st — 12 p.m. to 7 p.m.<br />
</strong>MAI gallery<br />
Come and meet Indigenous artisans before attending Anxiety&#8217;s performances on Friday and Saturday!<br />
*Free admission, artwork for sale on site.</p>

<!-- This site is optimized with the Yoast SEO plugin v19.13 - https://yoast.com/wordpress/plugins/seo/ -->
<title>Anxiety &mdash; MAI | Montréal, arts interculturels</title>
<meta name="robots" content="index, follow, max-snippet:-1, max-image-preview:large, max-video-preview:-1" />
<link rel="canonical" href="https://m-a-i.qc.ca/en/event/anxiety/" />
<meta property="og:locale" content="en_US" />
<meta property="og:type" content="article" />
<meta property="og:title" content="Anxiety &mdash; MAI | Montréal, arts interculturels" />
<meta property="og:description" content="Anxiety delves into the history, personal stories, and current realities of Indigenous and racialized communities. Led by Simik Komaksiutiksak, artists Cheyenne LeGrande, Courtney Taticek, [&hellip;]" />
<meta property="og:url" content="https://m-a-i.qc.ca/en/event/anxiety/" />
<meta property="og:site_name" content="MAI | Montréal, arts interculturels" />
<meta property="article:publisher" content="http://facebook.com/mtlartsinter" />
<meta property="article:modified_time" content="2025-02-01T17:40:51+00:00" />
<meta property="og:image" content="https://m-a-i.qc.ca/wp-content/uploads/2024/08/IMG_2679-scaled.jpeg" />
	<meta property="og:image:width" content="2560" />
	<meta property="og:image:height" content="1707" />
	<meta property="og:image:type" content="image/jpeg" />
<meta name="twitter:card" content="summary_large_image" />
<meta name="twitter:site" content="@mtlartsinter" />
<meta name="twitter:label1" content="Est. reading time" />
	<meta name="twitter:data1" content="2 minutes" />
<script type="application/ld+json" class="yoast-schema-graph">{"@context":"https://schema.org","@graph":[{"@type":"WebPage","@id":"https://m-a-i.qc.ca/en/event/anxiety/","url":"https://m-a-i.qc.ca/en/event/anxiety/","name":"Anxiety &mdash; MAI | Montréal, arts interculturels","isPartOf":{"@id":"https://www.m-a-i.qc.ca/en/#website"},"datePublished":"2024-08-12T02:05:04+00:00","dateModified":"2025-02-01T17:40:51+00:00","breadcrumb":{"@id":"https://m-a-i.qc.ca/en/event/anxiety/#breadcrumb"},"inLanguage":"en-US","potentialAction":[{"@type":"ReadAction","target":["https://m-a-i.qc.ca/en/event/anxiety/"]}]},{"@type":"BreadcrumbList","@id":"https://m-a-i.qc.ca/en/event/anxiety/#breadcrumb","itemListElement":[{"@type":"ListItem","position":1,"name":"Accueil","item":"https://m-a-i.qc.ca/en/"},{"@type":"ListItem","position":2,"name":"anxiety"}]},{"@type":"WebSite","@id":"https://www.m-a-i.qc.ca/en/#website","url":"https://www.m-a-i.qc.ca/en/","name":"MAI | Montréal, arts interculturels","description":"La perle des arts interculturels au cœur de Montréal. Arts visuels, théâtre, danse, musique et arts interdisciplinaires. + de 40 évènements par an","publisher":{"@id":"https://www.m-a-i.qc.ca/en/#organization"},"potentialAction":[{"@type":"SearchAction","target":{"@type":"EntryPoint","urlTemplate":"https://www.m-a-i.qc.ca/en/?s={search_term_string}"},"query-input":"required name=search_term_string"}],"inLanguage":"en-US"},{"@type":"Organization","@id":"https://www.m-a-i.qc.ca/en/#organization","name":"MAI (Montréal, arts interculturels)","url":"https://www.m-a-i.qc.ca/en/","logo":{"@type":"ImageObject","inLanguage":"en-US","@id":"https://www.m-a-i.qc.ca/en/#/schema/logo/image/","url":"https://m-a-i.qc.ca/wp-content/uploads/2024/02/logo_mai_noir-1.png","contentUrl":"https://m-a-i.qc.ca/wp-content/uploads/2024/02/logo_mai_noir-1.png","width":1152,"height":1152,"caption":"MAI (Montréal, arts interculturels)"},"image":{"@id":"https://www.m-a-i.qc.ca/en/#/schema/logo/image/"},"sameAs":["http://instagram.com/mtlartsinter","http://linkedin.com/company/mtlartsinter","https://fr.wikipedia.org/wiki/Montral_arts_interculturels","http://facebook.com/mtlartsinter","https://twitter.com/mtlartsinter"]}]}</script>
<!-- / Yoast SEO plugin. -->

Anxiety &mdash; MAI | Montréal, arts interculturels

MAI | Montréal, arts interculturels

La perle des arts interculturels au cœur de Montréal. Arts visuels, théâtre, danse, musique et arts interdisciplinaires. + de 40 évènements par an

MAI (Montréal, arts interculturels)
