{"id":16718,"date":"2024-08-11T21:42:13","date_gmt":"2024-08-12T01:42:13","guid":{"rendered":"https:\/\/m-a-i.qc.ca\/?post_type=event&#038;p=16718"},"modified":"2024-11-28T16:15:30","modified_gmt":"2024-11-28T21:15:30","slug":"seen-and-heard","status":"publish","type":"event","link":"https:\/\/m-a-i.qc.ca\/en\/event\/seen-and-heard\/","title":{"rendered":"seen and heard"},"content":{"rendered":"<p><span style=\"font-weight: 400;\"><span style=\"color: #e5007d;\"><strong>Louise Liliefeldt<\/strong><\/span>&#8216;s solo performance <span style=\"color: #e5007d;\"><em><strong>Seen and Heard<\/strong><\/em><\/span> is a raw and immersive exploration of struggle. Taking inspiration from the pain and strength inherent in the human condition, Liliefeldt&#8217;s work delves into the complexities of race, labour, and migration.<\/span><\/p>\n<p>Using repetition and rhythm, Liliefeldt creates tension and a sense of urgency. Through full-body movement, and at times vocal sounds, Liliefeldt draws with different parts of her being. She paints the walls with the rhythmic pulse of a heartbeat, inviting the audience to experience the emotional and psychological states she embodies. Her work is often dark in nature but she always attempts to create a positive and powerful outcome.<\/p>\n<p style=\"text-align: center;\"><a class=\"theme_button\" href=\"https:\/\/m-a-i.tuxedobillet.com\/main\/untitled\" target=\"_blank\" rel=\"noopener noreferrer\">box office<\/a><\/p>\n<hr \/>\n<p style=\"text-align: left;\"><strong><em>Content Warning<br \/>\n<\/em><\/strong>&#8211; Loud vocalizations resembling pain will be part of the performance.<br \/>\n&#8211; Physical actions, such as using a homemade whip, may appear distressing but are not self-harm.<\/p>\n","protected":false},"author":17,"featured_media":17559,"template":"","meta":{"footnotes":""},"class_list":["post-16718","event","type-event","status-publish","has-post-thumbnail","hentry","season-24-25-en","event-category-performance","event-program-public-plus"],"acf":[],"yoast_head":"<!-- This site is optimized with the Yoast SEO plugin v19.13 - https:\/\/yoast.com\/wordpress\/plugins\/seo\/ -->\n<title>Seen and Heard &mdash; MAI | Montr\u00e9al, arts interculturels<\/title>\n<meta name=\"robots\" content=\"index, follow, max-snippet:-1, max-image-preview:large, max-video-preview:-1\" \/>\n<link rel=\"canonical\" href=\"https:\/\/m-a-i.qc.ca\/en\/event\/seen-and-heard\/\" \/>\n<meta property=\"og:locale\" content=\"en_US\" \/>\n<meta property=\"og:type\" content=\"article\" \/>\n<meta property=\"og:title\" content=\"Seen and Heard &mdash; MAI | Montr\u00e9al, arts interculturels\" \/>\n<meta property=\"og:description\" content=\"Louise Liliefeldt&#8216;s solo performance Seen and Heard is a raw and immersive exploration of struggle. Taking inspiration from the pain and strength inherent in [&hellip;]\" \/>\n<meta property=\"og:url\" content=\"https:\/\/m-a-i.qc.ca\/en\/event\/seen-and-heard\/\" \/>\n<meta property=\"og:site_name\" content=\"MAI | Montr\u00e9al, arts interculturels\" \/>\n<meta property=\"article:publisher\" content=\"http:\/\/facebook.com\/mtlartsinter\" \/>\n<meta property=\"article:modified_time\" content=\"2024-11-28T21:15:30+00:00\" \/>\n<meta property=\"og:image\" content=\"https:\/\/m-a-i.qc.ca\/wp-content\/uploads\/2024\/08\/Louise-Seen-and-Heard-Website.png\" \/>\n\t<meta property=\"og:image:width\" content=\"1200\" \/>\n\t<meta property=\"og:image:height\" content=\"600\" \/>\n\t<meta property=\"og:image:type\" content=\"image\/png\" \/>\n<meta name=\"twitter:card\" content=\"summary_large_image\" \/>\n<meta name=\"twitter:site\" content=\"@mtlartsinter\" \/>\n<meta name=\"twitter:label1\" content=\"Est. reading time\" \/>\n\t<meta name=\"twitter:data1\" content=\"1 minute\" \/>\n<script type=\"application\/ld+json\" class=\"yoast-schema-graph\">{\"@context\":\"https:\/\/schema.org\",\"@graph\":[{\"@type\":\"WebPage\",\"@id\":\"https:\/\/m-a-i.qc.ca\/en\/event\/seen-and-heard\/\",\"url\":\"https:\/\/m-a-i.qc.ca\/en\/event\/seen-and-heard\/\",\"name\":\"Seen and Heard &mdash; MAI | Montr\u00e9al, arts interculturels\",\"isPartOf\":{\"@id\":\"https:\/\/www.m-a-i.qc.ca\/en\/#website\"},\"datePublished\":\"2024-08-12T01:42:13+00:00\",\"dateModified\":\"2024-11-28T21:15:30+00:00\",\"breadcrumb\":{\"@id\":\"https:\/\/m-a-i.qc.ca\/en\/event\/seen-and-heard\/#breadcrumb\"},\"inLanguage\":\"en-US\",\"potentialAction\":[{\"@type\":\"ReadAction\",\"target\":[\"https:\/\/m-a-i.qc.ca\/en\/event\/seen-and-heard\/\"]}]},{\"@type\":\"BreadcrumbList\",\"@id\":\"https:\/\/m-a-i.qc.ca\/en\/event\/seen-and-heard\/#breadcrumb\",\"itemListElement\":[{\"@type\":\"ListItem\",\"position\":1,\"name\":\"Accueil\",\"item\":\"https:\/\/m-a-i.qc.ca\/en\/\"},{\"@type\":\"ListItem\",\"position\":2,\"name\":\"seen and heard\"}]},{\"@type\":\"WebSite\",\"@id\":\"https:\/\/www.m-a-i.qc.ca\/en\/#website\",\"url\":\"https:\/\/www.m-a-i.qc.ca\/en\/\",\"name\":\"MAI | Montr\u00e9al, arts interculturels\",\"description\":\"La perle des arts interculturels au c\u0153ur de Montr\u00e9al. Arts visuels, th\u00e9\u00e2tre, danse, musique et arts interdisciplinaires. + de 40 \u00e9v\u00e8nements par an\",\"publisher\":{\"@id\":\"https:\/\/www.m-a-i.qc.ca\/en\/#organization\"},\"potentialAction\":[{\"@type\":\"SearchAction\",\"target\":{\"@type\":\"EntryPoint\",\"urlTemplate\":\"https:\/\/www.m-a-i.qc.ca\/en\/?s={search_term_string}\"},\"query-input\":\"required name=search_term_string\"}],\"inLanguage\":\"en-US\"},{\"@type\":\"Organization\",\"@id\":\"https:\/\/www.m-a-i.qc.ca\/en\/#organization\",\"name\":\"MAI (Montr\u00e9al, arts interculturels)\",\"url\":\"https:\/\/www.m-a-i.qc.ca\/en\/\",\"logo\":{\"@type\":\"ImageObject\",\"inLanguage\":\"en-US\",\"@id\":\"https:\/\/www.m-a-i.qc.ca\/en\/#\/schema\/logo\/image\/\",\"url\":\"https:\/\/m-a-i.qc.ca\/wp-content\/uploads\/2024\/02\/logo_mai_noir-1.png\",\"contentUrl\":\"https:\/\/m-a-i.qc.ca\/wp-content\/uploads\/2024\/02\/logo_mai_noir-1.png\",\"width\":1152,\"height\":1152,\"caption\":\"MAI (Montr\u00e9al, arts interculturels)\"},\"image\":{\"@id\":\"https:\/\/www.m-a-i.qc.ca\/en\/#\/schema\/logo\/image\/\"},\"sameAs\":[\"http:\/\/instagram.com\/mtlartsinter\",\"http:\/\/linkedin.com\/company\/mtlartsinter\",\"https:\/\/fr.wikipedia.org\/wiki\/Montral_arts_interculturels\",\"http:\/\/facebook.com\/mtlartsinter\",\"https:\/\/twitter.com\/mtlartsinter\"]}]}<\/script>\n<!-- \/ Yoast SEO plugin. -->","yoast_head_json":{"title":"Seen and Heard &mdash; MAI | Montr\u00e9al, arts interculturels","robots":{"index":"index","follow":"follow","max-snippet":"max-snippet:-1","max-image-preview":"max-image-preview:large","max-video-preview":"max-video-preview:-1"},"canonical":"https:\/\/m-a-i.qc.ca\/en\/event\/seen-and-heard\/","og_locale":"en_US","og_type":"article","og_title":"Seen and Heard &mdash; MAI | Montr\u00e9al, arts interculturels","og_description":"Louise Liliefeldt&#8216;s solo performance Seen and Heard is a raw and immersive exploration of struggle. Taking inspiration from the pain and strength inherent in [&hellip;]","og_url":"https:\/\/m-a-i.qc.ca\/en\/event\/seen-and-heard\/","og_site_name":"MAI | Montr\u00e9al, arts interculturels","article_publisher":"http:\/\/facebook.com\/mtlartsinter","article_modified_time":"2024-11-28T21:15:30+00:00","og_image":[{"width":1200,"height":600,"url":"https:\/\/m-a-i.qc.ca\/wp-content\/uploads\/2024\/08\/Louise-Seen-and-Heard-Website.png","type":"image\/png"}],"twitter_card":"summary_large_image","twitter_site":"@mtlartsinter","twitter_misc":{"Est. reading time":"1 minute"},"schema":{"@context":"https:\/\/schema.org","@graph":[{"@type":"WebPage","@id":"https:\/\/m-a-i.qc.ca\/en\/event\/seen-and-heard\/","url":"https:\/\/m-a-i.qc.ca\/en\/event\/seen-and-heard\/","name":"Seen and Heard &mdash; MAI | Montr\u00e9al, arts interculturels","isPartOf":{"@id":"https:\/\/www.m-a-i.qc.ca\/en\/#website"},"datePublished":"2024-08-12T01:42:13+00:00","dateModified":"2024-11-28T21:15:30+00:00","breadcrumb":{"@id":"https:\/\/m-a-i.qc.ca\/en\/event\/seen-and-heard\/#breadcrumb"},"inLanguage":"en-US","potentialAction":[{"@type":"ReadAction","target":["https:\/\/m-a-i.qc.ca\/en\/event\/seen-and-heard\/"]}]},{"@type":"BreadcrumbList","@id":"https:\/\/m-a-i.qc.ca\/en\/event\/seen-and-heard\/#breadcrumb","itemListElement":[{"@type":"ListItem","position":1,"name":"Accueil","item":"https:\/\/m-a-i.qc.ca\/en\/"},{"@type":"ListItem","position":2,"name":"seen and heard"}]},{"@type":"WebSite","@id":"https:\/\/www.m-a-i.qc.ca\/en\/#website","url":"https:\/\/www.m-a-i.qc.ca\/en\/","name":"MAI | Montr\u00e9al, arts interculturels","description":"La perle des arts interculturels au c\u0153ur de Montr\u00e9al. Arts visuels, th\u00e9\u00e2tre, danse, musique et arts interdisciplinaires. + de 40 \u00e9v\u00e8nements par an","publisher":{"@id":"https:\/\/www.m-a-i.qc.ca\/en\/#organization"},"potentialAction":[{"@type":"SearchAction","target":{"@type":"EntryPoint","urlTemplate":"https:\/\/www.m-a-i.qc.ca\/en\/?s={search_term_string}"},"query-input":"required name=search_term_string"}],"inLanguage":"en-US"},{"@type":"Organization","@id":"https:\/\/www.m-a-i.qc.ca\/en\/#organization","name":"MAI (Montr\u00e9al, arts interculturels)","url":"https:\/\/www.m-a-i.qc.ca\/en\/","logo":{"@type":"ImageObject","inLanguage":"en-US","@id":"https:\/\/www.m-a-i.qc.ca\/en\/#\/schema\/logo\/image\/","url":"https:\/\/m-a-i.qc.ca\/wp-content\/uploads\/2024\/02\/logo_mai_noir-1.png","contentUrl":"https:\/\/m-a-i.qc.ca\/wp-content\/uploads\/2024\/02\/logo_mai_noir-1.png","width":1152,"height":1152,"caption":"MAI (Montr\u00e9al, arts interculturels)"},"image":{"@id":"https:\/\/www.m-a-i.qc.ca\/en\/#\/schema\/logo\/image\/"},"sameAs":["http:\/\/instagram.com\/mtlartsinter","http:\/\/linkedin.com\/company\/mtlartsinter","https:\/\/fr.wikipedia.org\/wiki\/Montral_arts_interculturels","http:\/\/facebook.com\/mtlartsinter","https:\/\/twitter.com\/mtlartsinter"]}]}},"_links":{"self":[{"href":"https:\/\/m-a-i.qc.ca\/en\/wp-json\/wp\/v2\/event\/16718","targetHints":{"allow":["GET"]}}],"collection":[{"href":"https:\/\/m-a-i.qc.ca\/en\/wp-json\/wp\/v2\/event"}],"about":[{"href":"https:\/\/m-a-i.qc.ca\/en\/wp-json\/wp\/v2\/types\/event"}],"author":[{"embeddable":true,"href":"https:\/\/m-a-i.qc.ca\/en\/wp-json\/wp\/v2\/users\/17"}],"version-history":[{"count":11,"href":"https:\/\/m-a-i.qc.ca\/en\/wp-json\/wp\/v2\/event\/16718\/revisions"}],"predecessor-version":[{"id":17757,"href":"https:\/\/m-a-i.qc.ca\/en\/wp-json\/wp\/v2\/event\/16718\/revisions\/17757"}],"wp:featuredmedia":[{"embeddable":true,"href":"https:\/\/m-a-i.qc.ca\/en\/wp-json\/wp\/v2\/media\/17559"}],"wp:attachment":[{"href":"https:\/\/m-a-i.qc.ca\/en\/wp-json\/wp\/v2\/media?parent=16718"}],"curies":[{"name":"wp","href":"https:\/\/api.w.org\/{rel}","templated":true}]}}

<!-- This site is optimized with the Yoast SEO plugin v19.13 - https://yoast.com/wordpress/plugins/seo/ -->
<title>Seen and Heard &mdash; MAI | Montréal, arts interculturels</title>
<meta name="robots" content="index, follow, max-snippet:-1, max-image-preview:large, max-video-preview:-1" />
<link rel="canonical" href="https://m-a-i.qc.ca/en/event/seen-and-heard/" />
<meta property="og:locale" content="en_US" />
<meta property="og:type" content="article" />
<meta property="og:title" content="Seen and Heard &mdash; MAI | Montréal, arts interculturels" />
<meta property="og:description" content="Louise Liliefeldt&#8216;s solo performance Seen and Heard is a raw and immersive exploration of struggle. Taking inspiration from the pain and strength inherent in [&hellip;]" />
<meta property="og:url" content="https://m-a-i.qc.ca/en/event/seen-and-heard/" />
<meta property="og:site_name" content="MAI | Montréal, arts interculturels" />
<meta property="article:publisher" content="http://facebook.com/mtlartsinter" />
<meta property="article:modified_time" content="2024-11-28T21:15:30+00:00" />
<meta property="og:image" content="https://m-a-i.qc.ca/wp-content/uploads/2024/08/Louise-Seen-and-Heard-Website.png" />
	<meta property="og:image:width" content="1200" />
	<meta property="og:image:height" content="600" />
	<meta property="og:image:type" content="image/png" />
<meta name="twitter:card" content="summary_large_image" />
<meta name="twitter:site" content="@mtlartsinter" />
<meta name="twitter:label1" content="Est. reading time" />
	<meta name="twitter:data1" content="1 minute" />
<script type="application/ld+json" class="yoast-schema-graph">{"@context":"https://schema.org","@graph":[{"@type":"WebPage","@id":"https://m-a-i.qc.ca/en/event/seen-and-heard/","url":"https://m-a-i.qc.ca/en/event/seen-and-heard/","name":"Seen and Heard &mdash; MAI | Montréal, arts interculturels","isPartOf":{"@id":"https://www.m-a-i.qc.ca/en/#website"},"datePublished":"2024-08-12T01:42:13+00:00","dateModified":"2024-11-28T21:15:30+00:00","breadcrumb":{"@id":"https://m-a-i.qc.ca/en/event/seen-and-heard/#breadcrumb"},"inLanguage":"en-US","potentialAction":[{"@type":"ReadAction","target":["https://m-a-i.qc.ca/en/event/seen-and-heard/"]}]},{"@type":"BreadcrumbList","@id":"https://m-a-i.qc.ca/en/event/seen-and-heard/#breadcrumb","itemListElement":[{"@type":"ListItem","position":1,"name":"Accueil","item":"https://m-a-i.qc.ca/en/"},{"@type":"ListItem","position":2,"name":"seen and heard"}]},{"@type":"WebSite","@id":"https://www.m-a-i.qc.ca/en/#website","url":"https://www.m-a-i.qc.ca/en/","name":"MAI | Montréal, arts interculturels","description":"La perle des arts interculturels au cœur de Montréal. Arts visuels, théâtre, danse, musique et arts interdisciplinaires. + de 40 évènements par an","publisher":{"@id":"https://www.m-a-i.qc.ca/en/#organization"},"potentialAction":[{"@type":"SearchAction","target":{"@type":"EntryPoint","urlTemplate":"https://www.m-a-i.qc.ca/en/?s={search_term_string}"},"query-input":"required name=search_term_string"}],"inLanguage":"en-US"},{"@type":"Organization","@id":"https://www.m-a-i.qc.ca/en/#organization","name":"MAI (Montréal, arts interculturels)","url":"https://www.m-a-i.qc.ca/en/","logo":{"@type":"ImageObject","inLanguage":"en-US","@id":"https://www.m-a-i.qc.ca/en/#/schema/logo/image/","url":"https://m-a-i.qc.ca/wp-content/uploads/2024/02/logo_mai_noir-1.png","contentUrl":"https://m-a-i.qc.ca/wp-content/uploads/2024/02/logo_mai_noir-1.png","width":1152,"height":1152,"caption":"MAI (Montréal, arts interculturels)"},"image":{"@id":"https://www.m-a-i.qc.ca/en/#/schema/logo/image/"},"sameAs":["http://instagram.com/mtlartsinter","http://linkedin.com/company/mtlartsinter","https://fr.wikipedia.org/wiki/Montral_arts_interculturels","http://facebook.com/mtlartsinter","https://twitter.com/mtlartsinter"]}]}</script>
<!-- / Yoast SEO plugin. -->

Seen and Heard &mdash; MAI | Montréal, arts interculturels

MAI | Montréal, arts interculturels

La perle des arts interculturels au cœur de Montréal. Arts visuels, théâtre, danse, musique et arts interdisciplinaires. + de 40 évènements par an

MAI (Montréal, arts interculturels)
