{"id":14906,"date":"2023-08-09T16:24:48","date_gmt":"2023-08-09T20:24:48","guid":{"rendered":"https:\/\/m-a-i.qc.ca\/?post_type=event&#038;p=14906"},"modified":"2024-01-29T17:35:52","modified_gmt":"2024-01-29T22:35:52","slug":"omaagomaan","status":"publish","type":"event","link":"https:\/\/m-a-i.qc.ca\/en\/event\/omaagomaan\/","title":{"rendered":"omaagomaan"},"content":{"rendered":"<p><span style=\"font-weight: 400;\"><strong><span style=\"color: #fa5c4f;\">Waawaate Fobister<\/span><\/strong>, a proud Anishnaabe from Grassy Narrows First Nation, is an actor, dancer, playwright, choreographer, instructor, and producer. In their work <\/span><strong><span style=\"color: #fa5c4f;\"><i>Omaagomaan<\/i><\/span><\/strong><span style=\"font-weight: 400;\">, the<\/span><span style=\"font-weight: 400;\"> multiple <\/span><span style=\"font-weight: 400;\">Dora-award-winning artist uses sound, movement, dance, and storytelling to embody Omaagomaan, a non-binary, two-spirit being who, in Anishinaabe cosmology and knowledge, represents the earth as well as the poisonous toxins humans have pushed into it. Omaagomaan themselves incorporates both beauty (onishishin = beautiful) and ugliness (maanaadizi = ugly). Fobister connects this collision of the beautiful and the ugly to the resilience of the Anishinaabe people, as they stitch back together fractured landscapes poisoned by mercury.<br \/>\n<\/span><\/p>\n<hr \/>\n<p><strong>Talkback on February 9th after the performance hosted by Dominique Ireland.<br \/>\n<\/strong>Post-show discussion in English and ASL.<br \/>\nTwo ASL interpreters will also be present before and after the show.<strong><br \/>\n<\/strong><\/p>\n<hr \/>\n[vc_toggle title=&#8221;credits&#8221;]\n<span style=\"font-weight: 400;\">Interpreter: Waawaate Fobister<br \/>\n<\/span><span style=\"font-weight: 400;\">Costume Design: Sage Paul<br \/>\n<\/span>Lighting Design : Pierre Lavoie<br \/>\nRehearsal Director: Carlos Rivera Martinez<br \/>\n<span style=\"font-weight: 400;\">Sound Design: Marc Merilainen<br \/>\n<\/span><span style=\"font-weight: 400;\">Original Direction: Troy Emery Twigg<br \/>\n<\/span><span style=\"font-weight: 400;\">2022 Remount Direction: Patti Shaughnessy<br \/>\n<\/span><span style=\"font-weight: 400;\">Anishinaabe and Clown Consultant: Don Kavanaugh<br \/>\n<\/span><span class=\"s1\">[\/vc_toggle]<\/span><\/p>\n","protected":false},"author":4,"featured_media":14908,"template":"","meta":{"footnotes":""},"class_list":["post-14906","event","type-event","status-publish","has-post-thumbnail","hentry","season-fire","event-category-dance","event-category-performance","event-category-theatre"],"acf":[],"yoast_head":"<!-- This site is optimized with the Yoast SEO plugin v19.13 - https:\/\/yoast.com\/wordpress\/plugins\/seo\/ -->\n<title>Omaagomaan &mdash; MAI | Montr\u00e9al, arts interculturels<\/title>\n<meta name=\"robots\" content=\"index, follow, max-snippet:-1, max-image-preview:large, max-video-preview:-1\" \/>\n<link rel=\"canonical\" href=\"https:\/\/m-a-i.qc.ca\/en\/event\/omaagomaan\/\" \/>\n<meta property=\"og:locale\" content=\"en_US\" \/>\n<meta property=\"og:type\" content=\"article\" \/>\n<meta property=\"og:title\" content=\"Omaagomaan &mdash; MAI | Montr\u00e9al, arts interculturels\" \/>\n<meta property=\"og:description\" content=\"Waawaate Fobister, a proud Anishnaabe from Grassy Narrows First Nation, is an actor, dancer, playwright, choreographer, instructor, and producer. In their work Omaagomaan, the [&hellip;]\" \/>\n<meta property=\"og:url\" content=\"https:\/\/m-a-i.qc.ca\/en\/event\/omaagomaan\/\" \/>\n<meta property=\"og:site_name\" content=\"MAI | Montr\u00e9al, arts interculturels\" \/>\n<meta property=\"article:publisher\" content=\"http:\/\/facebook.com\/mtlartsinter\" \/>\n<meta property=\"article:modified_time\" content=\"2024-01-29T22:35:52+00:00\" \/>\n<meta property=\"og:image\" content=\"https:\/\/m-a-i.qc.ca\/wp-content\/uploads\/2023\/08\/Omaagomaan-1.png\" \/>\n\t<meta property=\"og:image:width\" content=\"1920\" \/>\n\t<meta property=\"og:image:height\" content=\"1080\" \/>\n\t<meta property=\"og:image:type\" content=\"image\/png\" \/>\n<meta name=\"twitter:card\" content=\"summary_large_image\" \/>\n<meta name=\"twitter:site\" content=\"@mtlartsinter\" \/>\n<meta name=\"twitter:label1\" content=\"Est. reading time\" \/>\n\t<meta name=\"twitter:data1\" content=\"1 minute\" \/>\n<script type=\"application\/ld+json\" class=\"yoast-schema-graph\">{\"@context\":\"https:\/\/schema.org\",\"@graph\":[{\"@type\":\"WebPage\",\"@id\":\"https:\/\/m-a-i.qc.ca\/en\/event\/omaagomaan\/\",\"url\":\"https:\/\/m-a-i.qc.ca\/en\/event\/omaagomaan\/\",\"name\":\"Omaagomaan &mdash; MAI | Montr\u00e9al, arts interculturels\",\"isPartOf\":{\"@id\":\"https:\/\/www.m-a-i.qc.ca\/en\/#website\"},\"datePublished\":\"2023-08-09T20:24:48+00:00\",\"dateModified\":\"2024-01-29T22:35:52+00:00\",\"breadcrumb\":{\"@id\":\"https:\/\/m-a-i.qc.ca\/en\/event\/omaagomaan\/#breadcrumb\"},\"inLanguage\":\"en-US\",\"potentialAction\":[{\"@type\":\"ReadAction\",\"target\":[\"https:\/\/m-a-i.qc.ca\/en\/event\/omaagomaan\/\"]}]},{\"@type\":\"BreadcrumbList\",\"@id\":\"https:\/\/m-a-i.qc.ca\/en\/event\/omaagomaan\/#breadcrumb\",\"itemListElement\":[{\"@type\":\"ListItem\",\"position\":1,\"name\":\"Accueil\",\"item\":\"https:\/\/m-a-i.qc.ca\/en\/\"},{\"@type\":\"ListItem\",\"position\":2,\"name\":\"omaagomaan\"}]},{\"@type\":\"WebSite\",\"@id\":\"https:\/\/www.m-a-i.qc.ca\/en\/#website\",\"url\":\"https:\/\/www.m-a-i.qc.ca\/en\/\",\"name\":\"MAI | Montr\u00e9al, arts interculturels\",\"description\":\"La perle des arts interculturels au c\u0153ur de Montr\u00e9al. Arts visuels, th\u00e9\u00e2tre, danse, musique et arts interdisciplinaires. + de 40 \u00e9v\u00e8nements par an\",\"publisher\":{\"@id\":\"https:\/\/www.m-a-i.qc.ca\/en\/#organization\"},\"potentialAction\":[{\"@type\":\"SearchAction\",\"target\":{\"@type\":\"EntryPoint\",\"urlTemplate\":\"https:\/\/www.m-a-i.qc.ca\/en\/?s={search_term_string}\"},\"query-input\":\"required name=search_term_string\"}],\"inLanguage\":\"en-US\"},{\"@type\":\"Organization\",\"@id\":\"https:\/\/www.m-a-i.qc.ca\/en\/#organization\",\"name\":\"MAI (Montr\u00e9al, arts interculturels)\",\"url\":\"https:\/\/www.m-a-i.qc.ca\/en\/\",\"logo\":{\"@type\":\"ImageObject\",\"inLanguage\":\"en-US\",\"@id\":\"https:\/\/www.m-a-i.qc.ca\/en\/#\/schema\/logo\/image\/\",\"url\":\"https:\/\/m-a-i.qc.ca\/wp-content\/uploads\/2024\/02\/logo_mai_noir-1.png\",\"contentUrl\":\"https:\/\/m-a-i.qc.ca\/wp-content\/uploads\/2024\/02\/logo_mai_noir-1.png\",\"width\":1152,\"height\":1152,\"caption\":\"MAI (Montr\u00e9al, arts interculturels)\"},\"image\":{\"@id\":\"https:\/\/www.m-a-i.qc.ca\/en\/#\/schema\/logo\/image\/\"},\"sameAs\":[\"http:\/\/instagram.com\/mtlartsinter\",\"http:\/\/linkedin.com\/company\/mtlartsinter\",\"https:\/\/fr.wikipedia.org\/wiki\/Montral_arts_interculturels\",\"http:\/\/facebook.com\/mtlartsinter\",\"https:\/\/twitter.com\/mtlartsinter\"]}]}<\/script>\n<!-- \/ Yoast SEO plugin. -->","yoast_head_json":{"title":"Omaagomaan &mdash; MAI | Montr\u00e9al, arts interculturels","robots":{"index":"index","follow":"follow","max-snippet":"max-snippet:-1","max-image-preview":"max-image-preview:large","max-video-preview":"max-video-preview:-1"},"canonical":"https:\/\/m-a-i.qc.ca\/en\/event\/omaagomaan\/","og_locale":"en_US","og_type":"article","og_title":"Omaagomaan &mdash; MAI | Montr\u00e9al, arts interculturels","og_description":"Waawaate Fobister, a proud Anishnaabe from Grassy Narrows First Nation, is an actor, dancer, playwright, choreographer, instructor, and producer. In their work Omaagomaan, the [&hellip;]","og_url":"https:\/\/m-a-i.qc.ca\/en\/event\/omaagomaan\/","og_site_name":"MAI | Montr\u00e9al, arts interculturels","article_publisher":"http:\/\/facebook.com\/mtlartsinter","article_modified_time":"2024-01-29T22:35:52+00:00","og_image":[{"width":1920,"height":1080,"url":"https:\/\/m-a-i.qc.ca\/wp-content\/uploads\/2023\/08\/Omaagomaan-1.png","type":"image\/png"}],"twitter_card":"summary_large_image","twitter_site":"@mtlartsinter","twitter_misc":{"Est. reading time":"1 minute"},"schema":{"@context":"https:\/\/schema.org","@graph":[{"@type":"WebPage","@id":"https:\/\/m-a-i.qc.ca\/en\/event\/omaagomaan\/","url":"https:\/\/m-a-i.qc.ca\/en\/event\/omaagomaan\/","name":"Omaagomaan &mdash; MAI | Montr\u00e9al, arts interculturels","isPartOf":{"@id":"https:\/\/www.m-a-i.qc.ca\/en\/#website"},"datePublished":"2023-08-09T20:24:48+00:00","dateModified":"2024-01-29T22:35:52+00:00","breadcrumb":{"@id":"https:\/\/m-a-i.qc.ca\/en\/event\/omaagomaan\/#breadcrumb"},"inLanguage":"en-US","potentialAction":[{"@type":"ReadAction","target":["https:\/\/m-a-i.qc.ca\/en\/event\/omaagomaan\/"]}]},{"@type":"BreadcrumbList","@id":"https:\/\/m-a-i.qc.ca\/en\/event\/omaagomaan\/#breadcrumb","itemListElement":[{"@type":"ListItem","position":1,"name":"Accueil","item":"https:\/\/m-a-i.qc.ca\/en\/"},{"@type":"ListItem","position":2,"name":"omaagomaan"}]},{"@type":"WebSite","@id":"https:\/\/www.m-a-i.qc.ca\/en\/#website","url":"https:\/\/www.m-a-i.qc.ca\/en\/","name":"MAI | Montr\u00e9al, arts interculturels","description":"La perle des arts interculturels au c\u0153ur de Montr\u00e9al. Arts visuels, th\u00e9\u00e2tre, danse, musique et arts interdisciplinaires. + de 40 \u00e9v\u00e8nements par an","publisher":{"@id":"https:\/\/www.m-a-i.qc.ca\/en\/#organization"},"potentialAction":[{"@type":"SearchAction","target":{"@type":"EntryPoint","urlTemplate":"https:\/\/www.m-a-i.qc.ca\/en\/?s={search_term_string}"},"query-input":"required name=search_term_string"}],"inLanguage":"en-US"},{"@type":"Organization","@id":"https:\/\/www.m-a-i.qc.ca\/en\/#organization","name":"MAI (Montr\u00e9al, arts interculturels)","url":"https:\/\/www.m-a-i.qc.ca\/en\/","logo":{"@type":"ImageObject","inLanguage":"en-US","@id":"https:\/\/www.m-a-i.qc.ca\/en\/#\/schema\/logo\/image\/","url":"https:\/\/m-a-i.qc.ca\/wp-content\/uploads\/2024\/02\/logo_mai_noir-1.png","contentUrl":"https:\/\/m-a-i.qc.ca\/wp-content\/uploads\/2024\/02\/logo_mai_noir-1.png","width":1152,"height":1152,"caption":"MAI (Montr\u00e9al, arts interculturels)"},"image":{"@id":"https:\/\/www.m-a-i.qc.ca\/en\/#\/schema\/logo\/image\/"},"sameAs":["http:\/\/instagram.com\/mtlartsinter","http:\/\/linkedin.com\/company\/mtlartsinter","https:\/\/fr.wikipedia.org\/wiki\/Montral_arts_interculturels","http:\/\/facebook.com\/mtlartsinter","https:\/\/twitter.com\/mtlartsinter"]}]}},"_links":{"self":[{"href":"https:\/\/m-a-i.qc.ca\/en\/wp-json\/wp\/v2\/event\/14906","targetHints":{"allow":["GET"]}}],"collection":[{"href":"https:\/\/m-a-i.qc.ca\/en\/wp-json\/wp\/v2\/event"}],"about":[{"href":"https:\/\/m-a-i.qc.ca\/en\/wp-json\/wp\/v2\/types\/event"}],"author":[{"embeddable":true,"href":"https:\/\/m-a-i.qc.ca\/en\/wp-json\/wp\/v2\/users\/4"}],"version-history":[{"count":14,"href":"https:\/\/m-a-i.qc.ca\/en\/wp-json\/wp\/v2\/event\/14906\/revisions"}],"predecessor-version":[{"id":15764,"href":"https:\/\/m-a-i.qc.ca\/en\/wp-json\/wp\/v2\/event\/14906\/revisions\/15764"}],"wp:featuredmedia":[{"embeddable":true,"href":"https:\/\/m-a-i.qc.ca\/en\/wp-json\/wp\/v2\/media\/14908"}],"wp:attachment":[{"href":"https:\/\/m-a-i.qc.ca\/en\/wp-json\/wp\/v2\/media?parent=14906"}],"curies":[{"name":"wp","href":"https:\/\/api.w.org\/{rel}","templated":true}]}}

<!-- This site is optimized with the Yoast SEO plugin v19.13 - https://yoast.com/wordpress/plugins/seo/ -->
<title>Omaagomaan &mdash; MAI | Montréal, arts interculturels</title>
<meta name="robots" content="index, follow, max-snippet:-1, max-image-preview:large, max-video-preview:-1" />
<link rel="canonical" href="https://m-a-i.qc.ca/en/event/omaagomaan/" />
<meta property="og:locale" content="en_US" />
<meta property="og:type" content="article" />
<meta property="og:title" content="Omaagomaan &mdash; MAI | Montréal, arts interculturels" />
<meta property="og:description" content="Waawaate Fobister, a proud Anishnaabe from Grassy Narrows First Nation, is an actor, dancer, playwright, choreographer, instructor, and producer. In their work Omaagomaan, the [&hellip;]" />
<meta property="og:url" content="https://m-a-i.qc.ca/en/event/omaagomaan/" />
<meta property="og:site_name" content="MAI | Montréal, arts interculturels" />
<meta property="article:publisher" content="http://facebook.com/mtlartsinter" />
<meta property="article:modified_time" content="2024-01-29T22:35:52+00:00" />
<meta property="og:image" content="https://m-a-i.qc.ca/wp-content/uploads/2023/08/Omaagomaan-1.png" />
	<meta property="og:image:width" content="1920" />
	<meta property="og:image:height" content="1080" />
	<meta property="og:image:type" content="image/png" />
<meta name="twitter:card" content="summary_large_image" />
<meta name="twitter:site" content="@mtlartsinter" />
<meta name="twitter:label1" content="Est. reading time" />
	<meta name="twitter:data1" content="1 minute" />
<script type="application/ld+json" class="yoast-schema-graph">{"@context":"https://schema.org","@graph":[{"@type":"WebPage","@id":"https://m-a-i.qc.ca/en/event/omaagomaan/","url":"https://m-a-i.qc.ca/en/event/omaagomaan/","name":"Omaagomaan &mdash; MAI | Montréal, arts interculturels","isPartOf":{"@id":"https://www.m-a-i.qc.ca/en/#website"},"datePublished":"2023-08-09T20:24:48+00:00","dateModified":"2024-01-29T22:35:52+00:00","breadcrumb":{"@id":"https://m-a-i.qc.ca/en/event/omaagomaan/#breadcrumb"},"inLanguage":"en-US","potentialAction":[{"@type":"ReadAction","target":["https://m-a-i.qc.ca/en/event/omaagomaan/"]}]},{"@type":"BreadcrumbList","@id":"https://m-a-i.qc.ca/en/event/omaagomaan/#breadcrumb","itemListElement":[{"@type":"ListItem","position":1,"name":"Accueil","item":"https://m-a-i.qc.ca/en/"},{"@type":"ListItem","position":2,"name":"omaagomaan"}]},{"@type":"WebSite","@id":"https://www.m-a-i.qc.ca/en/#website","url":"https://www.m-a-i.qc.ca/en/","name":"MAI | Montréal, arts interculturels","description":"La perle des arts interculturels au cœur de Montréal. Arts visuels, théâtre, danse, musique et arts interdisciplinaires. + de 40 évènements par an","publisher":{"@id":"https://www.m-a-i.qc.ca/en/#organization"},"potentialAction":[{"@type":"SearchAction","target":{"@type":"EntryPoint","urlTemplate":"https://www.m-a-i.qc.ca/en/?s={search_term_string}"},"query-input":"required name=search_term_string"}],"inLanguage":"en-US"},{"@type":"Organization","@id":"https://www.m-a-i.qc.ca/en/#organization","name":"MAI (Montréal, arts interculturels)","url":"https://www.m-a-i.qc.ca/en/","logo":{"@type":"ImageObject","inLanguage":"en-US","@id":"https://www.m-a-i.qc.ca/en/#/schema/logo/image/","url":"https://m-a-i.qc.ca/wp-content/uploads/2024/02/logo_mai_noir-1.png","contentUrl":"https://m-a-i.qc.ca/wp-content/uploads/2024/02/logo_mai_noir-1.png","width":1152,"height":1152,"caption":"MAI (Montréal, arts interculturels)"},"image":{"@id":"https://www.m-a-i.qc.ca/en/#/schema/logo/image/"},"sameAs":["http://instagram.com/mtlartsinter","http://linkedin.com/company/mtlartsinter","https://fr.wikipedia.org/wiki/Montral_arts_interculturels","http://facebook.com/mtlartsinter","https://twitter.com/mtlartsinter"]}]}</script>
<!-- / Yoast SEO plugin. -->

Omaagomaan &mdash; MAI | Montréal, arts interculturels

MAI | Montréal, arts interculturels

La perle des arts interculturels au cœur de Montréal. Arts visuels, théâtre, danse, musique et arts interdisciplinaires. + de 40 évènements par an

MAI (Montréal, arts interculturels)
