{"id":8535,"date":"2020-12-08T16:04:03","date_gmt":"2020-12-08T21:04:03","guid":{"rendered":"https:\/\/m-a-i.qc.ca\/?post_type=artist&#038;p=8535"},"modified":"2022-12-09T17:08:13","modified_gmt":"2022-12-09T22:08:13","slug":"burcu-emec","status":"publish","type":"artist","link":"https:\/\/m-a-i.qc.ca\/en\/artist\/burcu-emec\/","title":{"rendered":"burcu eme\u00e7"},"content":{"rendered":"<p><span style=\"font-weight: 400;\">What does it mean to collaborate with someone or something? <strong>Burcu<\/strong><\/span> <span style=\"font-weight: 400;\"><strong>Eme\u00e7<\/strong>\u2019s project within Alliance <\/span><i><span style=\"font-weight: 400;\">We were awkward at first but then it was ok<\/span><\/i><span style=\"font-weight: 400;\"> subverts the tensions inherent in collaboration, while reckoning with the function of objects in performance.<\/span><\/p>\n<p>&nbsp;<\/p>\n<p><span style=\"font-weight: 400;\">Burcu is practicing care, political action and rigorous curiosity. As an interdisciplinary performance maker she blends social commentary, active listening, improvisation and visual art. Her work lives in the shifts between the highly poetic and unbearably banal, subverting codes of live performance and creating tensions between language and image.\u00a0<\/span><\/p>\n<p><span style=\"font-weight: 400;\">Burcu\u2019s collaborative and independent projects have been presented in a wide range of settings in Montreal, Toronto and Germany, including the festivals OFFTA, SummerWorks and ZH, and venues such as Eastern Bloc, Never Apart and Montr\u00e9al arts interculturels (MAI).\u00a0<\/span><span style=\"font-weight: 400;\">Her\u00a0recent awards include the\u00a0M\u00e9c\u00e8nes investis pour les arts, OFFTA Coup de coeur,\u00a0OFFTA Hybridity Award, and five Montreal English Theatre Awards.\u00a0<\/span><span style=\"font-weight: 400;\">She is curator in residence with Christopher Willes at Studio 303 and artist in delegate production with LA SERRE-arts vivants. Burcu is also a cultural worker and a coordinator at the artist-run centre articule. She holds a BFA in Theatre Performance from Concordia University (2017).<\/span><\/p>\n","protected":false},"author":17,"featured_media":8531,"template":"","meta":{"footnotes":""},"role":[],"cities":[137],"data_type":[141],"joint_mentorship":[],"class_list":["post-8535","artist","type-artist","status-publish","has-post-thumbnail","hentry","artists-20-21","program-alliance-en","discipline-arts-interdisciplinaires-en","discipline-interdisciplinary-arts","cities-montreal-en","data_type-artist"],"acf":[],"yoast_head":"<!-- This site is optimized with the Yoast SEO plugin v19.13 - https:\/\/yoast.com\/wordpress\/plugins\/seo\/ -->\n<title>Burcu Eme\u00e7 &mdash; MAI | Montr\u00e9al, arts interculturels<\/title>\n<meta name=\"robots\" content=\"index, follow, max-snippet:-1, max-image-preview:large, max-video-preview:-1\" \/>\n<link rel=\"canonical\" href=\"https:\/\/m-a-i.qc.ca\/en\/artist\/burcu-emec\/\" \/>\n<meta property=\"og:locale\" content=\"en_US\" \/>\n<meta property=\"og:type\" content=\"article\" \/>\n<meta property=\"og:title\" content=\"Burcu Eme\u00e7 &mdash; MAI | Montr\u00e9al, arts interculturels\" \/>\n<meta property=\"og:description\" content=\"What does it mean to collaborate with someone or something? Burcu Eme\u00e7\u2019s project within Alliance We were awkward at first but then it was [&hellip;]\" \/>\n<meta property=\"og:url\" content=\"https:\/\/m-a-i.qc.ca\/en\/artist\/burcu-emec\/\" \/>\n<meta property=\"og:site_name\" content=\"MAI | Montr\u00e9al, arts interculturels\" \/>\n<meta property=\"article:publisher\" content=\"http:\/\/facebook.com\/mtlartsinter\" \/>\n<meta property=\"article:modified_time\" content=\"2022-12-09T22:08:13+00:00\" \/>\n<meta property=\"og:image\" content=\"https:\/\/m-a-i.qc.ca\/wp-content\/uploads\/2020\/11\/BurcuEmeccreditAlexTran-scaled.jpg\" \/>\n\t<meta property=\"og:image:width\" content=\"2560\" \/>\n\t<meta property=\"og:image:height\" content=\"1706\" \/>\n\t<meta property=\"og:image:type\" content=\"image\/jpeg\" \/>\n<meta name=\"twitter:card\" content=\"summary_large_image\" \/>\n<meta name=\"twitter:site\" content=\"@mtlartsinter\" \/>\n<meta name=\"twitter:label1\" content=\"Est. reading time\" \/>\n\t<meta name=\"twitter:data1\" content=\"1 minute\" \/>\n<script type=\"application\/ld+json\" class=\"yoast-schema-graph\">{\"@context\":\"https:\/\/schema.org\",\"@graph\":[{\"@type\":\"WebPage\",\"@id\":\"https:\/\/m-a-i.qc.ca\/en\/artist\/burcu-emec\/\",\"url\":\"https:\/\/m-a-i.qc.ca\/en\/artist\/burcu-emec\/\",\"name\":\"Burcu Eme\u00e7 &mdash; MAI | Montr\u00e9al, arts interculturels\",\"isPartOf\":{\"@id\":\"https:\/\/www.m-a-i.qc.ca\/en\/#website\"},\"datePublished\":\"2020-12-08T21:04:03+00:00\",\"dateModified\":\"2022-12-09T22:08:13+00:00\",\"breadcrumb\":{\"@id\":\"https:\/\/m-a-i.qc.ca\/en\/artist\/burcu-emec\/#breadcrumb\"},\"inLanguage\":\"en-US\",\"potentialAction\":[{\"@type\":\"ReadAction\",\"target\":[\"https:\/\/m-a-i.qc.ca\/en\/artist\/burcu-emec\/\"]}]},{\"@type\":\"BreadcrumbList\",\"@id\":\"https:\/\/m-a-i.qc.ca\/en\/artist\/burcu-emec\/#breadcrumb\",\"itemListElement\":[{\"@type\":\"ListItem\",\"position\":1,\"name\":\"Accueil\",\"item\":\"https:\/\/m-a-i.qc.ca\/en\/\"},{\"@type\":\"ListItem\",\"position\":2,\"name\":\"burcu eme\u00e7\"}]},{\"@type\":\"WebSite\",\"@id\":\"https:\/\/www.m-a-i.qc.ca\/en\/#website\",\"url\":\"https:\/\/www.m-a-i.qc.ca\/en\/\",\"name\":\"MAI | Montr\u00e9al, arts interculturels\",\"description\":\"La perle des arts interculturels au c\u0153ur de Montr\u00e9al. Arts visuels, th\u00e9\u00e2tre, danse, musique et arts interdisciplinaires. + de 40 \u00e9v\u00e8nements par an\",\"publisher\":{\"@id\":\"https:\/\/www.m-a-i.qc.ca\/en\/#organization\"},\"potentialAction\":[{\"@type\":\"SearchAction\",\"target\":{\"@type\":\"EntryPoint\",\"urlTemplate\":\"https:\/\/www.m-a-i.qc.ca\/en\/?s={search_term_string}\"},\"query-input\":\"required name=search_term_string\"}],\"inLanguage\":\"en-US\"},{\"@type\":\"Organization\",\"@id\":\"https:\/\/www.m-a-i.qc.ca\/en\/#organization\",\"name\":\"MAI (Montr\u00e9al, arts interculturels)\",\"url\":\"https:\/\/www.m-a-i.qc.ca\/en\/\",\"logo\":{\"@type\":\"ImageObject\",\"inLanguage\":\"en-US\",\"@id\":\"https:\/\/www.m-a-i.qc.ca\/en\/#\/schema\/logo\/image\/\",\"url\":\"https:\/\/m-a-i.qc.ca\/wp-content\/uploads\/2024\/02\/logo_mai_noir-1.png\",\"contentUrl\":\"https:\/\/m-a-i.qc.ca\/wp-content\/uploads\/2024\/02\/logo_mai_noir-1.png\",\"width\":1152,\"height\":1152,\"caption\":\"MAI (Montr\u00e9al, arts interculturels)\"},\"image\":{\"@id\":\"https:\/\/www.m-a-i.qc.ca\/en\/#\/schema\/logo\/image\/\"},\"sameAs\":[\"http:\/\/instagram.com\/mtlartsinter\",\"http:\/\/linkedin.com\/company\/mtlartsinter\",\"https:\/\/fr.wikipedia.org\/wiki\/Montral_arts_interculturels\",\"http:\/\/facebook.com\/mtlartsinter\",\"https:\/\/twitter.com\/mtlartsinter\"]}]}<\/script>\n<!-- \/ Yoast SEO plugin. -->","yoast_head_json":{"title":"Burcu Eme\u00e7 &mdash; MAI | Montr\u00e9al, arts interculturels","robots":{"index":"index","follow":"follow","max-snippet":"max-snippet:-1","max-image-preview":"max-image-preview:large","max-video-preview":"max-video-preview:-1"},"canonical":"https:\/\/m-a-i.qc.ca\/en\/artist\/burcu-emec\/","og_locale":"en_US","og_type":"article","og_title":"Burcu Eme\u00e7 &mdash; MAI | Montr\u00e9al, arts interculturels","og_description":"What does it mean to collaborate with someone or something? Burcu Eme\u00e7\u2019s project within Alliance We were awkward at first but then it was [&hellip;]","og_url":"https:\/\/m-a-i.qc.ca\/en\/artist\/burcu-emec\/","og_site_name":"MAI | Montr\u00e9al, arts interculturels","article_publisher":"http:\/\/facebook.com\/mtlartsinter","article_modified_time":"2022-12-09T22:08:13+00:00","og_image":[{"width":2560,"height":1706,"url":"https:\/\/m-a-i.qc.ca\/wp-content\/uploads\/2020\/11\/BurcuEmeccreditAlexTran-scaled.jpg","type":"image\/jpeg"}],"twitter_card":"summary_large_image","twitter_site":"@mtlartsinter","twitter_misc":{"Est. reading time":"1 minute"},"schema":{"@context":"https:\/\/schema.org","@graph":[{"@type":"WebPage","@id":"https:\/\/m-a-i.qc.ca\/en\/artist\/burcu-emec\/","url":"https:\/\/m-a-i.qc.ca\/en\/artist\/burcu-emec\/","name":"Burcu Eme\u00e7 &mdash; MAI | Montr\u00e9al, arts interculturels","isPartOf":{"@id":"https:\/\/www.m-a-i.qc.ca\/en\/#website"},"datePublished":"2020-12-08T21:04:03+00:00","dateModified":"2022-12-09T22:08:13+00:00","breadcrumb":{"@id":"https:\/\/m-a-i.qc.ca\/en\/artist\/burcu-emec\/#breadcrumb"},"inLanguage":"en-US","potentialAction":[{"@type":"ReadAction","target":["https:\/\/m-a-i.qc.ca\/en\/artist\/burcu-emec\/"]}]},{"@type":"BreadcrumbList","@id":"https:\/\/m-a-i.qc.ca\/en\/artist\/burcu-emec\/#breadcrumb","itemListElement":[{"@type":"ListItem","position":1,"name":"Accueil","item":"https:\/\/m-a-i.qc.ca\/en\/"},{"@type":"ListItem","position":2,"name":"burcu eme\u00e7"}]},{"@type":"WebSite","@id":"https:\/\/www.m-a-i.qc.ca\/en\/#website","url":"https:\/\/www.m-a-i.qc.ca\/en\/","name":"MAI | Montr\u00e9al, arts interculturels","description":"La perle des arts interculturels au c\u0153ur de Montr\u00e9al. Arts visuels, th\u00e9\u00e2tre, danse, musique et arts interdisciplinaires. + de 40 \u00e9v\u00e8nements par an","publisher":{"@id":"https:\/\/www.m-a-i.qc.ca\/en\/#organization"},"potentialAction":[{"@type":"SearchAction","target":{"@type":"EntryPoint","urlTemplate":"https:\/\/www.m-a-i.qc.ca\/en\/?s={search_term_string}"},"query-input":"required name=search_term_string"}],"inLanguage":"en-US"},{"@type":"Organization","@id":"https:\/\/www.m-a-i.qc.ca\/en\/#organization","name":"MAI (Montr\u00e9al, arts interculturels)","url":"https:\/\/www.m-a-i.qc.ca\/en\/","logo":{"@type":"ImageObject","inLanguage":"en-US","@id":"https:\/\/www.m-a-i.qc.ca\/en\/#\/schema\/logo\/image\/","url":"https:\/\/m-a-i.qc.ca\/wp-content\/uploads\/2024\/02\/logo_mai_noir-1.png","contentUrl":"https:\/\/m-a-i.qc.ca\/wp-content\/uploads\/2024\/02\/logo_mai_noir-1.png","width":1152,"height":1152,"caption":"MAI (Montr\u00e9al, arts interculturels)"},"image":{"@id":"https:\/\/www.m-a-i.qc.ca\/en\/#\/schema\/logo\/image\/"},"sameAs":["http:\/\/instagram.com\/mtlartsinter","http:\/\/linkedin.com\/company\/mtlartsinter","https:\/\/fr.wikipedia.org\/wiki\/Montral_arts_interculturels","http:\/\/facebook.com\/mtlartsinter","https:\/\/twitter.com\/mtlartsinter"]}]}},"_links":{"self":[{"href":"https:\/\/m-a-i.qc.ca\/en\/wp-json\/wp\/v2\/artist\/8535","targetHints":{"allow":["GET"]}}],"collection":[{"href":"https:\/\/m-a-i.qc.ca\/en\/wp-json\/wp\/v2\/artist"}],"about":[{"href":"https:\/\/m-a-i.qc.ca\/en\/wp-json\/wp\/v2\/types\/artist"}],"author":[{"embeddable":true,"href":"https:\/\/m-a-i.qc.ca\/en\/wp-json\/wp\/v2\/users\/17"}],"version-history":[{"count":3,"href":"https:\/\/m-a-i.qc.ca\/en\/wp-json\/wp\/v2\/artist\/8535\/revisions"}],"predecessor-version":[{"id":8844,"href":"https:\/\/m-a-i.qc.ca\/en\/wp-json\/wp\/v2\/artist\/8535\/revisions\/8844"}],"wp:featuredmedia":[{"embeddable":true,"href":"https:\/\/m-a-i.qc.ca\/en\/wp-json\/wp\/v2\/media\/8531"}],"wp:attachment":[{"href":"https:\/\/m-a-i.qc.ca\/en\/wp-json\/wp\/v2\/media?parent=8535"}],"wp:term":[{"taxonomy":"role","embeddable":true,"href":"https:\/\/m-a-i.qc.ca\/en\/wp-json\/wp\/v2\/role?post=8535"},{"taxonomy":"cities","embeddable":true,"href":"https:\/\/m-a-i.qc.ca\/en\/wp-json\/wp\/v2\/cities?post=8535"},{"taxonomy":"data_type","embeddable":true,"href":"https:\/\/m-a-i.qc.ca\/en\/wp-json\/wp\/v2\/data_type?post=8535"},{"taxonomy":"joint_mentorship","embeddable":true,"href":"https:\/\/m-a-i.qc.ca\/en\/wp-json\/wp\/v2\/joint_mentorship?post=8535"}],"curies":[{"name":"wp","href":"https:\/\/api.w.org\/{rel}","templated":true}]}}

burcu emeç

<p><span style="font-weight: 400;">What does it mean to collaborate with someone or something? <strong>Burcu</strong></span> <span style="font-weight: 400;"><strong>Emeç</strong>’s project within Alliance </span><i><span style="font-weight: 400;">We were awkward at first but then it was ok</span></i><span style="font-weight: 400;"> subverts the tensions inherent in collaboration, while reckoning with the function of objects in performance.</span></p>
<p>&nbsp;</p>
<p><span style="font-weight: 400;">Burcu is practicing care, political action and rigorous curiosity. As an interdisciplinary performance maker she blends social commentary, active listening, improvisation and visual art. Her work lives in the shifts between the highly poetic and unbearably banal, subverting codes of live performance and creating tensions between language and image. </span></p>
<p><span style="font-weight: 400;">Burcu’s collaborative and independent projects have been presented in a wide range of settings in Montreal, Toronto and Germany, including the festivals OFFTA, SummerWorks and ZH, and venues such as Eastern Bloc, Never Apart and Montréal arts interculturels (MAI). </span><span style="font-weight: 400;">Her recent awards include the Mécènes investis pour les arts, OFFTA Coup de coeur, OFFTA Hybridity Award, and five Montreal English Theatre Awards. </span><span style="font-weight: 400;">She is curator in residence with Christopher Willes at Studio 303 and artist in delegate production with LA SERRE-arts vivants. Burcu is also a cultural worker and a coordinator at the artist-run centre articule. She holds a BFA in Theatre Performance from Concordia University (2017).</span></p>

<!-- This site is optimized with the Yoast SEO plugin v19.13 - https://yoast.com/wordpress/plugins/seo/ -->
<title>Burcu Emeç &mdash; MAI | Montréal, arts interculturels</title>
<meta name="robots" content="index, follow, max-snippet:-1, max-image-preview:large, max-video-preview:-1" />
<link rel="canonical" href="https://m-a-i.qc.ca/en/artist/burcu-emec/" />
<meta property="og:locale" content="en_US" />
<meta property="og:type" content="article" />
<meta property="og:title" content="Burcu Emeç &mdash; MAI | Montréal, arts interculturels" />
<meta property="og:description" content="What does it mean to collaborate with someone or something? Burcu Emeç’s project within Alliance We were awkward at first but then it was [&hellip;]" />
<meta property="og:url" content="https://m-a-i.qc.ca/en/artist/burcu-emec/" />
<meta property="og:site_name" content="MAI | Montréal, arts interculturels" />
<meta property="article:publisher" content="http://facebook.com/mtlartsinter" />
<meta property="article:modified_time" content="2022-12-09T22:08:13+00:00" />
<meta property="og:image" content="https://m-a-i.qc.ca/wp-content/uploads/2020/11/BurcuEmeccreditAlexTran-scaled.jpg" />
	<meta property="og:image:width" content="2560" />
	<meta property="og:image:height" content="1706" />
	<meta property="og:image:type" content="image/jpeg" />
<meta name="twitter:card" content="summary_large_image" />
<meta name="twitter:site" content="@mtlartsinter" />
<meta name="twitter:label1" content="Est. reading time" />
	<meta name="twitter:data1" content="1 minute" />
<script type="application/ld+json" class="yoast-schema-graph">{"@context":"https://schema.org","@graph":[{"@type":"WebPage","@id":"https://m-a-i.qc.ca/en/artist/burcu-emec/","url":"https://m-a-i.qc.ca/en/artist/burcu-emec/","name":"Burcu Emeç &mdash; MAI | Montréal, arts interculturels","isPartOf":{"@id":"https://www.m-a-i.qc.ca/en/#website"},"datePublished":"2020-12-08T21:04:03+00:00","dateModified":"2022-12-09T22:08:13+00:00","breadcrumb":{"@id":"https://m-a-i.qc.ca/en/artist/burcu-emec/#breadcrumb"},"inLanguage":"en-US","potentialAction":[{"@type":"ReadAction","target":["https://m-a-i.qc.ca/en/artist/burcu-emec/"]}]},{"@type":"BreadcrumbList","@id":"https://m-a-i.qc.ca/en/artist/burcu-emec/#breadcrumb","itemListElement":[{"@type":"ListItem","position":1,"name":"Accueil","item":"https://m-a-i.qc.ca/en/"},{"@type":"ListItem","position":2,"name":"burcu emeç"}]},{"@type":"WebSite","@id":"https://www.m-a-i.qc.ca/en/#website","url":"https://www.m-a-i.qc.ca/en/","name":"MAI | Montréal, arts interculturels","description":"La perle des arts interculturels au cœur de Montréal. Arts visuels, théâtre, danse, musique et arts interdisciplinaires. + de 40 évènements par an","publisher":{"@id":"https://www.m-a-i.qc.ca/en/#organization"},"potentialAction":[{"@type":"SearchAction","target":{"@type":"EntryPoint","urlTemplate":"https://www.m-a-i.qc.ca/en/?s={search_term_string}"},"query-input":"required name=search_term_string"}],"inLanguage":"en-US"},{"@type":"Organization","@id":"https://www.m-a-i.qc.ca/en/#organization","name":"MAI (Montréal, arts interculturels)","url":"https://www.m-a-i.qc.ca/en/","logo":{"@type":"ImageObject","inLanguage":"en-US","@id":"https://www.m-a-i.qc.ca/en/#/schema/logo/image/","url":"https://m-a-i.qc.ca/wp-content/uploads/2024/02/logo_mai_noir-1.png","contentUrl":"https://m-a-i.qc.ca/wp-content/uploads/2024/02/logo_mai_noir-1.png","width":1152,"height":1152,"caption":"MAI (Montréal, arts interculturels)"},"image":{"@id":"https://www.m-a-i.qc.ca/en/#/schema/logo/image/"},"sameAs":["http://instagram.com/mtlartsinter","http://linkedin.com/company/mtlartsinter","https://fr.wikipedia.org/wiki/Montral_arts_interculturels","http://facebook.com/mtlartsinter","https://twitter.com/mtlartsinter"]}]}</script>
<!-- / Yoast SEO plugin. -->

Burcu Emeç &mdash; MAI | Montréal, arts interculturels

What does it mean to collaborate with someone or something? Burcu Emeç’s project within Alliance We were awkward at first but then it was [&hellip;]

MAI | Montréal, arts interculturels

La perle des arts interculturels au cœur de Montréal. Arts visuels, théâtre, danse, musique et arts interdisciplinaires. + de 40 évènements par an

MAI (Montréal, arts interculturels)
