{"id":5131,"date":"2019-11-22T11:30:35","date_gmt":"2019-11-22T16:30:35","guid":{"rendered":"https:\/\/m-a-i.qc.ca\/?post_type=artist&#038;p=5131"},"modified":"2021-10-15T16:04:24","modified_gmt":"2021-10-15T20:04:24","slug":"sophie-el-assaad","status":"publish","type":"artist","link":"https:\/\/m-a-i.qc.ca\/en\/artist\/sophie-el-assaad\/","title":{"rendered":"sophie el assaad"},"content":{"rendered":"<p><strong>Sophie El Assaad<\/strong> is an award winning interdisciplinary artist, with Lebanese and British roots. After spending over a decade in Bahrain, she is based in Montreal, working in theatre as a designer, creator and aspiring director. She founded her theatre company Theatre Nuaj in 2015 and produced and directed her first show entitled <em>VANITAS. <\/em>Today she is working on writing and developing her next piece, <em>Black Balloon<\/em>.<\/p>\n<p>Sophie\u2019s individual practice is inspired by artists like Ali Chahrour, Wajdi Mouawad, Dave St Pierre and Sarah Kane; their rawness and relationship in their work to Life and Death evokes what it means to be human and the struggle that it demands. As a creator with a background in visual art, the visual impact of her work is very important; it plays with the juxtaposition of performance and artistic styles from various disciplines, heavily based in movement and imperfections. Currently, her work is focused on the increased level of hopelessness prevalent in young adults facing today\u2019s world and the risks of a <em>Godless<\/em> generation seeking purpose. Using the current political climate in the Arab peninsula, she seeks to question perspectives from East and West, investigate the person behind the \u2018terrorist\u2019 and query the meaning of <em>humanity. <\/em><\/p>\n<p>Sophie was part of Black Theatre Workshop\u2019s Artist Mentorship Program in 2017 and has worked as a designer for various professional theatre companies, including Repercussion Theatre, Cabal Theatre, Talisman Theatre, Tableau d\u2019H\u00f4te Theatre, Geordie Theatre, Yonder Window Theatre Co and The Segal Centre of Performing Arts.<\/p>\n<p>&nbsp;<\/p>\n","protected":false},"author":17,"featured_media":5129,"template":"","meta":{"footnotes":""},"role":[],"cities":[137],"data_type":[141],"joint_mentorship":[],"class_list":["post-5131","artist","type-artist","status-publish","has-post-thumbnail","hentry","artists-19-20","program-alliance-en","discipline-theatre","cities-montreal-en","data_type-artist"],"acf":[],"yoast_head":"<!-- This site is optimized with the Yoast SEO plugin v19.13 - https:\/\/yoast.com\/wordpress\/plugins\/seo\/ -->\n<title>Sophie El Assaad &mdash; MAI | Montr\u00e9al, arts interculturels<\/title>\n<meta name=\"robots\" content=\"index, follow, max-snippet:-1, max-image-preview:large, max-video-preview:-1\" \/>\n<link rel=\"canonical\" href=\"https:\/\/m-a-i.qc.ca\/en\/artist\/sophie-el-assaad\/\" \/>\n<meta property=\"og:locale\" content=\"en_US\" \/>\n<meta property=\"og:type\" content=\"article\" \/>\n<meta property=\"og:title\" content=\"Sophie El Assaad &mdash; MAI | Montr\u00e9al, arts interculturels\" \/>\n<meta property=\"og:description\" content=\"Sophie El Assaad is an award winning interdisciplinary artist, with Lebanese and British roots. After spending over a decade in Bahrain, she is based [&hellip;]\" \/>\n<meta property=\"og:url\" content=\"https:\/\/m-a-i.qc.ca\/en\/artist\/sophie-el-assaad\/\" \/>\n<meta property=\"og:site_name\" content=\"MAI | Montr\u00e9al, arts interculturels\" \/>\n<meta property=\"article:publisher\" content=\"http:\/\/facebook.com\/mtlartsinter\" \/>\n<meta property=\"article:modified_time\" content=\"2021-10-15T20:04:24+00:00\" \/>\n<meta property=\"og:image\" content=\"https:\/\/m-a-i.qc.ca\/wp-content\/uploads\/2019\/11\/sophiebw-1306x1920.jpg\" \/>\n\t<meta property=\"og:image:width\" content=\"1306\" \/>\n\t<meta property=\"og:image:height\" content=\"1920\" \/>\n\t<meta property=\"og:image:type\" content=\"image\/jpeg\" \/>\n<meta name=\"twitter:card\" content=\"summary_large_image\" \/>\n<meta name=\"twitter:site\" content=\"@mtlartsinter\" \/>\n<meta name=\"twitter:label1\" content=\"Est. reading time\" \/>\n\t<meta name=\"twitter:data1\" content=\"1 minute\" \/>\n<script type=\"application\/ld+json\" class=\"yoast-schema-graph\">{\"@context\":\"https:\/\/schema.org\",\"@graph\":[{\"@type\":\"WebPage\",\"@id\":\"https:\/\/m-a-i.qc.ca\/en\/artist\/sophie-el-assaad\/\",\"url\":\"https:\/\/m-a-i.qc.ca\/en\/artist\/sophie-el-assaad\/\",\"name\":\"Sophie El Assaad &mdash; MAI | Montr\u00e9al, arts interculturels\",\"isPartOf\":{\"@id\":\"https:\/\/www.m-a-i.qc.ca\/en\/#website\"},\"datePublished\":\"2019-11-22T16:30:35+00:00\",\"dateModified\":\"2021-10-15T20:04:24+00:00\",\"breadcrumb\":{\"@id\":\"https:\/\/m-a-i.qc.ca\/en\/artist\/sophie-el-assaad\/#breadcrumb\"},\"inLanguage\":\"en-US\",\"potentialAction\":[{\"@type\":\"ReadAction\",\"target\":[\"https:\/\/m-a-i.qc.ca\/en\/artist\/sophie-el-assaad\/\"]}]},{\"@type\":\"BreadcrumbList\",\"@id\":\"https:\/\/m-a-i.qc.ca\/en\/artist\/sophie-el-assaad\/#breadcrumb\",\"itemListElement\":[{\"@type\":\"ListItem\",\"position\":1,\"name\":\"Accueil\",\"item\":\"https:\/\/m-a-i.qc.ca\/en\/\"},{\"@type\":\"ListItem\",\"position\":2,\"name\":\"sophie el assaad\"}]},{\"@type\":\"WebSite\",\"@id\":\"https:\/\/www.m-a-i.qc.ca\/en\/#website\",\"url\":\"https:\/\/www.m-a-i.qc.ca\/en\/\",\"name\":\"MAI | Montr\u00e9al, arts interculturels\",\"description\":\"La perle des arts interculturels au c\u0153ur de Montr\u00e9al. Arts visuels, th\u00e9\u00e2tre, danse, musique et arts interdisciplinaires. + de 40 \u00e9v\u00e8nements par an\",\"publisher\":{\"@id\":\"https:\/\/www.m-a-i.qc.ca\/en\/#organization\"},\"potentialAction\":[{\"@type\":\"SearchAction\",\"target\":{\"@type\":\"EntryPoint\",\"urlTemplate\":\"https:\/\/www.m-a-i.qc.ca\/en\/?s={search_term_string}\"},\"query-input\":\"required name=search_term_string\"}],\"inLanguage\":\"en-US\"},{\"@type\":\"Organization\",\"@id\":\"https:\/\/www.m-a-i.qc.ca\/en\/#organization\",\"name\":\"MAI (Montr\u00e9al, arts interculturels)\",\"url\":\"https:\/\/www.m-a-i.qc.ca\/en\/\",\"logo\":{\"@type\":\"ImageObject\",\"inLanguage\":\"en-US\",\"@id\":\"https:\/\/www.m-a-i.qc.ca\/en\/#\/schema\/logo\/image\/\",\"url\":\"https:\/\/m-a-i.qc.ca\/wp-content\/uploads\/2024\/02\/logo_mai_noir-1.png\",\"contentUrl\":\"https:\/\/m-a-i.qc.ca\/wp-content\/uploads\/2024\/02\/logo_mai_noir-1.png\",\"width\":1152,\"height\":1152,\"caption\":\"MAI (Montr\u00e9al, arts interculturels)\"},\"image\":{\"@id\":\"https:\/\/www.m-a-i.qc.ca\/en\/#\/schema\/logo\/image\/\"},\"sameAs\":[\"http:\/\/instagram.com\/mtlartsinter\",\"http:\/\/linkedin.com\/company\/mtlartsinter\",\"https:\/\/fr.wikipedia.org\/wiki\/Montral_arts_interculturels\",\"http:\/\/facebook.com\/mtlartsinter\",\"https:\/\/twitter.com\/mtlartsinter\"]}]}<\/script>\n<!-- \/ Yoast SEO plugin. -->","yoast_head_json":{"title":"Sophie El Assaad &mdash; MAI | Montr\u00e9al, arts interculturels","robots":{"index":"index","follow":"follow","max-snippet":"max-snippet:-1","max-image-preview":"max-image-preview:large","max-video-preview":"max-video-preview:-1"},"canonical":"https:\/\/m-a-i.qc.ca\/en\/artist\/sophie-el-assaad\/","og_locale":"en_US","og_type":"article","og_title":"Sophie El Assaad &mdash; MAI | Montr\u00e9al, arts interculturels","og_description":"Sophie El Assaad is an award winning interdisciplinary artist, with Lebanese and British roots. After spending over a decade in Bahrain, she is based [&hellip;]","og_url":"https:\/\/m-a-i.qc.ca\/en\/artist\/sophie-el-assaad\/","og_site_name":"MAI | Montr\u00e9al, arts interculturels","article_publisher":"http:\/\/facebook.com\/mtlartsinter","article_modified_time":"2021-10-15T20:04:24+00:00","og_image":[{"width":1306,"height":1920,"url":"https:\/\/m-a-i.qc.ca\/wp-content\/uploads\/2019\/11\/sophiebw-1306x1920.jpg","type":"image\/jpeg"}],"twitter_card":"summary_large_image","twitter_site":"@mtlartsinter","twitter_misc":{"Est. reading time":"1 minute"},"schema":{"@context":"https:\/\/schema.org","@graph":[{"@type":"WebPage","@id":"https:\/\/m-a-i.qc.ca\/en\/artist\/sophie-el-assaad\/","url":"https:\/\/m-a-i.qc.ca\/en\/artist\/sophie-el-assaad\/","name":"Sophie El Assaad &mdash; MAI | Montr\u00e9al, arts interculturels","isPartOf":{"@id":"https:\/\/www.m-a-i.qc.ca\/en\/#website"},"datePublished":"2019-11-22T16:30:35+00:00","dateModified":"2021-10-15T20:04:24+00:00","breadcrumb":{"@id":"https:\/\/m-a-i.qc.ca\/en\/artist\/sophie-el-assaad\/#breadcrumb"},"inLanguage":"en-US","potentialAction":[{"@type":"ReadAction","target":["https:\/\/m-a-i.qc.ca\/en\/artist\/sophie-el-assaad\/"]}]},{"@type":"BreadcrumbList","@id":"https:\/\/m-a-i.qc.ca\/en\/artist\/sophie-el-assaad\/#breadcrumb","itemListElement":[{"@type":"ListItem","position":1,"name":"Accueil","item":"https:\/\/m-a-i.qc.ca\/en\/"},{"@type":"ListItem","position":2,"name":"sophie el assaad"}]},{"@type":"WebSite","@id":"https:\/\/www.m-a-i.qc.ca\/en\/#website","url":"https:\/\/www.m-a-i.qc.ca\/en\/","name":"MAI | Montr\u00e9al, arts interculturels","description":"La perle des arts interculturels au c\u0153ur de Montr\u00e9al. Arts visuels, th\u00e9\u00e2tre, danse, musique et arts interdisciplinaires. + de 40 \u00e9v\u00e8nements par an","publisher":{"@id":"https:\/\/www.m-a-i.qc.ca\/en\/#organization"},"potentialAction":[{"@type":"SearchAction","target":{"@type":"EntryPoint","urlTemplate":"https:\/\/www.m-a-i.qc.ca\/en\/?s={search_term_string}"},"query-input":"required name=search_term_string"}],"inLanguage":"en-US"},{"@type":"Organization","@id":"https:\/\/www.m-a-i.qc.ca\/en\/#organization","name":"MAI (Montr\u00e9al, arts interculturels)","url":"https:\/\/www.m-a-i.qc.ca\/en\/","logo":{"@type":"ImageObject","inLanguage":"en-US","@id":"https:\/\/www.m-a-i.qc.ca\/en\/#\/schema\/logo\/image\/","url":"https:\/\/m-a-i.qc.ca\/wp-content\/uploads\/2024\/02\/logo_mai_noir-1.png","contentUrl":"https:\/\/m-a-i.qc.ca\/wp-content\/uploads\/2024\/02\/logo_mai_noir-1.png","width":1152,"height":1152,"caption":"MAI (Montr\u00e9al, arts interculturels)"},"image":{"@id":"https:\/\/www.m-a-i.qc.ca\/en\/#\/schema\/logo\/image\/"},"sameAs":["http:\/\/instagram.com\/mtlartsinter","http:\/\/linkedin.com\/company\/mtlartsinter","https:\/\/fr.wikipedia.org\/wiki\/Montral_arts_interculturels","http:\/\/facebook.com\/mtlartsinter","https:\/\/twitter.com\/mtlartsinter"]}]}},"_links":{"self":[{"href":"https:\/\/m-a-i.qc.ca\/en\/wp-json\/wp\/v2\/artist\/5131","targetHints":{"allow":["GET"]}}],"collection":[{"href":"https:\/\/m-a-i.qc.ca\/en\/wp-json\/wp\/v2\/artist"}],"about":[{"href":"https:\/\/m-a-i.qc.ca\/en\/wp-json\/wp\/v2\/types\/artist"}],"author":[{"embeddable":true,"href":"https:\/\/m-a-i.qc.ca\/en\/wp-json\/wp\/v2\/users\/17"}],"version-history":[{"count":10,"href":"https:\/\/m-a-i.qc.ca\/en\/wp-json\/wp\/v2\/artist\/5131\/revisions"}],"predecessor-version":[{"id":10752,"href":"https:\/\/m-a-i.qc.ca\/en\/wp-json\/wp\/v2\/artist\/5131\/revisions\/10752"}],"wp:featuredmedia":[{"embeddable":true,"href":"https:\/\/m-a-i.qc.ca\/en\/wp-json\/wp\/v2\/media\/5129"}],"wp:attachment":[{"href":"https:\/\/m-a-i.qc.ca\/en\/wp-json\/wp\/v2\/media?parent=5131"}],"wp:term":[{"taxonomy":"role","embeddable":true,"href":"https:\/\/m-a-i.qc.ca\/en\/wp-json\/wp\/v2\/role?post=5131"},{"taxonomy":"cities","embeddable":true,"href":"https:\/\/m-a-i.qc.ca\/en\/wp-json\/wp\/v2\/cities?post=5131"},{"taxonomy":"data_type","embeddable":true,"href":"https:\/\/m-a-i.qc.ca\/en\/wp-json\/wp\/v2\/data_type?post=5131"},{"taxonomy":"joint_mentorship","embeddable":true,"href":"https:\/\/m-a-i.qc.ca\/en\/wp-json\/wp\/v2\/joint_mentorship?post=5131"}],"curies":[{"name":"wp","href":"https:\/\/api.w.org\/{rel}","templated":true}]}}

<p><strong>Sophie El Assaad</strong> is an award winning interdisciplinary artist, with Lebanese and British roots. After spending over a decade in Bahrain, she is based in Montreal, working in theatre as a designer, creator and aspiring director. She founded her theatre company Theatre Nuaj in 2015 and produced and directed her first show entitled <em>VANITAS. </em>Today she is working on writing and developing her next piece, <em>Black Balloon</em>.</p>
<p>Sophie’s individual practice is inspired by artists like Ali Chahrour, Wajdi Mouawad, Dave St Pierre and Sarah Kane; their rawness and relationship in their work to Life and Death evokes what it means to be human and the struggle that it demands. As a creator with a background in visual art, the visual impact of her work is very important; it plays with the juxtaposition of performance and artistic styles from various disciplines, heavily based in movement and imperfections. Currently, her work is focused on the increased level of hopelessness prevalent in young adults facing today’s world and the risks of a <em>Godless</em> generation seeking purpose. Using the current political climate in the Arab peninsula, she seeks to question perspectives from East and West, investigate the person behind the ‘terrorist’ and query the meaning of <em>humanity. </em></p>
<p>Sophie was part of Black Theatre Workshop’s Artist Mentorship Program in 2017 and has worked as a designer for various professional theatre companies, including Repercussion Theatre, Cabal Theatre, Talisman Theatre, Tableau d’Hôte Theatre, Geordie Theatre, Yonder Window Theatre Co and The Segal Centre of Performing Arts.</p>
<p>&nbsp;</p>

<!-- This site is optimized with the Yoast SEO plugin v19.13 - https://yoast.com/wordpress/plugins/seo/ -->
<title>Sophie El Assaad &mdash; MAI | Montréal, arts interculturels</title>
<meta name="robots" content="index, follow, max-snippet:-1, max-image-preview:large, max-video-preview:-1" />
<link rel="canonical" href="https://m-a-i.qc.ca/en/artist/sophie-el-assaad/" />
<meta property="og:locale" content="en_US" />
<meta property="og:type" content="article" />
<meta property="og:title" content="Sophie El Assaad &mdash; MAI | Montréal, arts interculturels" />
<meta property="og:description" content="Sophie El Assaad is an award winning interdisciplinary artist, with Lebanese and British roots. After spending over a decade in Bahrain, she is based [&hellip;]" />
<meta property="og:url" content="https://m-a-i.qc.ca/en/artist/sophie-el-assaad/" />
<meta property="og:site_name" content="MAI | Montréal, arts interculturels" />
<meta property="article:publisher" content="http://facebook.com/mtlartsinter" />
<meta property="article:modified_time" content="2021-10-15T20:04:24+00:00" />
<meta property="og:image" content="https://m-a-i.qc.ca/wp-content/uploads/2019/11/sophiebw-1306x1920.jpg" />
	<meta property="og:image:width" content="1306" />
	<meta property="og:image:height" content="1920" />
	<meta property="og:image:type" content="image/jpeg" />
<meta name="twitter:card" content="summary_large_image" />
<meta name="twitter:site" content="@mtlartsinter" />
<meta name="twitter:label1" content="Est. reading time" />
	<meta name="twitter:data1" content="1 minute" />
<script type="application/ld+json" class="yoast-schema-graph">{"@context":"https://schema.org","@graph":[{"@type":"WebPage","@id":"https://m-a-i.qc.ca/en/artist/sophie-el-assaad/","url":"https://m-a-i.qc.ca/en/artist/sophie-el-assaad/","name":"Sophie El Assaad &mdash; MAI | Montréal, arts interculturels","isPartOf":{"@id":"https://www.m-a-i.qc.ca/en/#website"},"datePublished":"2019-11-22T16:30:35+00:00","dateModified":"2021-10-15T20:04:24+00:00","breadcrumb":{"@id":"https://m-a-i.qc.ca/en/artist/sophie-el-assaad/#breadcrumb"},"inLanguage":"en-US","potentialAction":[{"@type":"ReadAction","target":["https://m-a-i.qc.ca/en/artist/sophie-el-assaad/"]}]},{"@type":"BreadcrumbList","@id":"https://m-a-i.qc.ca/en/artist/sophie-el-assaad/#breadcrumb","itemListElement":[{"@type":"ListItem","position":1,"name":"Accueil","item":"https://m-a-i.qc.ca/en/"},{"@type":"ListItem","position":2,"name":"sophie el assaad"}]},{"@type":"WebSite","@id":"https://www.m-a-i.qc.ca/en/#website","url":"https://www.m-a-i.qc.ca/en/","name":"MAI | Montréal, arts interculturels","description":"La perle des arts interculturels au cœur de Montréal. Arts visuels, théâtre, danse, musique et arts interdisciplinaires. + de 40 évènements par an","publisher":{"@id":"https://www.m-a-i.qc.ca/en/#organization"},"potentialAction":[{"@type":"SearchAction","target":{"@type":"EntryPoint","urlTemplate":"https://www.m-a-i.qc.ca/en/?s={search_term_string}"},"query-input":"required name=search_term_string"}],"inLanguage":"en-US"},{"@type":"Organization","@id":"https://www.m-a-i.qc.ca/en/#organization","name":"MAI (Montréal, arts interculturels)","url":"https://www.m-a-i.qc.ca/en/","logo":{"@type":"ImageObject","inLanguage":"en-US","@id":"https://www.m-a-i.qc.ca/en/#/schema/logo/image/","url":"https://m-a-i.qc.ca/wp-content/uploads/2024/02/logo_mai_noir-1.png","contentUrl":"https://m-a-i.qc.ca/wp-content/uploads/2024/02/logo_mai_noir-1.png","width":1152,"height":1152,"caption":"MAI (Montréal, arts interculturels)"},"image":{"@id":"https://www.m-a-i.qc.ca/en/#/schema/logo/image/"},"sameAs":["http://instagram.com/mtlartsinter","http://linkedin.com/company/mtlartsinter","https://fr.wikipedia.org/wiki/Montral_arts_interculturels","http://facebook.com/mtlartsinter","https://twitter.com/mtlartsinter"]}]}</script>
<!-- / Yoast SEO plugin. -->

Sophie El Assaad &mdash; MAI | Montréal, arts interculturels

MAI | Montréal, arts interculturels

La perle des arts interculturels au cœur de Montréal. Arts visuels, théâtre, danse, musique et arts interdisciplinaires. + de 40 évènements par an

MAI (Montréal, arts interculturels)
