{"id":15946,"date":"2024-02-22T13:02:25","date_gmt":"2024-02-22T18:02:25","guid":{"rendered":"https:\/\/m-a-i.qc.ca\/?post_type=artist&#038;p=15946"},"modified":"2025-02-24T13:35:11","modified_gmt":"2025-02-24T18:35:11","slug":"sonia-reboul","status":"publish","type":"artist","link":"https:\/\/m-a-i.qc.ca\/en\/artist\/sonia-reboul\/","title":{"rendered":"sonia reboul"},"content":{"rendered":"<p><span style=\"font-weight: 400;\">Sonia Reboul is a French-Canadian multidisciplinary artist based in Tiohti\u00e0:ke\/Montreal. For <\/span><span style=\"font-weight: 400;\">for 12 years, she has developed a body of self-taught art alongside a career in Communications. In 2019, she will begin a Bachelor of Fine Arts at Concordia University to further perfect her skills. Since then, her artistic projects have multiplied: she has won three university scholarships selected for residencies and exhibitions at the Centre d&#8217;art Jacques-et-Michel-Auger (Carr\u00e9 150), La Centrale Galerie Powerhouse, Art Matters, Art Souterrain, Galerie VAV, Nouaisons, Universit\u00e9 de Montr\u00e9al. His drawings have been selected for several initiatives, including the COVID collection organized by Sale Caract\u00e8re, l&#8217;Organe magazine. Various blogs (Jano Lapin, Yellow Pad Sessions, The Unicorn Factory, The Soul <\/span><span style=\"font-weight: 400;\">Food).<\/span><\/p>\n<p><b>Project description<\/b><\/p>\n<p><i><span style=\"font-weight: 400;\">Dialogues <\/span><\/i><span style=\"font-weight: 400;\">stem from the exploration of traditional weaving techniques with fine metal chains sourced from second-hand costume jewellery.\u00a0<\/span><\/p>\n<p><span style=\"font-weight: 400;\">These pieces of jewellery have undergone a transformation akin to a ritual tribute to the people who wore them: first washed, dried and then dismantled, the links are reassembled into chains classified by size and colour, then woven to form small rectangular samples.<\/span><\/p>\n<p><span style=\"font-weight: 400;\">These chains, which have already had a first life, symbolize multiple personal histories and the diversity of human bonds. The dialogue between materials illustrates the complexity of relationships, fluctuating between flexibility and rigidity, strength and fragility, preciousness and banality. The slippery and elusive nature of the chain emphasizes the subtleties of human interaction. <\/span><span style=\"font-weight: 400;\">Beyond the ornamental, <\/span><i><span style=\"font-weight: 400;\">Dialogues<\/span><\/i><span style=\"font-weight: 400;\"> conjures a metaphorical chain mail armour, evoking social interactions in times of confinement. Crafted from inexpensive jewellery, the work questions the value of human bonds in the context of disposable consumer culture, highlighting neglected social and ecological aspects. <\/span><span style=\"font-weight: 400;\">The piece also has a social and local dimension, as the materials were sourced from <\/span><a href=\"https:\/\/lechainon.org\/en\/store\/\"><b>Le Cha\u00eenon<\/b><\/a><span style=\"font-weight: 400;\"> store, whose mandate has been to help women in difficulty since its inception in 1932. In all, over $400 worth of jewellery was purchased from the welfare association.<\/span><\/p>\n<p><span style=\"font-weight: 400;\">&#8211;<\/span><span style=\"font-weight: 400;\"><br \/>\n<\/span><i><span style=\"font-weight: 400;\">This project was presented in a solo exhibition at La Centrale Galerie Powerhouse and the <\/span><\/i><a href=\"https:\/\/cr0w.org\/\"><b>Creative Re-use: \u00d8 Waste C.R.\u00d8.W<\/b><\/a> <i><span style=\"font-weight: 400;\">group exhibition. It was supported by the Fine Arts Student Alliance Grant from Concordia University.<\/span><\/i><\/p>\n<p><span style=\"font-weight: 400;\">Project status:<\/span><\/p>\n<p><span style=\"font-weight: 400;\">To date, a first series of samples has been completed, representing a woven surface area of 3,780cm<\/span><span style=\"font-weight: 400;\">2<\/span><span style=\"font-weight: 400;\"> (the equivalent of a 62cm by 62cm patchwork quilt).<\/span><\/p>\n<p><span style=\"font-weight: 400;\">My ultimate goal would be to weave a surface area totalling 124cm x 180cm, to be able to assemble them into a large quilt. This would require six times as much material as I currently have in stock. I&#8217;d also like to make a full-body cast to serve as a support for the quilt.<\/span><\/p>\n<p><span style=\"font-weight: 400;\">More on <\/span><i><span style=\"font-weight: 400;\">Dialogues<\/span><\/i><span style=\"font-weight: 400;\">: <\/span><a href=\"https:\/\/soniareboul.com\/Dialogues\"><span style=\"font-weight: 400;\">https:\/\/soniareboul.com\/Dialogues<\/span><\/a><\/p>\n<p>Credit photo: Sonia Reboul<\/p>\n","protected":false},"author":17,"featured_media":16051,"template":"","meta":{"footnotes":""},"role":[395],"cities":[137],"data_type":[141],"joint_mentorship":[],"class_list":["post-15946","artist","type-artist","status-publish","has-post-thumbnail","hentry","artists-23-24","program-alliance-en","discipline-visual-arts","role-artist-en","cities-montreal-en","data_type-artist"],"acf":[],"yoast_head":"<!-- This site is optimized with the Yoast SEO plugin v19.13 - https:\/\/yoast.com\/wordpress\/plugins\/seo\/ -->\n<title>Sonia Reboul &mdash; MAI | Montr\u00e9al, arts interculturels<\/title>\n<meta name=\"robots\" content=\"index, follow, max-snippet:-1, max-image-preview:large, max-video-preview:-1\" \/>\n<link rel=\"canonical\" href=\"https:\/\/m-a-i.qc.ca\/en\/artist\/sonia-reboul\/\" \/>\n<meta property=\"og:locale\" content=\"en_US\" \/>\n<meta property=\"og:type\" content=\"article\" \/>\n<meta property=\"og:title\" content=\"Sonia Reboul &mdash; MAI | Montr\u00e9al, arts interculturels\" \/>\n<meta property=\"og:description\" content=\"Sonia Reboul is a French-Canadian multidisciplinary artist based in Tiohti\u00e0:ke\/Montreal. For for 12 years, she has developed a body of self-taught art alongside a [&hellip;]\" \/>\n<meta property=\"og:url\" content=\"https:\/\/m-a-i.qc.ca\/en\/artist\/sonia-reboul\/\" \/>\n<meta property=\"og:site_name\" content=\"MAI | Montr\u00e9al, arts interculturels\" \/>\n<meta property=\"article:publisher\" content=\"http:\/\/facebook.com\/mtlartsinter\" \/>\n<meta property=\"article:modified_time\" content=\"2025-02-24T18:35:11+00:00\" \/>\n<meta property=\"og:image\" content=\"https:\/\/m-a-i.qc.ca\/wp-content\/uploads\/2024\/02\/Sonia-Reboul-atelierjpg-scaled.jpg\" \/>\n\t<meta property=\"og:image:width\" content=\"1708\" \/>\n\t<meta property=\"og:image:height\" content=\"2560\" \/>\n\t<meta property=\"og:image:type\" content=\"image\/jpeg\" \/>\n<meta name=\"twitter:card\" content=\"summary_large_image\" \/>\n<meta name=\"twitter:site\" content=\"@mtlartsinter\" \/>\n<meta name=\"twitter:label1\" content=\"Est. reading time\" \/>\n\t<meta name=\"twitter:data1\" content=\"3 minutes\" \/>\n<script type=\"application\/ld+json\" class=\"yoast-schema-graph\">{\"@context\":\"https:\/\/schema.org\",\"@graph\":[{\"@type\":\"WebPage\",\"@id\":\"https:\/\/m-a-i.qc.ca\/en\/artist\/sonia-reboul\/\",\"url\":\"https:\/\/m-a-i.qc.ca\/en\/artist\/sonia-reboul\/\",\"name\":\"Sonia Reboul &mdash; MAI | Montr\u00e9al, arts interculturels\",\"isPartOf\":{\"@id\":\"https:\/\/www.m-a-i.qc.ca\/en\/#website\"},\"datePublished\":\"2024-02-22T18:02:25+00:00\",\"dateModified\":\"2025-02-24T18:35:11+00:00\",\"breadcrumb\":{\"@id\":\"https:\/\/m-a-i.qc.ca\/en\/artist\/sonia-reboul\/#breadcrumb\"},\"inLanguage\":\"en-US\",\"potentialAction\":[{\"@type\":\"ReadAction\",\"target\":[\"https:\/\/m-a-i.qc.ca\/en\/artist\/sonia-reboul\/\"]}]},{\"@type\":\"BreadcrumbList\",\"@id\":\"https:\/\/m-a-i.qc.ca\/en\/artist\/sonia-reboul\/#breadcrumb\",\"itemListElement\":[{\"@type\":\"ListItem\",\"position\":1,\"name\":\"Accueil\",\"item\":\"https:\/\/m-a-i.qc.ca\/en\/\"},{\"@type\":\"ListItem\",\"position\":2,\"name\":\"sonia reboul\"}]},{\"@type\":\"WebSite\",\"@id\":\"https:\/\/www.m-a-i.qc.ca\/en\/#website\",\"url\":\"https:\/\/www.m-a-i.qc.ca\/en\/\",\"name\":\"MAI | Montr\u00e9al, arts interculturels\",\"description\":\"La perle des arts interculturels au c\u0153ur de Montr\u00e9al. Arts visuels, th\u00e9\u00e2tre, danse, musique et arts interdisciplinaires. + de 40 \u00e9v\u00e8nements par an\",\"publisher\":{\"@id\":\"https:\/\/www.m-a-i.qc.ca\/en\/#organization\"},\"potentialAction\":[{\"@type\":\"SearchAction\",\"target\":{\"@type\":\"EntryPoint\",\"urlTemplate\":\"https:\/\/www.m-a-i.qc.ca\/en\/?s={search_term_string}\"},\"query-input\":\"required name=search_term_string\"}],\"inLanguage\":\"en-US\"},{\"@type\":\"Organization\",\"@id\":\"https:\/\/www.m-a-i.qc.ca\/en\/#organization\",\"name\":\"MAI (Montr\u00e9al, arts interculturels)\",\"url\":\"https:\/\/www.m-a-i.qc.ca\/en\/\",\"logo\":{\"@type\":\"ImageObject\",\"inLanguage\":\"en-US\",\"@id\":\"https:\/\/www.m-a-i.qc.ca\/en\/#\/schema\/logo\/image\/\",\"url\":\"https:\/\/m-a-i.qc.ca\/wp-content\/uploads\/2024\/02\/logo_mai_noir-1.png\",\"contentUrl\":\"https:\/\/m-a-i.qc.ca\/wp-content\/uploads\/2024\/02\/logo_mai_noir-1.png\",\"width\":1152,\"height\":1152,\"caption\":\"MAI (Montr\u00e9al, arts interculturels)\"},\"image\":{\"@id\":\"https:\/\/www.m-a-i.qc.ca\/en\/#\/schema\/logo\/image\/\"},\"sameAs\":[\"http:\/\/instagram.com\/mtlartsinter\",\"http:\/\/linkedin.com\/company\/mtlartsinter\",\"https:\/\/fr.wikipedia.org\/wiki\/Montral_arts_interculturels\",\"http:\/\/facebook.com\/mtlartsinter\",\"https:\/\/twitter.com\/mtlartsinter\"]}]}<\/script>\n<!-- \/ Yoast SEO plugin. -->","yoast_head_json":{"title":"Sonia Reboul &mdash; MAI | Montr\u00e9al, arts interculturels","robots":{"index":"index","follow":"follow","max-snippet":"max-snippet:-1","max-image-preview":"max-image-preview:large","max-video-preview":"max-video-preview:-1"},"canonical":"https:\/\/m-a-i.qc.ca\/en\/artist\/sonia-reboul\/","og_locale":"en_US","og_type":"article","og_title":"Sonia Reboul &mdash; MAI | Montr\u00e9al, arts interculturels","og_description":"Sonia Reboul is a French-Canadian multidisciplinary artist based in Tiohti\u00e0:ke\/Montreal. For for 12 years, she has developed a body of self-taught art alongside a [&hellip;]","og_url":"https:\/\/m-a-i.qc.ca\/en\/artist\/sonia-reboul\/","og_site_name":"MAI | Montr\u00e9al, arts interculturels","article_publisher":"http:\/\/facebook.com\/mtlartsinter","article_modified_time":"2025-02-24T18:35:11+00:00","og_image":[{"width":1708,"height":2560,"url":"https:\/\/m-a-i.qc.ca\/wp-content\/uploads\/2024\/02\/Sonia-Reboul-atelierjpg-scaled.jpg","type":"image\/jpeg"}],"twitter_card":"summary_large_image","twitter_site":"@mtlartsinter","twitter_misc":{"Est. reading time":"3 minutes"},"schema":{"@context":"https:\/\/schema.org","@graph":[{"@type":"WebPage","@id":"https:\/\/m-a-i.qc.ca\/en\/artist\/sonia-reboul\/","url":"https:\/\/m-a-i.qc.ca\/en\/artist\/sonia-reboul\/","name":"Sonia Reboul &mdash; MAI | Montr\u00e9al, arts interculturels","isPartOf":{"@id":"https:\/\/www.m-a-i.qc.ca\/en\/#website"},"datePublished":"2024-02-22T18:02:25+00:00","dateModified":"2025-02-24T18:35:11+00:00","breadcrumb":{"@id":"https:\/\/m-a-i.qc.ca\/en\/artist\/sonia-reboul\/#breadcrumb"},"inLanguage":"en-US","potentialAction":[{"@type":"ReadAction","target":["https:\/\/m-a-i.qc.ca\/en\/artist\/sonia-reboul\/"]}]},{"@type":"BreadcrumbList","@id":"https:\/\/m-a-i.qc.ca\/en\/artist\/sonia-reboul\/#breadcrumb","itemListElement":[{"@type":"ListItem","position":1,"name":"Accueil","item":"https:\/\/m-a-i.qc.ca\/en\/"},{"@type":"ListItem","position":2,"name":"sonia reboul"}]},{"@type":"WebSite","@id":"https:\/\/www.m-a-i.qc.ca\/en\/#website","url":"https:\/\/www.m-a-i.qc.ca\/en\/","name":"MAI | Montr\u00e9al, arts interculturels","description":"La perle des arts interculturels au c\u0153ur de Montr\u00e9al. Arts visuels, th\u00e9\u00e2tre, danse, musique et arts interdisciplinaires. + de 40 \u00e9v\u00e8nements par an","publisher":{"@id":"https:\/\/www.m-a-i.qc.ca\/en\/#organization"},"potentialAction":[{"@type":"SearchAction","target":{"@type":"EntryPoint","urlTemplate":"https:\/\/www.m-a-i.qc.ca\/en\/?s={search_term_string}"},"query-input":"required name=search_term_string"}],"inLanguage":"en-US"},{"@type":"Organization","@id":"https:\/\/www.m-a-i.qc.ca\/en\/#organization","name":"MAI (Montr\u00e9al, arts interculturels)","url":"https:\/\/www.m-a-i.qc.ca\/en\/","logo":{"@type":"ImageObject","inLanguage":"en-US","@id":"https:\/\/www.m-a-i.qc.ca\/en\/#\/schema\/logo\/image\/","url":"https:\/\/m-a-i.qc.ca\/wp-content\/uploads\/2024\/02\/logo_mai_noir-1.png","contentUrl":"https:\/\/m-a-i.qc.ca\/wp-content\/uploads\/2024\/02\/logo_mai_noir-1.png","width":1152,"height":1152,"caption":"MAI (Montr\u00e9al, arts interculturels)"},"image":{"@id":"https:\/\/www.m-a-i.qc.ca\/en\/#\/schema\/logo\/image\/"},"sameAs":["http:\/\/instagram.com\/mtlartsinter","http:\/\/linkedin.com\/company\/mtlartsinter","https:\/\/fr.wikipedia.org\/wiki\/Montral_arts_interculturels","http:\/\/facebook.com\/mtlartsinter","https:\/\/twitter.com\/mtlartsinter"]}]}},"_links":{"self":[{"href":"https:\/\/m-a-i.qc.ca\/en\/wp-json\/wp\/v2\/artist\/15946","targetHints":{"allow":["GET"]}}],"collection":[{"href":"https:\/\/m-a-i.qc.ca\/en\/wp-json\/wp\/v2\/artist"}],"about":[{"href":"https:\/\/m-a-i.qc.ca\/en\/wp-json\/wp\/v2\/types\/artist"}],"author":[{"embeddable":true,"href":"https:\/\/m-a-i.qc.ca\/en\/wp-json\/wp\/v2\/users\/17"}],"version-history":[{"count":3,"href":"https:\/\/m-a-i.qc.ca\/en\/wp-json\/wp\/v2\/artist\/15946\/revisions"}],"predecessor-version":[{"id":18237,"href":"https:\/\/m-a-i.qc.ca\/en\/wp-json\/wp\/v2\/artist\/15946\/revisions\/18237"}],"wp:featuredmedia":[{"embeddable":true,"href":"https:\/\/m-a-i.qc.ca\/en\/wp-json\/wp\/v2\/media\/16051"}],"wp:attachment":[{"href":"https:\/\/m-a-i.qc.ca\/en\/wp-json\/wp\/v2\/media?parent=15946"}],"wp:term":[{"taxonomy":"role","embeddable":true,"href":"https:\/\/m-a-i.qc.ca\/en\/wp-json\/wp\/v2\/role?post=15946"},{"taxonomy":"cities","embeddable":true,"href":"https:\/\/m-a-i.qc.ca\/en\/wp-json\/wp\/v2\/cities?post=15946"},{"taxonomy":"data_type","embeddable":true,"href":"https:\/\/m-a-i.qc.ca\/en\/wp-json\/wp\/v2\/data_type?post=15946"},{"taxonomy":"joint_mentorship","embeddable":true,"href":"https:\/\/m-a-i.qc.ca\/en\/wp-json\/wp\/v2\/joint_mentorship?post=15946"}],"curies":[{"name":"wp","href":"https:\/\/api.w.org\/{rel}","templated":true}]}}

<p><span style="font-weight: 400;">Sonia Reboul is a French-Canadian multidisciplinary artist based in Tiohtià:ke/Montreal. For </span><span style="font-weight: 400;">for 12 years, she has developed a body of self-taught art alongside a career in Communications. In 2019, she will begin a Bachelor of Fine Arts at Concordia University to further perfect her skills. Since then, her artistic projects have multiplied: she has won three university scholarships selected for residencies and exhibitions at the Centre d&#8217;art Jacques-et-Michel-Auger (Carré 150), La Centrale Galerie Powerhouse, Art Matters, Art Souterrain, Galerie VAV, Nouaisons, Université de Montréal. His drawings have been selected for several initiatives, including the COVID collection organized by Sale Caractère, l&#8217;Organe magazine. Various blogs (Jano Lapin, Yellow Pad Sessions, The Unicorn Factory, The Soul </span><span style="font-weight: 400;">Food).</span></p>
<p><b>Project description</b></p>
<p><i><span style="font-weight: 400;">Dialogues </span></i><span style="font-weight: 400;">stem from the exploration of traditional weaving techniques with fine metal chains sourced from second-hand costume jewellery. </span></p>
<p><span style="font-weight: 400;">These pieces of jewellery have undergone a transformation akin to a ritual tribute to the people who wore them: first washed, dried and then dismantled, the links are reassembled into chains classified by size and colour, then woven to form small rectangular samples.</span></p>
<p><span style="font-weight: 400;">These chains, which have already had a first life, symbolize multiple personal histories and the diversity of human bonds. The dialogue between materials illustrates the complexity of relationships, fluctuating between flexibility and rigidity, strength and fragility, preciousness and banality. The slippery and elusive nature of the chain emphasizes the subtleties of human interaction. </span><span style="font-weight: 400;">Beyond the ornamental, </span><i><span style="font-weight: 400;">Dialogues</span></i><span style="font-weight: 400;"> conjures a metaphorical chain mail armour, evoking social interactions in times of confinement. Crafted from inexpensive jewellery, the work questions the value of human bonds in the context of disposable consumer culture, highlighting neglected social and ecological aspects. </span><span style="font-weight: 400;">The piece also has a social and local dimension, as the materials were sourced from </span><a href="https://lechainon.org/en/store/"><b>Le Chaînon</b></a><span style="font-weight: 400;"> store, whose mandate has been to help women in difficulty since its inception in 1932. In all, over $400 worth of jewellery was purchased from the welfare association.</span></p>
<p><span style="font-weight: 400;">&#8211;</span><span style="font-weight: 400;"><br />
</span><i><span style="font-weight: 400;">This project was presented in a solo exhibition at La Centrale Galerie Powerhouse and the </span></i><a href="https://cr0w.org/"><b>Creative Re-use: Ø Waste C.R.Ø.W</b></a> <i><span style="font-weight: 400;">group exhibition. It was supported by the Fine Arts Student Alliance Grant from Concordia University.</span></i></p>
<p><span style="font-weight: 400;">Project status:</span></p>
<p><span style="font-weight: 400;">To date, a first series of samples has been completed, representing a woven surface area of 3,780cm</span><span style="font-weight: 400;">2</span><span style="font-weight: 400;"> (the equivalent of a 62cm by 62cm patchwork quilt).</span></p>
<p><span style="font-weight: 400;">My ultimate goal would be to weave a surface area totalling 124cm x 180cm, to be able to assemble them into a large quilt. This would require six times as much material as I currently have in stock. I&#8217;d also like to make a full-body cast to serve as a support for the quilt.</span></p>
<p><span style="font-weight: 400;">More on </span><i><span style="font-weight: 400;">Dialogues</span></i><span style="font-weight: 400;">: </span><a href="https://soniareboul.com/Dialogues"><span style="font-weight: 400;">https://soniareboul.com/Dialogues</span></a></p>
<p>Credit photo: Sonia Reboul</p>

<!-- This site is optimized with the Yoast SEO plugin v19.13 - https://yoast.com/wordpress/plugins/seo/ -->
<title>Sonia Reboul &mdash; MAI | Montréal, arts interculturels</title>
<meta name="robots" content="index, follow, max-snippet:-1, max-image-preview:large, max-video-preview:-1" />
<link rel="canonical" href="https://m-a-i.qc.ca/en/artist/sonia-reboul/" />
<meta property="og:locale" content="en_US" />
<meta property="og:type" content="article" />
<meta property="og:title" content="Sonia Reboul &mdash; MAI | Montréal, arts interculturels" />
<meta property="og:description" content="Sonia Reboul is a French-Canadian multidisciplinary artist based in Tiohtià:ke/Montreal. For for 12 years, she has developed a body of self-taught art alongside a [&hellip;]" />
<meta property="og:url" content="https://m-a-i.qc.ca/en/artist/sonia-reboul/" />
<meta property="og:site_name" content="MAI | Montréal, arts interculturels" />
<meta property="article:publisher" content="http://facebook.com/mtlartsinter" />
<meta property="article:modified_time" content="2025-02-24T18:35:11+00:00" />
<meta property="og:image" content="https://m-a-i.qc.ca/wp-content/uploads/2024/02/Sonia-Reboul-atelierjpg-scaled.jpg" />
	<meta property="og:image:width" content="1708" />
	<meta property="og:image:height" content="2560" />
	<meta property="og:image:type" content="image/jpeg" />
<meta name="twitter:card" content="summary_large_image" />
<meta name="twitter:site" content="@mtlartsinter" />
<meta name="twitter:label1" content="Est. reading time" />
	<meta name="twitter:data1" content="3 minutes" />
<script type="application/ld+json" class="yoast-schema-graph">{"@context":"https://schema.org","@graph":[{"@type":"WebPage","@id":"https://m-a-i.qc.ca/en/artist/sonia-reboul/","url":"https://m-a-i.qc.ca/en/artist/sonia-reboul/","name":"Sonia Reboul &mdash; MAI | Montréal, arts interculturels","isPartOf":{"@id":"https://www.m-a-i.qc.ca/en/#website"},"datePublished":"2024-02-22T18:02:25+00:00","dateModified":"2025-02-24T18:35:11+00:00","breadcrumb":{"@id":"https://m-a-i.qc.ca/en/artist/sonia-reboul/#breadcrumb"},"inLanguage":"en-US","potentialAction":[{"@type":"ReadAction","target":["https://m-a-i.qc.ca/en/artist/sonia-reboul/"]}]},{"@type":"BreadcrumbList","@id":"https://m-a-i.qc.ca/en/artist/sonia-reboul/#breadcrumb","itemListElement":[{"@type":"ListItem","position":1,"name":"Accueil","item":"https://m-a-i.qc.ca/en/"},{"@type":"ListItem","position":2,"name":"sonia reboul"}]},{"@type":"WebSite","@id":"https://www.m-a-i.qc.ca/en/#website","url":"https://www.m-a-i.qc.ca/en/","name":"MAI | Montréal, arts interculturels","description":"La perle des arts interculturels au cœur de Montréal. Arts visuels, théâtre, danse, musique et arts interdisciplinaires. + de 40 évènements par an","publisher":{"@id":"https://www.m-a-i.qc.ca/en/#organization"},"potentialAction":[{"@type":"SearchAction","target":{"@type":"EntryPoint","urlTemplate":"https://www.m-a-i.qc.ca/en/?s={search_term_string}"},"query-input":"required name=search_term_string"}],"inLanguage":"en-US"},{"@type":"Organization","@id":"https://www.m-a-i.qc.ca/en/#organization","name":"MAI (Montréal, arts interculturels)","url":"https://www.m-a-i.qc.ca/en/","logo":{"@type":"ImageObject","inLanguage":"en-US","@id":"https://www.m-a-i.qc.ca/en/#/schema/logo/image/","url":"https://m-a-i.qc.ca/wp-content/uploads/2024/02/logo_mai_noir-1.png","contentUrl":"https://m-a-i.qc.ca/wp-content/uploads/2024/02/logo_mai_noir-1.png","width":1152,"height":1152,"caption":"MAI (Montréal, arts interculturels)"},"image":{"@id":"https://www.m-a-i.qc.ca/en/#/schema/logo/image/"},"sameAs":["http://instagram.com/mtlartsinter","http://linkedin.com/company/mtlartsinter","https://fr.wikipedia.org/wiki/Montral_arts_interculturels","http://facebook.com/mtlartsinter","https://twitter.com/mtlartsinter"]}]}</script>
<!-- / Yoast SEO plugin. -->

Sonia Reboul &mdash; MAI | Montréal, arts interculturels

Sonia Reboul is a French-Canadian multidisciplinary artist based in Tiohtià:ke/Montreal. For for 12 years, she has developed a body of self-taught art alongside a [&hellip;]

MAI | Montréal, arts interculturels

La perle des arts interculturels au cœur de Montréal. Arts visuels, théâtre, danse, musique et arts interdisciplinaires. + de 40 évènements par an

MAI (Montréal, arts interculturels)
