{"id":15930,"date":"2024-02-22T13:24:28","date_gmt":"2024-02-22T18:24:28","guid":{"rendered":"https:\/\/m-a-i.qc.ca\/?post_type=artist&#038;p=15930"},"modified":"2025-02-24T13:32:20","modified_gmt":"2025-02-24T18:32:20","slug":"adjani-poirier","status":"publish","type":"artist","link":"https:\/\/m-a-i.qc.ca\/en\/artist\/adjani-poirier\/","title":{"rendered":"adjani poirier"},"content":{"rendered":"<p><span style=\"font-weight: 400;\">Adjani Poirier is a multidisciplinary theatre artist who sometimes likes to experiment with sound art and radio. She is interested in creating work that explores the beauty and the ugly of the human experience, and is drawn to stories that reveal the complexity of navigating a world where systemic inequalities oppress yet love and connection still seep through the cracks, strong and fierce, giving us life. Their writing uses magical realism to explore ideas of home, queer desire and how the subconscious influences our relationship to each other and our physical surroundings.\u00a0<\/span><\/p>\n<p><span style=\"font-weight: 400;\">Recent plays include <\/span><i><span style=\"font-weight: 400;\">Sinkhole (or six ways to disappear),<\/span><\/i><span style=\"font-weight: 400;\"> the second-place winner of the Playwrights Guild of Canada Tom Hendry Emerging Playwright Award; <\/span><i><span style=\"font-weight: 400;\">Scorpio Moon,<\/span><\/i><span style=\"font-weight: 400;\"> which was featured in Centaur Theatre\u2019s 2022 Queer Reading Series; and <\/span><i><span style=\"font-weight: 400;\">Celebrity Dogs<\/span><\/i><span style=\"font-weight: 400;\">, part of Boca del Lupo\u2019s national project Plays2Perform@Home.\u00a0<\/span><\/p>\n<p><span style=\"font-weight: 400;\">With the support of MAI\u2019s alliance program, Adjani will be developing their new play <\/span><i><span style=\"font-weight: 400;\">One Spectacular Moment. <\/span><\/i><span style=\"font-weight: 400;\">Historical fiction meets magical realism in<\/span> <span style=\"font-weight: 400;\">this piece that<\/span> <span style=\"font-weight: 400;\">explores the connections between the historic Black community of Africville, urban renewal, Black feminism, the current housing crisis in Canadian cities and QTBIPOC activist movements of the 2010-20\u2019s.<\/span><\/p>\n<p><span style=\"font-weight: 400;\">Adjani is a graduate of the National Theatre School of Canada where she studied playwriting and has a BFA from Concordia University in Theatre and Development. They currently live and create in their hometown of Tiohti\u00e1:ke\/Montreal.<\/span><\/p>\n<p>Photo credit: Alex Tran<\/p>\n","protected":false},"author":17,"featured_media":15878,"template":"","meta":{"footnotes":""},"role":[395],"cities":[137],"data_type":[141],"joint_mentorship":[],"class_list":["post-15930","artist","type-artist","status-publish","has-post-thumbnail","hentry","artists-23-24","program-alliance-en","discipline-performing-arts","discipline-theatre","role-artist-en","cities-montreal-en","data_type-artist"],"acf":[],"yoast_head":"<!-- This site is optimized with the Yoast SEO plugin v19.13 - https:\/\/yoast.com\/wordpress\/plugins\/seo\/ -->\n<title>Adjani Poirier &mdash; MAI | Montr\u00e9al, arts interculturels<\/title>\n<meta name=\"robots\" content=\"index, follow, max-snippet:-1, max-image-preview:large, max-video-preview:-1\" \/>\n<link rel=\"canonical\" href=\"https:\/\/m-a-i.qc.ca\/en\/artist\/adjani-poirier\/\" \/>\n<meta property=\"og:locale\" content=\"en_US\" \/>\n<meta property=\"og:type\" content=\"article\" \/>\n<meta property=\"og:title\" content=\"Adjani Poirier &mdash; MAI | Montr\u00e9al, arts interculturels\" \/>\n<meta property=\"og:description\" content=\"Adjani Poirier is a multidisciplinary theatre artist who sometimes likes to experiment with sound art and radio. She is interested in creating work that [&hellip;]\" \/>\n<meta property=\"og:url\" content=\"https:\/\/m-a-i.qc.ca\/en\/artist\/adjani-poirier\/\" \/>\n<meta property=\"og:site_name\" content=\"MAI | Montr\u00e9al, arts interculturels\" \/>\n<meta property=\"article:publisher\" content=\"http:\/\/facebook.com\/mtlartsinter\" \/>\n<meta property=\"article:modified_time\" content=\"2025-02-24T18:32:20+00:00\" \/>\n<meta property=\"og:image\" content=\"https:\/\/m-a-i.qc.ca\/wp-content\/uploads\/2024\/02\/Adjani-headshot-scaled.jpg\" \/>\n\t<meta property=\"og:image:width\" content=\"2560\" \/>\n\t<meta property=\"og:image:height\" content=\"1703\" \/>\n\t<meta property=\"og:image:type\" content=\"image\/jpeg\" \/>\n<meta name=\"twitter:card\" content=\"summary_large_image\" \/>\n<meta name=\"twitter:site\" content=\"@mtlartsinter\" \/>\n<meta name=\"twitter:label1\" content=\"Est. reading time\" \/>\n\t<meta name=\"twitter:data1\" content=\"2 minutes\" \/>\n<script type=\"application\/ld+json\" class=\"yoast-schema-graph\">{\"@context\":\"https:\/\/schema.org\",\"@graph\":[{\"@type\":\"WebPage\",\"@id\":\"https:\/\/m-a-i.qc.ca\/en\/artist\/adjani-poirier\/\",\"url\":\"https:\/\/m-a-i.qc.ca\/en\/artist\/adjani-poirier\/\",\"name\":\"Adjani Poirier &mdash; MAI | Montr\u00e9al, arts interculturels\",\"isPartOf\":{\"@id\":\"https:\/\/www.m-a-i.qc.ca\/en\/#website\"},\"datePublished\":\"2024-02-22T18:24:28+00:00\",\"dateModified\":\"2025-02-24T18:32:20+00:00\",\"breadcrumb\":{\"@id\":\"https:\/\/m-a-i.qc.ca\/en\/artist\/adjani-poirier\/#breadcrumb\"},\"inLanguage\":\"en-US\",\"potentialAction\":[{\"@type\":\"ReadAction\",\"target\":[\"https:\/\/m-a-i.qc.ca\/en\/artist\/adjani-poirier\/\"]}]},{\"@type\":\"BreadcrumbList\",\"@id\":\"https:\/\/m-a-i.qc.ca\/en\/artist\/adjani-poirier\/#breadcrumb\",\"itemListElement\":[{\"@type\":\"ListItem\",\"position\":1,\"name\":\"Accueil\",\"item\":\"https:\/\/m-a-i.qc.ca\/en\/\"},{\"@type\":\"ListItem\",\"position\":2,\"name\":\"adjani poirier\"}]},{\"@type\":\"WebSite\",\"@id\":\"https:\/\/www.m-a-i.qc.ca\/en\/#website\",\"url\":\"https:\/\/www.m-a-i.qc.ca\/en\/\",\"name\":\"MAI | Montr\u00e9al, arts interculturels\",\"description\":\"La perle des arts interculturels au c\u0153ur de Montr\u00e9al. Arts visuels, th\u00e9\u00e2tre, danse, musique et arts interdisciplinaires. + de 40 \u00e9v\u00e8nements par an\",\"publisher\":{\"@id\":\"https:\/\/www.m-a-i.qc.ca\/en\/#organization\"},\"potentialAction\":[{\"@type\":\"SearchAction\",\"target\":{\"@type\":\"EntryPoint\",\"urlTemplate\":\"https:\/\/www.m-a-i.qc.ca\/en\/?s={search_term_string}\"},\"query-input\":\"required name=search_term_string\"}],\"inLanguage\":\"en-US\"},{\"@type\":\"Organization\",\"@id\":\"https:\/\/www.m-a-i.qc.ca\/en\/#organization\",\"name\":\"MAI (Montr\u00e9al, arts interculturels)\",\"url\":\"https:\/\/www.m-a-i.qc.ca\/en\/\",\"logo\":{\"@type\":\"ImageObject\",\"inLanguage\":\"en-US\",\"@id\":\"https:\/\/www.m-a-i.qc.ca\/en\/#\/schema\/logo\/image\/\",\"url\":\"https:\/\/m-a-i.qc.ca\/wp-content\/uploads\/2024\/02\/logo_mai_noir-1.png\",\"contentUrl\":\"https:\/\/m-a-i.qc.ca\/wp-content\/uploads\/2024\/02\/logo_mai_noir-1.png\",\"width\":1152,\"height\":1152,\"caption\":\"MAI (Montr\u00e9al, arts interculturels)\"},\"image\":{\"@id\":\"https:\/\/www.m-a-i.qc.ca\/en\/#\/schema\/logo\/image\/\"},\"sameAs\":[\"http:\/\/instagram.com\/mtlartsinter\",\"http:\/\/linkedin.com\/company\/mtlartsinter\",\"https:\/\/fr.wikipedia.org\/wiki\/Montral_arts_interculturels\",\"http:\/\/facebook.com\/mtlartsinter\",\"https:\/\/twitter.com\/mtlartsinter\"]}]}<\/script>\n<!-- \/ Yoast SEO plugin. -->","yoast_head_json":{"title":"Adjani Poirier &mdash; MAI | Montr\u00e9al, arts interculturels","robots":{"index":"index","follow":"follow","max-snippet":"max-snippet:-1","max-image-preview":"max-image-preview:large","max-video-preview":"max-video-preview:-1"},"canonical":"https:\/\/m-a-i.qc.ca\/en\/artist\/adjani-poirier\/","og_locale":"en_US","og_type":"article","og_title":"Adjani Poirier &mdash; MAI | Montr\u00e9al, arts interculturels","og_description":"Adjani Poirier is a multidisciplinary theatre artist who sometimes likes to experiment with sound art and radio. She is interested in creating work that [&hellip;]","og_url":"https:\/\/m-a-i.qc.ca\/en\/artist\/adjani-poirier\/","og_site_name":"MAI | Montr\u00e9al, arts interculturels","article_publisher":"http:\/\/facebook.com\/mtlartsinter","article_modified_time":"2025-02-24T18:32:20+00:00","og_image":[{"width":2560,"height":1703,"url":"https:\/\/m-a-i.qc.ca\/wp-content\/uploads\/2024\/02\/Adjani-headshot-scaled.jpg","type":"image\/jpeg"}],"twitter_card":"summary_large_image","twitter_site":"@mtlartsinter","twitter_misc":{"Est. reading time":"2 minutes"},"schema":{"@context":"https:\/\/schema.org","@graph":[{"@type":"WebPage","@id":"https:\/\/m-a-i.qc.ca\/en\/artist\/adjani-poirier\/","url":"https:\/\/m-a-i.qc.ca\/en\/artist\/adjani-poirier\/","name":"Adjani Poirier &mdash; MAI | Montr\u00e9al, arts interculturels","isPartOf":{"@id":"https:\/\/www.m-a-i.qc.ca\/en\/#website"},"datePublished":"2024-02-22T18:24:28+00:00","dateModified":"2025-02-24T18:32:20+00:00","breadcrumb":{"@id":"https:\/\/m-a-i.qc.ca\/en\/artist\/adjani-poirier\/#breadcrumb"},"inLanguage":"en-US","potentialAction":[{"@type":"ReadAction","target":["https:\/\/m-a-i.qc.ca\/en\/artist\/adjani-poirier\/"]}]},{"@type":"BreadcrumbList","@id":"https:\/\/m-a-i.qc.ca\/en\/artist\/adjani-poirier\/#breadcrumb","itemListElement":[{"@type":"ListItem","position":1,"name":"Accueil","item":"https:\/\/m-a-i.qc.ca\/en\/"},{"@type":"ListItem","position":2,"name":"adjani poirier"}]},{"@type":"WebSite","@id":"https:\/\/www.m-a-i.qc.ca\/en\/#website","url":"https:\/\/www.m-a-i.qc.ca\/en\/","name":"MAI | Montr\u00e9al, arts interculturels","description":"La perle des arts interculturels au c\u0153ur de Montr\u00e9al. Arts visuels, th\u00e9\u00e2tre, danse, musique et arts interdisciplinaires. + de 40 \u00e9v\u00e8nements par an","publisher":{"@id":"https:\/\/www.m-a-i.qc.ca\/en\/#organization"},"potentialAction":[{"@type":"SearchAction","target":{"@type":"EntryPoint","urlTemplate":"https:\/\/www.m-a-i.qc.ca\/en\/?s={search_term_string}"},"query-input":"required name=search_term_string"}],"inLanguage":"en-US"},{"@type":"Organization","@id":"https:\/\/www.m-a-i.qc.ca\/en\/#organization","name":"MAI (Montr\u00e9al, arts interculturels)","url":"https:\/\/www.m-a-i.qc.ca\/en\/","logo":{"@type":"ImageObject","inLanguage":"en-US","@id":"https:\/\/www.m-a-i.qc.ca\/en\/#\/schema\/logo\/image\/","url":"https:\/\/m-a-i.qc.ca\/wp-content\/uploads\/2024\/02\/logo_mai_noir-1.png","contentUrl":"https:\/\/m-a-i.qc.ca\/wp-content\/uploads\/2024\/02\/logo_mai_noir-1.png","width":1152,"height":1152,"caption":"MAI (Montr\u00e9al, arts interculturels)"},"image":{"@id":"https:\/\/www.m-a-i.qc.ca\/en\/#\/schema\/logo\/image\/"},"sameAs":["http:\/\/instagram.com\/mtlartsinter","http:\/\/linkedin.com\/company\/mtlartsinter","https:\/\/fr.wikipedia.org\/wiki\/Montral_arts_interculturels","http:\/\/facebook.com\/mtlartsinter","https:\/\/twitter.com\/mtlartsinter"]}]}},"_links":{"self":[{"href":"https:\/\/m-a-i.qc.ca\/en\/wp-json\/wp\/v2\/artist\/15930","targetHints":{"allow":["GET"]}}],"collection":[{"href":"https:\/\/m-a-i.qc.ca\/en\/wp-json\/wp\/v2\/artist"}],"about":[{"href":"https:\/\/m-a-i.qc.ca\/en\/wp-json\/wp\/v2\/types\/artist"}],"author":[{"embeddable":true,"href":"https:\/\/m-a-i.qc.ca\/en\/wp-json\/wp\/v2\/users\/17"}],"version-history":[{"count":4,"href":"https:\/\/m-a-i.qc.ca\/en\/wp-json\/wp\/v2\/artist\/15930\/revisions"}],"predecessor-version":[{"id":18231,"href":"https:\/\/m-a-i.qc.ca\/en\/wp-json\/wp\/v2\/artist\/15930\/revisions\/18231"}],"wp:featuredmedia":[{"embeddable":true,"href":"https:\/\/m-a-i.qc.ca\/en\/wp-json\/wp\/v2\/media\/15878"}],"wp:attachment":[{"href":"https:\/\/m-a-i.qc.ca\/en\/wp-json\/wp\/v2\/media?parent=15930"}],"wp:term":[{"taxonomy":"role","embeddable":true,"href":"https:\/\/m-a-i.qc.ca\/en\/wp-json\/wp\/v2\/role?post=15930"},{"taxonomy":"cities","embeddable":true,"href":"https:\/\/m-a-i.qc.ca\/en\/wp-json\/wp\/v2\/cities?post=15930"},{"taxonomy":"data_type","embeddable":true,"href":"https:\/\/m-a-i.qc.ca\/en\/wp-json\/wp\/v2\/data_type?post=15930"},{"taxonomy":"joint_mentorship","embeddable":true,"href":"https:\/\/m-a-i.qc.ca\/en\/wp-json\/wp\/v2\/joint_mentorship?post=15930"}],"curies":[{"name":"wp","href":"https:\/\/api.w.org\/{rel}","templated":true}]}}

<p><span style="font-weight: 400;">Adjani Poirier is a multidisciplinary theatre artist who sometimes likes to experiment with sound art and radio. She is interested in creating work that explores the beauty and the ugly of the human experience, and is drawn to stories that reveal the complexity of navigating a world where systemic inequalities oppress yet love and connection still seep through the cracks, strong and fierce, giving us life. Their writing uses magical realism to explore ideas of home, queer desire and how the subconscious influences our relationship to each other and our physical surroundings. </span></p>
<p><span style="font-weight: 400;">Recent plays include </span><i><span style="font-weight: 400;">Sinkhole (or six ways to disappear),</span></i><span style="font-weight: 400;"> the second-place winner of the Playwrights Guild of Canada Tom Hendry Emerging Playwright Award; </span><i><span style="font-weight: 400;">Scorpio Moon,</span></i><span style="font-weight: 400;"> which was featured in Centaur Theatre’s 2022 Queer Reading Series; and </span><i><span style="font-weight: 400;">Celebrity Dogs</span></i><span style="font-weight: 400;">, part of Boca del Lupo’s national project Plays2Perform@Home. </span></p>
<p><span style="font-weight: 400;">With the support of MAI’s alliance program, Adjani will be developing their new play </span><i><span style="font-weight: 400;">One Spectacular Moment. </span></i><span style="font-weight: 400;">Historical fiction meets magical realism in</span> <span style="font-weight: 400;">this piece that</span> <span style="font-weight: 400;">explores the connections between the historic Black community of Africville, urban renewal, Black feminism, the current housing crisis in Canadian cities and QTBIPOC activist movements of the 2010-20’s.</span></p>
<p><span style="font-weight: 400;">Adjani is a graduate of the National Theatre School of Canada where she studied playwriting and has a BFA from Concordia University in Theatre and Development. They currently live and create in their hometown of Tiohtiá:ke/Montreal.</span></p>
<p>Photo credit: Alex Tran</p>

<!-- This site is optimized with the Yoast SEO plugin v19.13 - https://yoast.com/wordpress/plugins/seo/ -->
<title>Adjani Poirier &mdash; MAI | Montréal, arts interculturels</title>
<meta name="robots" content="index, follow, max-snippet:-1, max-image-preview:large, max-video-preview:-1" />
<link rel="canonical" href="https://m-a-i.qc.ca/en/artist/adjani-poirier/" />
<meta property="og:locale" content="en_US" />
<meta property="og:type" content="article" />
<meta property="og:title" content="Adjani Poirier &mdash; MAI | Montréal, arts interculturels" />
<meta property="og:description" content="Adjani Poirier is a multidisciplinary theatre artist who sometimes likes to experiment with sound art and radio. She is interested in creating work that [&hellip;]" />
<meta property="og:url" content="https://m-a-i.qc.ca/en/artist/adjani-poirier/" />
<meta property="og:site_name" content="MAI | Montréal, arts interculturels" />
<meta property="article:publisher" content="http://facebook.com/mtlartsinter" />
<meta property="article:modified_time" content="2025-02-24T18:32:20+00:00" />
<meta property="og:image" content="https://m-a-i.qc.ca/wp-content/uploads/2024/02/Adjani-headshot-scaled.jpg" />
	<meta property="og:image:width" content="2560" />
	<meta property="og:image:height" content="1703" />
	<meta property="og:image:type" content="image/jpeg" />
<meta name="twitter:card" content="summary_large_image" />
<meta name="twitter:site" content="@mtlartsinter" />
<meta name="twitter:label1" content="Est. reading time" />
	<meta name="twitter:data1" content="2 minutes" />
<script type="application/ld+json" class="yoast-schema-graph">{"@context":"https://schema.org","@graph":[{"@type":"WebPage","@id":"https://m-a-i.qc.ca/en/artist/adjani-poirier/","url":"https://m-a-i.qc.ca/en/artist/adjani-poirier/","name":"Adjani Poirier &mdash; MAI | Montréal, arts interculturels","isPartOf":{"@id":"https://www.m-a-i.qc.ca/en/#website"},"datePublished":"2024-02-22T18:24:28+00:00","dateModified":"2025-02-24T18:32:20+00:00","breadcrumb":{"@id":"https://m-a-i.qc.ca/en/artist/adjani-poirier/#breadcrumb"},"inLanguage":"en-US","potentialAction":[{"@type":"ReadAction","target":["https://m-a-i.qc.ca/en/artist/adjani-poirier/"]}]},{"@type":"BreadcrumbList","@id":"https://m-a-i.qc.ca/en/artist/adjani-poirier/#breadcrumb","itemListElement":[{"@type":"ListItem","position":1,"name":"Accueil","item":"https://m-a-i.qc.ca/en/"},{"@type":"ListItem","position":2,"name":"adjani poirier"}]},{"@type":"WebSite","@id":"https://www.m-a-i.qc.ca/en/#website","url":"https://www.m-a-i.qc.ca/en/","name":"MAI | Montréal, arts interculturels","description":"La perle des arts interculturels au cœur de Montréal. Arts visuels, théâtre, danse, musique et arts interdisciplinaires. + de 40 évènements par an","publisher":{"@id":"https://www.m-a-i.qc.ca/en/#organization"},"potentialAction":[{"@type":"SearchAction","target":{"@type":"EntryPoint","urlTemplate":"https://www.m-a-i.qc.ca/en/?s={search_term_string}"},"query-input":"required name=search_term_string"}],"inLanguage":"en-US"},{"@type":"Organization","@id":"https://www.m-a-i.qc.ca/en/#organization","name":"MAI (Montréal, arts interculturels)","url":"https://www.m-a-i.qc.ca/en/","logo":{"@type":"ImageObject","inLanguage":"en-US","@id":"https://www.m-a-i.qc.ca/en/#/schema/logo/image/","url":"https://m-a-i.qc.ca/wp-content/uploads/2024/02/logo_mai_noir-1.png","contentUrl":"https://m-a-i.qc.ca/wp-content/uploads/2024/02/logo_mai_noir-1.png","width":1152,"height":1152,"caption":"MAI (Montréal, arts interculturels)"},"image":{"@id":"https://www.m-a-i.qc.ca/en/#/schema/logo/image/"},"sameAs":["http://instagram.com/mtlartsinter","http://linkedin.com/company/mtlartsinter","https://fr.wikipedia.org/wiki/Montral_arts_interculturels","http://facebook.com/mtlartsinter","https://twitter.com/mtlartsinter"]}]}</script>
<!-- / Yoast SEO plugin. -->

Adjani Poirier &mdash; MAI | Montréal, arts interculturels

MAI | Montréal, arts interculturels

La perle des arts interculturels au cœur de Montréal. Arts visuels, théâtre, danse, musique et arts interdisciplinaires. + de 40 évènements par an

MAI (Montréal, arts interculturels)
