{"id":15907,"date":"2024-02-22T12:45:18","date_gmt":"2024-02-22T17:45:18","guid":{"rendered":"https:\/\/m-a-i.qc.ca\/?post_type=artist&#038;p=15907"},"modified":"2025-02-24T12:58:15","modified_gmt":"2025-02-24T17:58:15","slug":"melinda-yeoh","status":"publish","type":"artist","link":"https:\/\/m-a-i.qc.ca\/en\/artist\/melinda-yeoh\/","title":{"rendered":"melinda yeoh"},"content":{"rendered":"<p style=\"text-align: center;\">Melinda is the recipient of the 100LUX+MAI Joint Support Fellowship 2023-2024.\u00a0<span style=\"font-weight: 400;\">Melinda will take part of the annual 2023-2024 <\/span><a href=\"https:\/\/tangentedanse.ca\/evenement\/les-soirees-100lux-2024\/\"><span style=\"font-weight: 400;\">Les Soir\u00e9es 100Lux<\/span><\/a><span style=\"font-weight: 400;\"> programming.<\/span><\/p>\n<p><span style=\"font-weight: 400;\">Born in Singapore, and growing up in the prairies of Calgary, Alberta, Melinda \u201cMelofunk\u201d Yeoh has trained in Locking for 12 years. A member of the LockUnity collective and Ingenious Lockers crew, she fell in love with Locking when she went to the Elite Locking Camp in Las Vegas in 2011. There, she had the opportunity to learn from pioneers and first-generation Lockers such as Scoo B Doo, Damita Jo, and Fluky Luke who were present in the scene when it was created in the late 60s\/ early 70s. From then on, she returned to Calgary and tried to grow the local Locking scene little by little through performances, classes, and sessions. In 2014, she moved to Montreal to train with LockUnity and grow as a Locker, and since then, she\u2019s competed in various Locking jams locally and internationally such as Bust A Move, Under Pressure, Unlock The Funk, Vancouver Street Dance Festival, Lock City, and KOD. In addition to competing, she taught Locking classes in Montreal, and choreographed and performed in Locking performances in jams and on stages like 100Lux Festival and Breakin\u2019 Convention.<\/span><\/p>\n<p><span style=\"font-weight: 400;\">Melinda seeks to consistently develop and find ways to grow her Locking expression and artistry by training in other dance styles such as Tap Dance and Lindy Hop while at the same time continuing to train with the LockUnity collective.<\/span><\/p>\n<p><i><span style=\"font-weight: 400;\">Tangente thanks the Caisse Desjardins de la Culture and the SAQ, two great heroines who faithfully contribute to the success of Tangente\u2019s activities.<\/span><\/i><\/p>\n<p>Photo credit: Melika Delz<\/p>\n","protected":false},"author":17,"featured_media":15895,"template":"","meta":{"footnotes":""},"role":[],"cities":[137],"data_type":[141],"joint_mentorship":[396],"class_list":["post-15907","artist","type-artist","status-publish","has-post-thumbnail","hentry","artists-23-24","program-alliance-en","discipline-dance","cities-montreal-en","data_type-artist","joint_mentorship-100-lux-en"],"acf":[],"yoast_head":"<!-- This site is optimized with the Yoast SEO plugin v19.13 - https:\/\/yoast.com\/wordpress\/plugins\/seo\/ -->\n<title>Melinda Yeoh &mdash; MAI | Montr\u00e9al, arts interculturels<\/title>\n<meta name=\"robots\" content=\"index, follow, max-snippet:-1, max-image-preview:large, max-video-preview:-1\" \/>\n<link rel=\"canonical\" href=\"https:\/\/m-a-i.qc.ca\/en\/artist\/melinda-yeoh\/\" \/>\n<meta property=\"og:locale\" content=\"en_US\" \/>\n<meta property=\"og:type\" content=\"article\" \/>\n<meta property=\"og:title\" content=\"Melinda Yeoh &mdash; MAI | Montr\u00e9al, arts interculturels\" \/>\n<meta property=\"og:description\" content=\"Melinda is the recipient of the 100LUX+MAI Joint Support Fellowship 2023-2024.\u00a0Melinda will take part of the annual 2023-2024 Les Soir\u00e9es 100Lux programming. Born in [&hellip;]\" \/>\n<meta property=\"og:url\" content=\"https:\/\/m-a-i.qc.ca\/en\/artist\/melinda-yeoh\/\" \/>\n<meta property=\"og:site_name\" content=\"MAI | Montr\u00e9al, arts interculturels\" \/>\n<meta property=\"article:publisher\" content=\"http:\/\/facebook.com\/mtlartsinter\" \/>\n<meta property=\"article:modified_time\" content=\"2025-02-24T17:58:15+00:00\" \/>\n<meta property=\"og:image\" content=\"https:\/\/m-a-i.qc.ca\/wp-content\/uploads\/2024\/02\/melinda-yeoh-credit-Melika-Dez-scaled.jpg\" \/>\n\t<meta property=\"og:image:width\" content=\"1707\" \/>\n\t<meta property=\"og:image:height\" content=\"2560\" \/>\n\t<meta property=\"og:image:type\" content=\"image\/jpeg\" \/>\n<meta name=\"twitter:card\" content=\"summary_large_image\" \/>\n<meta name=\"twitter:site\" content=\"@mtlartsinter\" \/>\n<meta name=\"twitter:label1\" content=\"Est. reading time\" \/>\n\t<meta name=\"twitter:data1\" content=\"1 minute\" \/>\n<script type=\"application\/ld+json\" class=\"yoast-schema-graph\">{\"@context\":\"https:\/\/schema.org\",\"@graph\":[{\"@type\":\"WebPage\",\"@id\":\"https:\/\/m-a-i.qc.ca\/en\/artist\/melinda-yeoh\/\",\"url\":\"https:\/\/m-a-i.qc.ca\/en\/artist\/melinda-yeoh\/\",\"name\":\"Melinda Yeoh &mdash; MAI | Montr\u00e9al, arts interculturels\",\"isPartOf\":{\"@id\":\"https:\/\/www.m-a-i.qc.ca\/en\/#website\"},\"datePublished\":\"2024-02-22T17:45:18+00:00\",\"dateModified\":\"2025-02-24T17:58:15+00:00\",\"breadcrumb\":{\"@id\":\"https:\/\/m-a-i.qc.ca\/en\/artist\/melinda-yeoh\/#breadcrumb\"},\"inLanguage\":\"en-US\",\"potentialAction\":[{\"@type\":\"ReadAction\",\"target\":[\"https:\/\/m-a-i.qc.ca\/en\/artist\/melinda-yeoh\/\"]}]},{\"@type\":\"BreadcrumbList\",\"@id\":\"https:\/\/m-a-i.qc.ca\/en\/artist\/melinda-yeoh\/#breadcrumb\",\"itemListElement\":[{\"@type\":\"ListItem\",\"position\":1,\"name\":\"Accueil\",\"item\":\"https:\/\/m-a-i.qc.ca\/en\/\"},{\"@type\":\"ListItem\",\"position\":2,\"name\":\"melinda yeoh\"}]},{\"@type\":\"WebSite\",\"@id\":\"https:\/\/www.m-a-i.qc.ca\/en\/#website\",\"url\":\"https:\/\/www.m-a-i.qc.ca\/en\/\",\"name\":\"MAI | Montr\u00e9al, arts interculturels\",\"description\":\"La perle des arts interculturels au c\u0153ur de Montr\u00e9al. Arts visuels, th\u00e9\u00e2tre, danse, musique et arts interdisciplinaires. + de 40 \u00e9v\u00e8nements par an\",\"publisher\":{\"@id\":\"https:\/\/www.m-a-i.qc.ca\/en\/#organization\"},\"potentialAction\":[{\"@type\":\"SearchAction\",\"target\":{\"@type\":\"EntryPoint\",\"urlTemplate\":\"https:\/\/www.m-a-i.qc.ca\/en\/?s={search_term_string}\"},\"query-input\":\"required name=search_term_string\"}],\"inLanguage\":\"en-US\"},{\"@type\":\"Organization\",\"@id\":\"https:\/\/www.m-a-i.qc.ca\/en\/#organization\",\"name\":\"MAI (Montr\u00e9al, arts interculturels)\",\"url\":\"https:\/\/www.m-a-i.qc.ca\/en\/\",\"logo\":{\"@type\":\"ImageObject\",\"inLanguage\":\"en-US\",\"@id\":\"https:\/\/www.m-a-i.qc.ca\/en\/#\/schema\/logo\/image\/\",\"url\":\"https:\/\/m-a-i.qc.ca\/wp-content\/uploads\/2024\/02\/logo_mai_noir-1.png\",\"contentUrl\":\"https:\/\/m-a-i.qc.ca\/wp-content\/uploads\/2024\/02\/logo_mai_noir-1.png\",\"width\":1152,\"height\":1152,\"caption\":\"MAI (Montr\u00e9al, arts interculturels)\"},\"image\":{\"@id\":\"https:\/\/www.m-a-i.qc.ca\/en\/#\/schema\/logo\/image\/\"},\"sameAs\":[\"http:\/\/instagram.com\/mtlartsinter\",\"http:\/\/linkedin.com\/company\/mtlartsinter\",\"https:\/\/fr.wikipedia.org\/wiki\/Montral_arts_interculturels\",\"http:\/\/facebook.com\/mtlartsinter\",\"https:\/\/twitter.com\/mtlartsinter\"]}]}<\/script>\n<!-- \/ Yoast SEO plugin. -->","yoast_head_json":{"title":"Melinda Yeoh &mdash; MAI | Montr\u00e9al, arts interculturels","robots":{"index":"index","follow":"follow","max-snippet":"max-snippet:-1","max-image-preview":"max-image-preview:large","max-video-preview":"max-video-preview:-1"},"canonical":"https:\/\/m-a-i.qc.ca\/en\/artist\/melinda-yeoh\/","og_locale":"en_US","og_type":"article","og_title":"Melinda Yeoh &mdash; MAI | Montr\u00e9al, arts interculturels","og_description":"Melinda is the recipient of the 100LUX+MAI Joint Support Fellowship 2023-2024.\u00a0Melinda will take part of the annual 2023-2024 Les Soir\u00e9es 100Lux programming. Born in [&hellip;]","og_url":"https:\/\/m-a-i.qc.ca\/en\/artist\/melinda-yeoh\/","og_site_name":"MAI | Montr\u00e9al, arts interculturels","article_publisher":"http:\/\/facebook.com\/mtlartsinter","article_modified_time":"2025-02-24T17:58:15+00:00","og_image":[{"width":1707,"height":2560,"url":"https:\/\/m-a-i.qc.ca\/wp-content\/uploads\/2024\/02\/melinda-yeoh-credit-Melika-Dez-scaled.jpg","type":"image\/jpeg"}],"twitter_card":"summary_large_image","twitter_site":"@mtlartsinter","twitter_misc":{"Est. reading time":"1 minute"},"schema":{"@context":"https:\/\/schema.org","@graph":[{"@type":"WebPage","@id":"https:\/\/m-a-i.qc.ca\/en\/artist\/melinda-yeoh\/","url":"https:\/\/m-a-i.qc.ca\/en\/artist\/melinda-yeoh\/","name":"Melinda Yeoh &mdash; MAI | Montr\u00e9al, arts interculturels","isPartOf":{"@id":"https:\/\/www.m-a-i.qc.ca\/en\/#website"},"datePublished":"2024-02-22T17:45:18+00:00","dateModified":"2025-02-24T17:58:15+00:00","breadcrumb":{"@id":"https:\/\/m-a-i.qc.ca\/en\/artist\/melinda-yeoh\/#breadcrumb"},"inLanguage":"en-US","potentialAction":[{"@type":"ReadAction","target":["https:\/\/m-a-i.qc.ca\/en\/artist\/melinda-yeoh\/"]}]},{"@type":"BreadcrumbList","@id":"https:\/\/m-a-i.qc.ca\/en\/artist\/melinda-yeoh\/#breadcrumb","itemListElement":[{"@type":"ListItem","position":1,"name":"Accueil","item":"https:\/\/m-a-i.qc.ca\/en\/"},{"@type":"ListItem","position":2,"name":"melinda yeoh"}]},{"@type":"WebSite","@id":"https:\/\/www.m-a-i.qc.ca\/en\/#website","url":"https:\/\/www.m-a-i.qc.ca\/en\/","name":"MAI | Montr\u00e9al, arts interculturels","description":"La perle des arts interculturels au c\u0153ur de Montr\u00e9al. Arts visuels, th\u00e9\u00e2tre, danse, musique et arts interdisciplinaires. + de 40 \u00e9v\u00e8nements par an","publisher":{"@id":"https:\/\/www.m-a-i.qc.ca\/en\/#organization"},"potentialAction":[{"@type":"SearchAction","target":{"@type":"EntryPoint","urlTemplate":"https:\/\/www.m-a-i.qc.ca\/en\/?s={search_term_string}"},"query-input":"required name=search_term_string"}],"inLanguage":"en-US"},{"@type":"Organization","@id":"https:\/\/www.m-a-i.qc.ca\/en\/#organization","name":"MAI (Montr\u00e9al, arts interculturels)","url":"https:\/\/www.m-a-i.qc.ca\/en\/","logo":{"@type":"ImageObject","inLanguage":"en-US","@id":"https:\/\/www.m-a-i.qc.ca\/en\/#\/schema\/logo\/image\/","url":"https:\/\/m-a-i.qc.ca\/wp-content\/uploads\/2024\/02\/logo_mai_noir-1.png","contentUrl":"https:\/\/m-a-i.qc.ca\/wp-content\/uploads\/2024\/02\/logo_mai_noir-1.png","width":1152,"height":1152,"caption":"MAI (Montr\u00e9al, arts interculturels)"},"image":{"@id":"https:\/\/www.m-a-i.qc.ca\/en\/#\/schema\/logo\/image\/"},"sameAs":["http:\/\/instagram.com\/mtlartsinter","http:\/\/linkedin.com\/company\/mtlartsinter","https:\/\/fr.wikipedia.org\/wiki\/Montral_arts_interculturels","http:\/\/facebook.com\/mtlartsinter","https:\/\/twitter.com\/mtlartsinter"]}]}},"_links":{"self":[{"href":"https:\/\/m-a-i.qc.ca\/en\/wp-json\/wp\/v2\/artist\/15907","targetHints":{"allow":["GET"]}}],"collection":[{"href":"https:\/\/m-a-i.qc.ca\/en\/wp-json\/wp\/v2\/artist"}],"about":[{"href":"https:\/\/m-a-i.qc.ca\/en\/wp-json\/wp\/v2\/types\/artist"}],"author":[{"embeddable":true,"href":"https:\/\/m-a-i.qc.ca\/en\/wp-json\/wp\/v2\/users\/17"}],"version-history":[{"count":4,"href":"https:\/\/m-a-i.qc.ca\/en\/wp-json\/wp\/v2\/artist\/15907\/revisions"}],"predecessor-version":[{"id":18217,"href":"https:\/\/m-a-i.qc.ca\/en\/wp-json\/wp\/v2\/artist\/15907\/revisions\/18217"}],"wp:featuredmedia":[{"embeddable":true,"href":"https:\/\/m-a-i.qc.ca\/en\/wp-json\/wp\/v2\/media\/15895"}],"wp:attachment":[{"href":"https:\/\/m-a-i.qc.ca\/en\/wp-json\/wp\/v2\/media?parent=15907"}],"wp:term":[{"taxonomy":"role","embeddable":true,"href":"https:\/\/m-a-i.qc.ca\/en\/wp-json\/wp\/v2\/role?post=15907"},{"taxonomy":"cities","embeddable":true,"href":"https:\/\/m-a-i.qc.ca\/en\/wp-json\/wp\/v2\/cities?post=15907"},{"taxonomy":"data_type","embeddable":true,"href":"https:\/\/m-a-i.qc.ca\/en\/wp-json\/wp\/v2\/data_type?post=15907"},{"taxonomy":"joint_mentorship","embeddable":true,"href":"https:\/\/m-a-i.qc.ca\/en\/wp-json\/wp\/v2\/joint_mentorship?post=15907"}],"curies":[{"name":"wp","href":"https:\/\/api.w.org\/{rel}","templated":true}]}}

<p style="text-align: center;">Melinda is the recipient of the 100LUX+MAI Joint Support Fellowship 2023-2024. <span style="font-weight: 400;">Melinda will take part of the annual 2023-2024 </span><a href="https://tangentedanse.ca/evenement/les-soirees-100lux-2024/"><span style="font-weight: 400;">Les Soirées 100Lux</span></a><span style="font-weight: 400;"> programming.</span></p>
<p><span style="font-weight: 400;">Born in Singapore, and growing up in the prairies of Calgary, Alberta, Melinda “Melofunk” Yeoh has trained in Locking for 12 years. A member of the LockUnity collective and Ingenious Lockers crew, she fell in love with Locking when she went to the Elite Locking Camp in Las Vegas in 2011. There, she had the opportunity to learn from pioneers and first-generation Lockers such as Scoo B Doo, Damita Jo, and Fluky Luke who were present in the scene when it was created in the late 60s/ early 70s. From then on, she returned to Calgary and tried to grow the local Locking scene little by little through performances, classes, and sessions. In 2014, she moved to Montreal to train with LockUnity and grow as a Locker, and since then, she’s competed in various Locking jams locally and internationally such as Bust A Move, Under Pressure, Unlock The Funk, Vancouver Street Dance Festival, Lock City, and KOD. In addition to competing, she taught Locking classes in Montreal, and choreographed and performed in Locking performances in jams and on stages like 100Lux Festival and Breakin’ Convention.</span></p>
<p><span style="font-weight: 400;">Melinda seeks to consistently develop and find ways to grow her Locking expression and artistry by training in other dance styles such as Tap Dance and Lindy Hop while at the same time continuing to train with the LockUnity collective.</span></p>
<p><i><span style="font-weight: 400;">Tangente thanks the Caisse Desjardins de la Culture and the SAQ, two great heroines who faithfully contribute to the success of Tangente’s activities.</span></i></p>
<p>Photo credit: Melika Delz</p>

<!-- This site is optimized with the Yoast SEO plugin v19.13 - https://yoast.com/wordpress/plugins/seo/ -->
<title>Melinda Yeoh &mdash; MAI | Montréal, arts interculturels</title>
<meta name="robots" content="index, follow, max-snippet:-1, max-image-preview:large, max-video-preview:-1" />
<link rel="canonical" href="https://m-a-i.qc.ca/en/artist/melinda-yeoh/" />
<meta property="og:locale" content="en_US" />
<meta property="og:type" content="article" />
<meta property="og:title" content="Melinda Yeoh &mdash; MAI | Montréal, arts interculturels" />
<meta property="og:description" content="Melinda is the recipient of the 100LUX+MAI Joint Support Fellowship 2023-2024. Melinda will take part of the annual 2023-2024 Les Soirées 100Lux programming. Born in [&hellip;]" />
<meta property="og:url" content="https://m-a-i.qc.ca/en/artist/melinda-yeoh/" />
<meta property="og:site_name" content="MAI | Montréal, arts interculturels" />
<meta property="article:publisher" content="http://facebook.com/mtlartsinter" />
<meta property="article:modified_time" content="2025-02-24T17:58:15+00:00" />
<meta property="og:image" content="https://m-a-i.qc.ca/wp-content/uploads/2024/02/melinda-yeoh-credit-Melika-Dez-scaled.jpg" />
	<meta property="og:image:width" content="1707" />
	<meta property="og:image:height" content="2560" />
	<meta property="og:image:type" content="image/jpeg" />
<meta name="twitter:card" content="summary_large_image" />
<meta name="twitter:site" content="@mtlartsinter" />
<meta name="twitter:label1" content="Est. reading time" />
	<meta name="twitter:data1" content="1 minute" />
<script type="application/ld+json" class="yoast-schema-graph">{"@context":"https://schema.org","@graph":[{"@type":"WebPage","@id":"https://m-a-i.qc.ca/en/artist/melinda-yeoh/","url":"https://m-a-i.qc.ca/en/artist/melinda-yeoh/","name":"Melinda Yeoh &mdash; MAI | Montréal, arts interculturels","isPartOf":{"@id":"https://www.m-a-i.qc.ca/en/#website"},"datePublished":"2024-02-22T17:45:18+00:00","dateModified":"2025-02-24T17:58:15+00:00","breadcrumb":{"@id":"https://m-a-i.qc.ca/en/artist/melinda-yeoh/#breadcrumb"},"inLanguage":"en-US","potentialAction":[{"@type":"ReadAction","target":["https://m-a-i.qc.ca/en/artist/melinda-yeoh/"]}]},{"@type":"BreadcrumbList","@id":"https://m-a-i.qc.ca/en/artist/melinda-yeoh/#breadcrumb","itemListElement":[{"@type":"ListItem","position":1,"name":"Accueil","item":"https://m-a-i.qc.ca/en/"},{"@type":"ListItem","position":2,"name":"melinda yeoh"}]},{"@type":"WebSite","@id":"https://www.m-a-i.qc.ca/en/#website","url":"https://www.m-a-i.qc.ca/en/","name":"MAI | Montréal, arts interculturels","description":"La perle des arts interculturels au cœur de Montréal. Arts visuels, théâtre, danse, musique et arts interdisciplinaires. + de 40 évènements par an","publisher":{"@id":"https://www.m-a-i.qc.ca/en/#organization"},"potentialAction":[{"@type":"SearchAction","target":{"@type":"EntryPoint","urlTemplate":"https://www.m-a-i.qc.ca/en/?s={search_term_string}"},"query-input":"required name=search_term_string"}],"inLanguage":"en-US"},{"@type":"Organization","@id":"https://www.m-a-i.qc.ca/en/#organization","name":"MAI (Montréal, arts interculturels)","url":"https://www.m-a-i.qc.ca/en/","logo":{"@type":"ImageObject","inLanguage":"en-US","@id":"https://www.m-a-i.qc.ca/en/#/schema/logo/image/","url":"https://m-a-i.qc.ca/wp-content/uploads/2024/02/logo_mai_noir-1.png","contentUrl":"https://m-a-i.qc.ca/wp-content/uploads/2024/02/logo_mai_noir-1.png","width":1152,"height":1152,"caption":"MAI (Montréal, arts interculturels)"},"image":{"@id":"https://www.m-a-i.qc.ca/en/#/schema/logo/image/"},"sameAs":["http://instagram.com/mtlartsinter","http://linkedin.com/company/mtlartsinter","https://fr.wikipedia.org/wiki/Montral_arts_interculturels","http://facebook.com/mtlartsinter","https://twitter.com/mtlartsinter"]}]}</script>
<!-- / Yoast SEO plugin. -->

Melinda Yeoh &mdash; MAI | Montréal, arts interculturels

Melinda is the recipient of the 100LUX+MAI Joint Support Fellowship 2023-2024. Melinda will take part of the annual 2023-2024 Les Soirées 100Lux programming. Born in [&hellip;]

MAI | Montréal, arts interculturels

La perle des arts interculturels au cœur de Montréal. Arts visuels, théâtre, danse, musique et arts interdisciplinaires. + de 40 évènements par an

MAI (Montréal, arts interculturels)
