{"id":11464,"date":"2021-12-14T15:26:11","date_gmt":"2021-12-14T20:26:11","guid":{"rendered":"https:\/\/m-a-i.qc.ca\/?post_type=artist&#038;p=11464"},"modified":"2022-12-09T15:05:03","modified_gmt":"2022-12-09T20:05:03","slug":"sophia-wright","status":"publish","type":"artist","link":"https:\/\/m-a-i.qc.ca\/en\/artist\/sophia-wright\/","title":{"rendered":"sophia wright"},"content":{"rendered":"<p><span style=\"font-weight: 400;\"><strong>Sophia Wright<\/strong> (she\/her) is a dancer, choreographer, and creator based in Tio\u2019tia:ke \/ Montreal and currently works in a collective with dance and theatre artist, <a href=\"https:\/\/m-a-i.qc.ca\/en\/artist\/alida-esmail\/\">Alida Esmail<\/a>. Sophia\u2019s artistic practice is fuelled by the desire to bring diverse practices and communities together. Originally hailing from Calgary, Sophia obtained her Bachelor of Fine Arts in Contemporary Dance from Concordia University and continued her studies in Cultural Mediation at the Sorbonne Nouvelle University in Paris, France. In Paris, Sophia became an active member of the collective La Main, a multi-disciplinary collective of artisans, artists, and technicians. It was also in Paris that she first engaged with the Deaf community through the arts, an intercultural and multilingual collaboration that she continues to this day. Parallel to her dance career, Sophia is developing her skills in metalwork with the goal of bringing elements of sculpture and set design into future projects.<\/span><\/p>\n<p><span style=\"font-size: 10pt;\"><em><span style=\"font-weight: 400;\">Photo credit: Alexandre Quillet\u00a0<\/span><\/em><\/span><\/p>\n","protected":false},"author":4,"featured_media":11462,"template":"","meta":{"footnotes":""},"role":[155],"cities":[137],"data_type":[141],"joint_mentorship":[],"class_list":["post-11464","artist","type-artist","status-publish","has-post-thumbnail","hentry","artists-21-22","program-alliance-en","discipline-dance","discipline-interdisciplinary-arts","discipline-theatre-fr-en","discipline-theatre","role-artist","cities-montreal-en","data_type-artist"],"acf":[],"yoast_head":"<!-- This site is optimized with the Yoast SEO plugin v19.13 - https:\/\/yoast.com\/wordpress\/plugins\/seo\/ -->\n<title>Sophia Wright &mdash; MAI | Montr\u00e9al, arts interculturels<\/title>\n<meta name=\"robots\" content=\"index, follow, max-snippet:-1, max-image-preview:large, max-video-preview:-1\" \/>\n<link rel=\"canonical\" href=\"https:\/\/m-a-i.qc.ca\/en\/artist\/sophia-wright\/\" \/>\n<meta property=\"og:locale\" content=\"en_US\" \/>\n<meta property=\"og:type\" content=\"article\" \/>\n<meta property=\"og:title\" content=\"Sophia Wright &mdash; MAI | Montr\u00e9al, arts interculturels\" \/>\n<meta property=\"og:description\" content=\"Sophia Wright (she\/her) is a dancer, choreographer, and creator based in Tio\u2019tia:ke \/ Montreal and currently works in a collective with dance and theatre [&hellip;]\" \/>\n<meta property=\"og:url\" content=\"https:\/\/m-a-i.qc.ca\/en\/artist\/sophia-wright\/\" \/>\n<meta property=\"og:site_name\" content=\"MAI | Montr\u00e9al, arts interculturels\" \/>\n<meta property=\"article:publisher\" content=\"http:\/\/facebook.com\/mtlartsinter\" \/>\n<meta property=\"article:modified_time\" content=\"2022-12-09T20:05:03+00:00\" \/>\n<meta property=\"og:image\" content=\"https:\/\/m-a-i.qc.ca\/wp-content\/uploads\/2021\/12\/SophiaWright_photoAlexandreQuillet-scaled.jpg\" \/>\n\t<meta property=\"og:image:width\" content=\"2560\" \/>\n\t<meta property=\"og:image:height\" content=\"2560\" \/>\n\t<meta property=\"og:image:type\" content=\"image\/jpeg\" \/>\n<meta name=\"twitter:card\" content=\"summary_large_image\" \/>\n<meta name=\"twitter:site\" content=\"@mtlartsinter\" \/>\n<meta name=\"twitter:label1\" content=\"Est. reading time\" \/>\n\t<meta name=\"twitter:data1\" content=\"1 minute\" \/>\n<script type=\"application\/ld+json\" class=\"yoast-schema-graph\">{\"@context\":\"https:\/\/schema.org\",\"@graph\":[{\"@type\":\"WebPage\",\"@id\":\"https:\/\/m-a-i.qc.ca\/en\/artist\/sophia-wright\/\",\"url\":\"https:\/\/m-a-i.qc.ca\/en\/artist\/sophia-wright\/\",\"name\":\"Sophia Wright &mdash; MAI | Montr\u00e9al, arts interculturels\",\"isPartOf\":{\"@id\":\"https:\/\/www.m-a-i.qc.ca\/en\/#website\"},\"datePublished\":\"2021-12-14T20:26:11+00:00\",\"dateModified\":\"2022-12-09T20:05:03+00:00\",\"breadcrumb\":{\"@id\":\"https:\/\/m-a-i.qc.ca\/en\/artist\/sophia-wright\/#breadcrumb\"},\"inLanguage\":\"en-US\",\"potentialAction\":[{\"@type\":\"ReadAction\",\"target\":[\"https:\/\/m-a-i.qc.ca\/en\/artist\/sophia-wright\/\"]}]},{\"@type\":\"BreadcrumbList\",\"@id\":\"https:\/\/m-a-i.qc.ca\/en\/artist\/sophia-wright\/#breadcrumb\",\"itemListElement\":[{\"@type\":\"ListItem\",\"position\":1,\"name\":\"Accueil\",\"item\":\"https:\/\/m-a-i.qc.ca\/en\/\"},{\"@type\":\"ListItem\",\"position\":2,\"name\":\"sophia wright\"}]},{\"@type\":\"WebSite\",\"@id\":\"https:\/\/www.m-a-i.qc.ca\/en\/#website\",\"url\":\"https:\/\/www.m-a-i.qc.ca\/en\/\",\"name\":\"MAI | Montr\u00e9al, arts interculturels\",\"description\":\"La perle des arts interculturels au c\u0153ur de Montr\u00e9al. Arts visuels, th\u00e9\u00e2tre, danse, musique et arts interdisciplinaires. + de 40 \u00e9v\u00e8nements par an\",\"publisher\":{\"@id\":\"https:\/\/www.m-a-i.qc.ca\/en\/#organization\"},\"potentialAction\":[{\"@type\":\"SearchAction\",\"target\":{\"@type\":\"EntryPoint\",\"urlTemplate\":\"https:\/\/www.m-a-i.qc.ca\/en\/?s={search_term_string}\"},\"query-input\":\"required name=search_term_string\"}],\"inLanguage\":\"en-US\"},{\"@type\":\"Organization\",\"@id\":\"https:\/\/www.m-a-i.qc.ca\/en\/#organization\",\"name\":\"MAI (Montr\u00e9al, arts interculturels)\",\"url\":\"https:\/\/www.m-a-i.qc.ca\/en\/\",\"logo\":{\"@type\":\"ImageObject\",\"inLanguage\":\"en-US\",\"@id\":\"https:\/\/www.m-a-i.qc.ca\/en\/#\/schema\/logo\/image\/\",\"url\":\"https:\/\/m-a-i.qc.ca\/wp-content\/uploads\/2024\/02\/logo_mai_noir-1.png\",\"contentUrl\":\"https:\/\/m-a-i.qc.ca\/wp-content\/uploads\/2024\/02\/logo_mai_noir-1.png\",\"width\":1152,\"height\":1152,\"caption\":\"MAI (Montr\u00e9al, arts interculturels)\"},\"image\":{\"@id\":\"https:\/\/www.m-a-i.qc.ca\/en\/#\/schema\/logo\/image\/\"},\"sameAs\":[\"http:\/\/instagram.com\/mtlartsinter\",\"http:\/\/linkedin.com\/company\/mtlartsinter\",\"https:\/\/fr.wikipedia.org\/wiki\/Montral_arts_interculturels\",\"http:\/\/facebook.com\/mtlartsinter\",\"https:\/\/twitter.com\/mtlartsinter\"]}]}<\/script>\n<!-- \/ Yoast SEO plugin. -->","yoast_head_json":{"title":"Sophia Wright &mdash; MAI | Montr\u00e9al, arts interculturels","robots":{"index":"index","follow":"follow","max-snippet":"max-snippet:-1","max-image-preview":"max-image-preview:large","max-video-preview":"max-video-preview:-1"},"canonical":"https:\/\/m-a-i.qc.ca\/en\/artist\/sophia-wright\/","og_locale":"en_US","og_type":"article","og_title":"Sophia Wright &mdash; MAI | Montr\u00e9al, arts interculturels","og_description":"Sophia Wright (she\/her) is a dancer, choreographer, and creator based in Tio\u2019tia:ke \/ Montreal and currently works in a collective with dance and theatre [&hellip;]","og_url":"https:\/\/m-a-i.qc.ca\/en\/artist\/sophia-wright\/","og_site_name":"MAI | Montr\u00e9al, arts interculturels","article_publisher":"http:\/\/facebook.com\/mtlartsinter","article_modified_time":"2022-12-09T20:05:03+00:00","og_image":[{"width":2560,"height":2560,"url":"https:\/\/m-a-i.qc.ca\/wp-content\/uploads\/2021\/12\/SophiaWright_photoAlexandreQuillet-scaled.jpg","type":"image\/jpeg"}],"twitter_card":"summary_large_image","twitter_site":"@mtlartsinter","twitter_misc":{"Est. reading time":"1 minute"},"schema":{"@context":"https:\/\/schema.org","@graph":[{"@type":"WebPage","@id":"https:\/\/m-a-i.qc.ca\/en\/artist\/sophia-wright\/","url":"https:\/\/m-a-i.qc.ca\/en\/artist\/sophia-wright\/","name":"Sophia Wright &mdash; MAI | Montr\u00e9al, arts interculturels","isPartOf":{"@id":"https:\/\/www.m-a-i.qc.ca\/en\/#website"},"datePublished":"2021-12-14T20:26:11+00:00","dateModified":"2022-12-09T20:05:03+00:00","breadcrumb":{"@id":"https:\/\/m-a-i.qc.ca\/en\/artist\/sophia-wright\/#breadcrumb"},"inLanguage":"en-US","potentialAction":[{"@type":"ReadAction","target":["https:\/\/m-a-i.qc.ca\/en\/artist\/sophia-wright\/"]}]},{"@type":"BreadcrumbList","@id":"https:\/\/m-a-i.qc.ca\/en\/artist\/sophia-wright\/#breadcrumb","itemListElement":[{"@type":"ListItem","position":1,"name":"Accueil","item":"https:\/\/m-a-i.qc.ca\/en\/"},{"@type":"ListItem","position":2,"name":"sophia wright"}]},{"@type":"WebSite","@id":"https:\/\/www.m-a-i.qc.ca\/en\/#website","url":"https:\/\/www.m-a-i.qc.ca\/en\/","name":"MAI | Montr\u00e9al, arts interculturels","description":"La perle des arts interculturels au c\u0153ur de Montr\u00e9al. Arts visuels, th\u00e9\u00e2tre, danse, musique et arts interdisciplinaires. + de 40 \u00e9v\u00e8nements par an","publisher":{"@id":"https:\/\/www.m-a-i.qc.ca\/en\/#organization"},"potentialAction":[{"@type":"SearchAction","target":{"@type":"EntryPoint","urlTemplate":"https:\/\/www.m-a-i.qc.ca\/en\/?s={search_term_string}"},"query-input":"required name=search_term_string"}],"inLanguage":"en-US"},{"@type":"Organization","@id":"https:\/\/www.m-a-i.qc.ca\/en\/#organization","name":"MAI (Montr\u00e9al, arts interculturels)","url":"https:\/\/www.m-a-i.qc.ca\/en\/","logo":{"@type":"ImageObject","inLanguage":"en-US","@id":"https:\/\/www.m-a-i.qc.ca\/en\/#\/schema\/logo\/image\/","url":"https:\/\/m-a-i.qc.ca\/wp-content\/uploads\/2024\/02\/logo_mai_noir-1.png","contentUrl":"https:\/\/m-a-i.qc.ca\/wp-content\/uploads\/2024\/02\/logo_mai_noir-1.png","width":1152,"height":1152,"caption":"MAI (Montr\u00e9al, arts interculturels)"},"image":{"@id":"https:\/\/www.m-a-i.qc.ca\/en\/#\/schema\/logo\/image\/"},"sameAs":["http:\/\/instagram.com\/mtlartsinter","http:\/\/linkedin.com\/company\/mtlartsinter","https:\/\/fr.wikipedia.org\/wiki\/Montral_arts_interculturels","http:\/\/facebook.com\/mtlartsinter","https:\/\/twitter.com\/mtlartsinter"]}]}},"_links":{"self":[{"href":"https:\/\/m-a-i.qc.ca\/en\/wp-json\/wp\/v2\/artist\/11464","targetHints":{"allow":["GET"]}}],"collection":[{"href":"https:\/\/m-a-i.qc.ca\/en\/wp-json\/wp\/v2\/artist"}],"about":[{"href":"https:\/\/m-a-i.qc.ca\/en\/wp-json\/wp\/v2\/types\/artist"}],"author":[{"embeddable":true,"href":"https:\/\/m-a-i.qc.ca\/en\/wp-json\/wp\/v2\/users\/4"}],"version-history":[{"count":5,"href":"https:\/\/m-a-i.qc.ca\/en\/wp-json\/wp\/v2\/artist\/11464\/revisions"}],"predecessor-version":[{"id":11512,"href":"https:\/\/m-a-i.qc.ca\/en\/wp-json\/wp\/v2\/artist\/11464\/revisions\/11512"}],"wp:featuredmedia":[{"embeddable":true,"href":"https:\/\/m-a-i.qc.ca\/en\/wp-json\/wp\/v2\/media\/11462"}],"wp:attachment":[{"href":"https:\/\/m-a-i.qc.ca\/en\/wp-json\/wp\/v2\/media?parent=11464"}],"wp:term":[{"taxonomy":"role","embeddable":true,"href":"https:\/\/m-a-i.qc.ca\/en\/wp-json\/wp\/v2\/role?post=11464"},{"taxonomy":"cities","embeddable":true,"href":"https:\/\/m-a-i.qc.ca\/en\/wp-json\/wp\/v2\/cities?post=11464"},{"taxonomy":"data_type","embeddable":true,"href":"https:\/\/m-a-i.qc.ca\/en\/wp-json\/wp\/v2\/data_type?post=11464"},{"taxonomy":"joint_mentorship","embeddable":true,"href":"https:\/\/m-a-i.qc.ca\/en\/wp-json\/wp\/v2\/joint_mentorship?post=11464"}],"curies":[{"name":"wp","href":"https:\/\/api.w.org\/{rel}","templated":true}]}}

<!-- This site is optimized with the Yoast SEO plugin v19.13 - https://yoast.com/wordpress/plugins/seo/ -->
<title>Sophia Wright &mdash; MAI | Montréal, arts interculturels</title>
<meta name="robots" content="index, follow, max-snippet:-1, max-image-preview:large, max-video-preview:-1" />
<link rel="canonical" href="https://m-a-i.qc.ca/en/artist/sophia-wright/" />
<meta property="og:locale" content="en_US" />
<meta property="og:type" content="article" />
<meta property="og:title" content="Sophia Wright &mdash; MAI | Montréal, arts interculturels" />
<meta property="og:description" content="Sophia Wright (she/her) is a dancer, choreographer, and creator based in Tio’tia:ke / Montreal and currently works in a collective with dance and theatre [&hellip;]" />
<meta property="og:url" content="https://m-a-i.qc.ca/en/artist/sophia-wright/" />
<meta property="og:site_name" content="MAI | Montréal, arts interculturels" />
<meta property="article:publisher" content="http://facebook.com/mtlartsinter" />
<meta property="article:modified_time" content="2022-12-09T20:05:03+00:00" />
<meta property="og:image" content="https://m-a-i.qc.ca/wp-content/uploads/2021/12/SophiaWright_photoAlexandreQuillet-scaled.jpg" />
	<meta property="og:image:width" content="2560" />
	<meta property="og:image:height" content="2560" />
	<meta property="og:image:type" content="image/jpeg" />
<meta name="twitter:card" content="summary_large_image" />
<meta name="twitter:site" content="@mtlartsinter" />
<meta name="twitter:label1" content="Est. reading time" />
	<meta name="twitter:data1" content="1 minute" />
<script type="application/ld+json" class="yoast-schema-graph">{"@context":"https://schema.org","@graph":[{"@type":"WebPage","@id":"https://m-a-i.qc.ca/en/artist/sophia-wright/","url":"https://m-a-i.qc.ca/en/artist/sophia-wright/","name":"Sophia Wright &mdash; MAI | Montréal, arts interculturels","isPartOf":{"@id":"https://www.m-a-i.qc.ca/en/#website"},"datePublished":"2021-12-14T20:26:11+00:00","dateModified":"2022-12-09T20:05:03+00:00","breadcrumb":{"@id":"https://m-a-i.qc.ca/en/artist/sophia-wright/#breadcrumb"},"inLanguage":"en-US","potentialAction":[{"@type":"ReadAction","target":["https://m-a-i.qc.ca/en/artist/sophia-wright/"]}]},{"@type":"BreadcrumbList","@id":"https://m-a-i.qc.ca/en/artist/sophia-wright/#breadcrumb","itemListElement":[{"@type":"ListItem","position":1,"name":"Accueil","item":"https://m-a-i.qc.ca/en/"},{"@type":"ListItem","position":2,"name":"sophia wright"}]},{"@type":"WebSite","@id":"https://www.m-a-i.qc.ca/en/#website","url":"https://www.m-a-i.qc.ca/en/","name":"MAI | Montréal, arts interculturels","description":"La perle des arts interculturels au cœur de Montréal. Arts visuels, théâtre, danse, musique et arts interdisciplinaires. + de 40 évènements par an","publisher":{"@id":"https://www.m-a-i.qc.ca/en/#organization"},"potentialAction":[{"@type":"SearchAction","target":{"@type":"EntryPoint","urlTemplate":"https://www.m-a-i.qc.ca/en/?s={search_term_string}"},"query-input":"required name=search_term_string"}],"inLanguage":"en-US"},{"@type":"Organization","@id":"https://www.m-a-i.qc.ca/en/#organization","name":"MAI (Montréal, arts interculturels)","url":"https://www.m-a-i.qc.ca/en/","logo":{"@type":"ImageObject","inLanguage":"en-US","@id":"https://www.m-a-i.qc.ca/en/#/schema/logo/image/","url":"https://m-a-i.qc.ca/wp-content/uploads/2024/02/logo_mai_noir-1.png","contentUrl":"https://m-a-i.qc.ca/wp-content/uploads/2024/02/logo_mai_noir-1.png","width":1152,"height":1152,"caption":"MAI (Montréal, arts interculturels)"},"image":{"@id":"https://www.m-a-i.qc.ca/en/#/schema/logo/image/"},"sameAs":["http://instagram.com/mtlartsinter","http://linkedin.com/company/mtlartsinter","https://fr.wikipedia.org/wiki/Montral_arts_interculturels","http://facebook.com/mtlartsinter","https://twitter.com/mtlartsinter"]}]}</script>
<!-- / Yoast SEO plugin. -->

Sophia Wright &mdash; MAI | Montréal, arts interculturels

MAI | Montréal, arts interculturels

La perle des arts interculturels au cœur de Montréal. Arts visuels, théâtre, danse, musique et arts interdisciplinaires. + de 40 évènements par an

MAI (Montréal, arts interculturels)
